000
CXUS54 KMAF 011210
CF6GDP
PRELIMINARY LOCAL CLIMATOLOGICAL DATA (WS FORM: F-6)
STATION: GUADALUPE PASS
MONTH: FEBRUARY
YEAR: 2020
LATITUDE: 31 49 N
LONGITUDE: 104 48 W
TEMPERATURE IN F: :PCPN: SNOW: WIND :SUNSHINE: SKY :PK WND
================================================================================
1 2 3 4 5 6A 6B 7 8 9 10 11 12 13 14 15 16 17 18
12Z AVG MX 2MIN
DY MAX MIN AVG DEP HDD CDD WTR SNW DPTH SPD SPD DIR MIN PSBL S-S WX SPD DR
================================================================================
1 56 31 44 0 21 0 0.00 0.0 0 22.7 37 250 M M 0 44 250
2 58 36 47 3 18 0 0.00 0.0 0 23.0 36 250 M M 0 41 250
3 61 43 52 8 13 0 T M M 37.0 54 250 M M 1 64 250
4 53 17 35 -9 30 0 0.01 M M 28.5 41 60 M M 6 129 46 70
5 M M M M M M 0.01 M M 20.1 40 60 M M 9 1289 45 50
6 40 18 29 -15 36 0 0.00 0.0 0 25.3 60 260 M M 4 128 69 260
7 56 30 43 -1 22 0 0.00 0.0 0 24.9 52 250 M M 0 60 250
8 62 41 52 8 13 0 0.00 M M 20.5 37 250 M M 0 42 260
9 63 46 55 10 10 0 0.00 M M 30.4 54 260 M M 1 64 270
10 59 33 46 1 19 0 0.02 M M 20.5 43 70 M M 7 12 45 50
11 41 22 32 -13 33 0 0.02 M M 34.6 84 70 M M 10 1269 106 70
12 38 23 31 -14 34 0 T M M 19.7 46 250 M M 8 126 M M
13 51 28 40 -5 25 0 0.00 M M 14.0 26 240 M M 0 32 240
14 61 27 44 -1 21 0 0.00 0.0 0 11.2 24 60 M M 0 26 60
15 63 35 49 3 16 0 0.00 M M 20.7 41 250 M M 0 47 250
16 64 39 52 6 13 0 0.00 M M 26.0 40 230 M M 0 47 240
17 64 41 53 7 12 0 0.00 M M 26.0 41 260 M M 0 51 260
18 55 34 45 -1 20 0 0.00 M M 33.5 45 50 M M 2 128 52 260
19 46 32 39 -7 26 0 0.00 M M 21.7 43 50 M M 5 1 45 50
20 46 26 36 -10 29 0 T T 0 38.0 51 50 M M 9 1268 54 50
21 43 23 33 -14 32 0 T M M 21.5 41 50 M M 7 12689 45 60
22 61 32 47 0 18 0 0.00 M M 18.3 28 250 M M 1 35 250
23 57 41 49 2 16 0 T M M 32.5 66 250 M M 6 8 76 250
24 60 32 46 -1 19 0 0.00 M M 27.7 45 250 M M 0 54 240
25 50 23 37 -11 28 0 T M M 25.7 44 40 M M 3 49 30
26 41 18 30 -18 35 0 0.00 M M 20.7 38 50 M M 0 41 50
27 56 24 40 -8 25 0 0.00 M M 16.9 31 240 M M 0 38 250
28 62 37 50 2 15 0 0.00 M M 8.7 16 250 M M 0 21 260
29 68 44 56 8 9 0 T 0.0 0 17.8 39 250 M M 2 47 250
================================================================================
SM 1535 876 608 0 0.06 T 688.1 M 81
================================================================================
AV 54.8 31.3 23.7 FASTST M M 3 MAX(MPH)
MISC ----> 84 70 106 70
================================================================================
NOTES:
# LAST OF SEVERAL OCCURRENCES
COLUMN 17 PEAK WIND IN M.P.H.
PRELIMINARY LOCAL CLIMATOLOGICAL DATA (WS FORM: F-6) , PAGE 2
STATION: GUADALUPE PASS
MONTH: FEBRUARY
YEAR: 2020
LATITUDE: 31 49 N
LONGITUDE: 104 48 W
[TEMPERATURE DATA] [PRECIPITATION DATA] SYMBOLS USED IN COLUMN 16
AVERAGE MONTHLY: 43.1 TOTAL FOR MONTH: 0.06 1 = FOG OR MIST
DPTR FM NORMAL: -2.5 DPTR FM NORMAL: -0.26 2 = FOG REDUCING VISIBILITY
HIGHEST: 68 ON 29 GRTST 24HR 0.03 ON 10-11 TO 1/4 MILE OR LESS
LOWEST: 17 ON 4 3 = THUNDER
SNOW, ICE PELLETS, HAIL 4 = ICE PELLETS
TOTAL MONTH: T 5 = HAIL
GRTST 24HR T ON 20-20 6 = FREEZING RAIN OR DRIZZLE
GRTST DEPTH: 0 7 = DUSTSTORM OR SANDSTORM:
VSBY 1/2 MILE OR LESS
8 = SMOKE OR HAZE
[NO. OF DAYS WITH] [WEATHER - DAYS WITH] 9 = BLOWING SNOW
X = TORNADO
MAX 32 OR BELOW: 0 0.01 INCH OR MORE: 4
MAX 90 OR ABOVE: 0 0.10 INCH OR MORE: 0
MIN 32 OR BELOW: 16 0.50 INCH OR MORE: 0
MIN 0 OR BELOW: 0 1.00 INCH OR MORE: 0
[HDD (BASE 65) ]
TOTAL THIS MO. 608 CLEAR (SCALE 0-3) 19
DPTR FM NORMAL 64 PTCLDY (SCALE 4-7) 7
TOTAL FM JUL 1 2766 CLOUDY (SCALE 8-10) 3
DPTR FM NORMAL 70
[CDD (BASE 65) ]
TOTAL THIS MO. 0
DPTR FM NORMAL -1 [PRESSURE DATA]
TOTAL FM JAN 1 0 HIGHEST SLP 30.61 ON 21
DPTR FM NORMAL -1 LOWEST SLP 29.50 ON 3
[REMARKS]
#FINAL-02-20#