000
CXUS51 KPHI 010915
CF6GED
PRELIMINARY LOCAL CLIMATOLOGICAL DATA (WS FORM: F-6)
STATION: GEORGETOWN DE
MONTH: NOVEMBER
YEAR: 2021
LATITUDE: 38 41 N
LONGITUDE: 75 22 W
TEMPERATURE IN F: :PCPN: SNOW: WIND :SUNSHINE: SKY :PK WND
================================================================================
1 2 3 4 5 6A 6B 7 8 9 10 11 12 13 14 15 16 17 18
12Z AVG MX 2MIN
DY MAX MIN AVG DEP HDD CDD WTR SNW DPTH SPD SPD DIR MIN PSBL S-S WX SPD DR
================================================================================
1 63 40 52 -2 13 0 0.00 M M 5.2 15 320 M M 0 23 300
2 55 40 48 -5 17 0 0.23 M M 1.8 9 360 M M 8 1 15 10
3 53 36 45 -8 20 0 0.00 M M 3.4 13 340 M M 1 12 19 360
4 53 40 47 -5 18 0 0.00 M M 5.5 14 40 M M 3 18 50
5 54 33 44 -8 21 0 0.00 M M 5.8 20 40 M M 0 29 40
6 58 33 46 -6 19 0 T M M 9.0 21 50 M M 4 28 50
7 56 44 50 -2 15 0 0.00 M M 7.6 20 40 M M 1 26 50
8 67 41 54 3 11 0 0.00 M M 5.3 17 20 M M 0 23 30
9 73 41 57 6 8 0 0.00 M M 3.4 12 250 M M 0 19 240
10 72 44 58 7 7 0 0.00 M M 3.5 13 300 M M 0 1 19 310
11 69 40 55 5 10 0 0.00 M M 5.6 15 120 M M 0 1 20 130
12 69 42 56 6 9 0 0.30 M M 7.0 22 190 M M 4 1 31 180
13 68 33 51 1 14 0 0.00 M M 6.8 24 220 M M 1 1 33 280
14 51 29 40 -10 25 0 T M M 5.0 14 160 M M 2 17 220
15 51 37 44 -5 21 0 0.00 M M 7.6 22 280 M M 4 34 280
16 53 33 43 -6 22 0 0.00 M M 3.7 15 290 M M 0 22 270
17 68 32 50 1 15 0 0.00 M M 6.5 15 200 M M 1 23 310
18 73 48 61 13 4 0 0.08 M M 13.5 26 220 M M 1 1 32 210
19 50 36 43 -5 22 0 T M M 7.0 17 300 M M 2 31 310
20 50 29 40 -8 25 0 0.00 M M 2.0 9 60 M M 0 12 150
21 60 33 47 -1 18 0 0.00 M M 3.8 13 190 M M 5 18 200
22 57 37 47 0 18 0 0.05 M M 5.0 14 360 M M 6 23 330
23 44 31 38 -9 27 0 0.00 M M 5.6 16 360 M M 0 25 10
24 47 28 38 -9 27 0 0.00 M M 3.6 12 290 M M 0 20 290
25 57 29 43 -3 22 0 T M M 5.6 13 220 M M 1 17 220
26 50 36 43 -3 22 0 0.26 M M 9.4 22 280 M M 5 1 35 300
27 43 29 36 -10 29 0 0.00 M M 7.2 17 290 M M 2 25 300
28 57 34 46 0 19 0 T M M 4.4 12 220 M M 3 15 260
29 45 26 36 -9 29 0 0.00 M M 4.9 16 320 M M 6 26 10
30 50 25 38 -7 27 0 0.00 M M 4.9 20 230 M M 5 26 230
================================================================================
SM 1716 1059 554 0 0.92 M 169.6 M 65
================================================================================
AV 57.2 35.3 5.7 FASTST M M 2 MAX(MPH)
MISC ----> 26 220 35 300
================================================================================
NOTES:
# LAST OF SEVERAL OCCURRENCES
COLUMN 17 PEAK WIND IN M.P.H.
PRELIMINARY LOCAL CLIMATOLOGICAL DATA (WS FORM: F-6) , PAGE 2
STATION: GEORGETOWN DE
MONTH: NOVEMBER
YEAR: 2021
LATITUDE: 38 41 N
LONGITUDE: 75 22 W
[TEMPERATURE DATA] [PRECIPITATION DATA] SYMBOLS USED IN COLUMN 16
AVERAGE MONTHLY: 46.3 TOTAL FOR MONTH: 0.92 1 = FOG OR MIST
DPTR FM NORMAL: -3.0 DPTR FM NORMAL: -2.27 2 = FOG REDUCING VISIBILITY
HIGHEST: 73 ON 18, 9 GRTST 24HR 0.30 ON 12-12 TO 1/4 MILE OR LESS
LOWEST: 25 ON 30 3 = THUNDER
SNOW, ICE PELLETS, HAIL 4 = ICE PELLETS
TOTAL MONTH: M 5 = HAIL
GRTST 24HR M ON M 6 = FREEZING RAIN OR DRIZZLE
GRTST DEPTH: M ON M 7 = DUSTSTORM OR SANDSTORM:
VSBY 1/2 MILE OR LESS
8 = SMOKE OR HAZE
[NO. OF DAYS WITH] [WEATHER - DAYS WITH] 9 = BLOWING SNOW
X = TORNADO
MAX 32 OR BELOW: 0 0.01 INCH OR MORE: 5
MAX 90 OR ABOVE: 0 0.10 INCH OR MORE: 3
MIN 32 OR BELOW: 9 0.50 INCH OR MORE: 0
MIN 0 OR BELOW: 0 1.00 INCH OR MORE: 0
[HDD (BASE 65) ]
TOTAL THIS MO. 554 CLEAR (SCALE 0-3) 20
DPTR FM NORMAL 76 PTCLDY (SCALE 4-7) 9
TOTAL FM JUL 1 643 CLOUDY (SCALE 8-10) 1
DPTR FM NORMAL -73
[CDD (BASE 65) ]
TOTAL THIS MO. 0
DPTR FM NORMAL -2 [PRESSURE DATA]
TOTAL FM JAN 1 1629 HIGHEST SLP 30.59 ON 20
DPTR FM NORMAL 235 LOWEST SLP 29.69 ON 13
[REMARKS]
#FINAL-11-21#