793
CXUS56 KOTX 010900
CF6GEG
PRELIMINARY LOCAL CLIMATOLOGICAL DATA (WS FORM: F-6)
STATION: SPOKANE WA AIRPORT
MONTH: JULY
YEAR: 2020
LATITUDE: 47 37 N
LONGITUDE: 117 32 W
TEMPERATURE IN F: :PCPN: SNOW: WIND :SUNSHINE: SKY :PK WND
================================================================================
1 2 3 4 5 6A 6B 7 8 9 10 11 12 13 14 15 16 17 18
12Z AVG MX 2MIN
DY MAX MIN AVG DEP HDD CDD WTR SNW DPTH SPD SPD DIR MIN PSBL S-S WX SPD DR
================================================================================
1 66 47 57 -9 8 0 0.05 0.0 0 16.4 30 210 M M 8 1 37 220
2 70 50 60 -6 5 0 0.00 0.0 0 11.4 21 220 M M 6 26 180
3 79 52 66 -1 0 1 0.00 0.0 0 8.2 22 240 M M 2 26 240
4 76 50 63 -4 2 0 0.00 0.0 0 9.2 20 240 M M 5 25 230
5 80 52 66 -1 0 1 0.00 0.0 0 4.6 12 240 M M 2 17 180
6 82 55 69 1 0 4 0.00 0.0 0 5.4 21 220 M M 2 3 25 210
7 74 53 64 -4 1 0 T 0.0 0 13.5 25 220 M M 7 38 35 200
8 73 49 61 -7 4 0 0.00 0.0 0 7.5 16 220 M M 4 20 210
9 80 53 67 -1 0 2 0.00 0.0 0 7.7 17 260 M M 5 26 210
10 77 58 68 -1 0 3 0.00 0.0 0 10.4 18 230 M M 4 27 250
11 89 56 73 4 0 8 0.00 0.0 0 10.5 29 230 M M 5 8 34 230
12 76 55 66 -3 0 1 0.00 0.0 0 15.9 28 240 M M 5 36 220
13 76 51 64 -6 1 0 0.00 0.0 0 7.0 15 330 M M 1 22 330
14 83 52 68 -2 0 3 0.00 0.0 0 6.1 17 270 M M 4 23 190
15 86 55 71 1 0 6 0.00 0.0 0 7.4 17 220 M M 3 22 190
16 90 61 76 6 0 11 0.00 0.0 0 12.1 25 240 M M 4 30 240
17 83 62 73 3 0 8 0.00 0.0 0 9.4 20 290 M M 6 26 280
18 85 56 71 0 0 6 0.00 0.0 0 5.1 18 280 M M 2 23 290
19 89 60 75 4 0 10 0.00 0.0 0 4.2 15 280 M M 4 20 280
20 90 65 78 7 0 13 0.00 0.0 0 5.8 14 310 M M 2 21 340
21 94 64 79 8 0 14 0.00 0.0 0 7.4 21 210 M M 1 26 230
22 90 63 77 6 0 12 0.00 0.0 0 11.3 18 220 M M 1 29 200
23 85 60 73 1 0 8 0.00 0.0 0 12.4 20 240 M M 5 27 210
24 79 57 68 -4 0 3 0.00 0.0 0 12.9 23 240 M M 3 28 240
25 82 50 66 -6 0 1 0.00 0.0 0 4.4 13 280 M M 1 15 290
26 88 56 72 0 0 7 0.00 0.0 0 5.1 12 50 M M 0 15 30
27 94 61 78 6 0 13 0.00 0.0 0 4.6 14 250 M M 1 19 190
28 96 65 81 9 0 16 0.00 0.0 0 9.7 21 260 M M 3 27 280
29 95 65 80 8 0 15 0.00 0.0 0 8.1 17 240 M M 3 22 240
30 99 67 83 11 0 18 0.00 0.0 0 6.7 17 60 M M 2 22 70
31 102 69 86 14 0 21 0.00 0.0 0 9.1 17 200 M M 3 22 220
================================================================================
SM 2608 1769 21 205 0.05 0.0 269.5 M 104
================================================================================
AV 84.1 57.1 8.7 FASTST M M 3 MAX(MPH)
MISC ----> # 30 210 # 37 220
================================================================================
NOTES:
# LAST OF SEVERAL OCCURRENCES
COLUMN 17 PEAK WIND IN M.P.H.
PRELIMINARY LOCAL CLIMATOLOGICAL DATA (WS FORM: F-6) , PAGE 2
STATION: SPOKANE WA AIRPORT
MONTH: JULY
YEAR: 2020
LATITUDE: 47 37 N
LONGITUDE: 117 32 W
[TEMPERATURE DATA] [PRECIPITATION DATA] SYMBOLS USED IN COLUMN 16
AVERAGE MONTHLY: 70.6 TOTAL FOR MONTH: 0.05 1 = FOG OR MIST
DPTR FM NORMAL: 0.8 DPTR FM NORMAL: -0.59 2 = FOG REDUCING VISIBILITY
HIGHEST: 102 ON 31 GRTST 24HR 0.07 ON 30- 1 TO 1/4 MILE OR LESS
LOWEST: 47 ON 1 3 = THUNDER
SNOW, ICE PELLETS, HAIL 4 = ICE PELLETS
TOTAL MONTH: 0.0 INCH 5 = HAIL
GRTST 24HR 0.0 6 = FREEZING RAIN OR DRIZZLE
GRTST DEPTH: 0 7 = DUSTSTORM OR SANDSTORM:
VSBY 1/2 MILE OR LESS
8 = SMOKE OR HAZE
[NO. OF DAYS WITH] [WEATHER - DAYS WITH] 9 = BLOWING SNOW
X = TORNADO
MAX 32 OR BELOW: 0 0.01 INCH OR MORE: 1
MAX 90 OR ABOVE: 9 0.10 INCH OR MORE: 0
MIN 32 OR BELOW: 0 0.50 INCH OR MORE: 0
MIN 0 OR BELOW: 0 1.00 INCH OR MORE: 0
[HDD (BASE 65) ]
TOTAL THIS MO. 21 CLEAR (SCALE 0-3) 15
DPTR FM NORMAL -11 PTCLDY (SCALE 4-7) 15
TOTAL FM JUL 1 21 CLOUDY (SCALE 8-10) 1
DPTR FM NORMAL -11
[CDD (BASE 65) ]
TOTAL THIS MO. 205
DPTR FM NORMAL 25 [PRESSURE DATA]
TOTAL FM JAN 1 265 HIGHEST SLP M ON M
DPTR FM NORMAL 22 LOWEST SLP 29.60 ON 22
[REMARKS]
#FINAL-07-20#