331
CXUS53 KFGF 010815
CF6GFK
PRELIMINARY LOCAL CLIMATOLOGICAL DATA (WS FORM: F-6)
STATION: GRAND FORKS INTL AP ND
MONTH: MARCH
YEAR: 2020
LATITUDE: 47 57 N
LONGITUDE: 97 11 W
TEMPERATURE IN F: :PCPN: SNOW: WIND :SUNSHINE: SKY :PK WND
================================================================================
1 2 3 4 5 6A 6B 7 8 9 10 11 12 13 14 15 16 17 18
12Z AVG MX 2MIN
DY MAX MIN AVG DEP HDD CDD WTR SNW DPTH SPD SPD DIR MIN PSBL S-S WX SPD DR
================================================================================
1 37 19 28 10 37 0 0.00 0.0 11 16.5 31 330 M M 7 1 39 290
2 35 8 22 4 43 0 T T 11 15.4 26 190 M M 7 1 35 180
3 33 12 23 5 42 0 T T 11 9.7 21 300 M M 6 1 28 310
4 36 8 22 3 43 0 0.00 0.0 11 13.4 28 180 M M 8 39 180
5 36 14 25 6 40 0 T 0.2 10 19.2 37 340 M M 5 129 49 340
6 34 9 22 2 43 0 0.00 0.0 10 17.3 32 180 M M 4 39 170
7 38 25 32 12 33 0 0.00 0.0 10 10.3 24 180 M M 4 28 180
8 32 13 23 2 42 0 T T 9 17.0 31 340 M M 6 43 340
9 16 6 11 -10 54 0 T T 9 11.3 24 350 M M 6 29 340
10 30 13 22 0 43 0 0.00 0.0 8 9.5 15 160 M M 8 19 160
11 40 22 31 9 34 0 0.00 0.0 8 11.0 22 180 M M 6 28 170
12 36 22 29 6 36 0 T 0.0 7 16.7 30 320 M M 7 39 320
13 22 8 15 -8 50 0 T T 7 13.7 24 330 M M 8 8 31 320
14 19 5 12 -12 53 0 0.00 0.0 6 9.8 14 10 M M 6 19 20
15 28 8 18 -6 47 0 0.14 1.5 6 8.6 17 140 M M 8 1 20 140
16 30 15 23 -2 42 0 0.01 0.2 7 14.4 25 270 M M 6 1 33 270
17 29 10 20 -6 45 0 0.00 0.0 8 9.9 22 270 M M 3 31 280
18 26 16 21 -5 44 0 0.05 0.7 8 14.5 23 360 M M 10 168 28 350
19 16 7 12 -15 53 0 0.05 1.8 9 25.3 39 340 M M 6 19 47 350
20 19 -9 5 -22 60 0 0.00 0.0 9 8.0 25 340 M M 2 32 340
21 29 -10 10 -18 55 0 0.01 T 9 10.9 22 150 M M 7 1 26 160
22 39 11 25 -3 40 0 T T 8 6.0 16 130 M M 6 1 22 140
23 34 9 22 -7 43 0 0.00 0.0 8 9.5 17 160 M M 4 21 180
24 36 31 34 5 31 0 T 0.0 7 13.9 22 160 M M 7 12 30 150
25 33 14 24 -6 41 0 0.00 0.0 5 11.9 24 360 M M 8 28 360
26 34 12 23 -7 42 0 0.00 0.0 5 9.2 16 180 M M 5 1 20 180
27 44 23 34 3 31 0 0.00 0.0 5 9.2 18 190 M M 2 22 190
28 42 22 32 0 33 0 0.00 0.0 4 5.2 14 10 M M 5 12 16 10
29 43 27 35 3 30 0 0.00 0.0 3 9.4 18 340 M M 3 12 22 340
30 49 24 37 4 28 0 0.00 0.0 2 6.8 15 150 M M 6 12 18 140
31 49 33 41 8 24 0 0.00 0.0 1 11.7 23 160 M M 5 28 160
================================================================================
SM 1024 427 1282 0 0.26 4.4 375.2 M 181
================================================================================
AV 33.0 13.8 12.1 FASTST M M 6 MAX(MPH)
MISC ----> 39 340 49 340
================================================================================
NOTES:
# LAST OF SEVERAL OCCURRENCES
COLUMN 17 PEAK WIND IN M.P.H.
PRELIMINARY LOCAL CLIMATOLOGICAL DATA (WS FORM: F-6) , PAGE 2
STATION: GRAND FORKS INTL AP ND
MONTH: MARCH
YEAR: 2020
LATITUDE: 47 57 N
LONGITUDE: 97 11 W
[TEMPERATURE DATA] [PRECIPITATION DATA] SYMBOLS USED IN COLUMN 16
AVERAGE MONTHLY: 23.4 TOTAL FOR MONTH: 0.26 1 = FOG OR MIST
DPTR FM NORMAL: -1.8 DPTR FM NORMAL: -0.70 2 = FOG REDUCING VISIBILITY
HIGHEST: 49 ON 31,30 GRTST 24HR 0.15 ON 15-16 TO 1/4 MILE OR LESS
LOWEST: -10 ON 21 3 = THUNDER
SNOW, ICE PELLETS, HAIL 4 = ICE PELLETS
TOTAL MONTH: 4.4 INCHES 5 = HAIL
GRTST 24HR 1.8 ON 19-19 6 = FREEZING RAIN OR DRIZZLE
GRTST DEPTH: 12 ON M 7 = DUSTSTORM OR SANDSTORM:
VSBY 1/2 MILE OR LESS
8 = SMOKE OR HAZE
[NO. OF DAYS WITH] [WEATHER - DAYS WITH] 9 = BLOWING SNOW
X = TORNADO
MAX 32 OR BELOW: 12 0.01 INCH OR MORE: 5
MAX 90 OR ABOVE: 0 0.10 INCH OR MORE: 1
MIN 32 OR BELOW: 30 0.50 INCH OR MORE: 0
MIN 0 OR BELOW: 2 1.00 INCH OR MORE: 0
[HDD (BASE 65) ]
TOTAL THIS MO. 1282 CLEAR (SCALE 0-3) 2
DPTR FM NORMAL 47 PTCLDY (SCALE 4-7) 26
TOTAL FM JUL 1 8529 CLOUDY (SCALE 8-10) 3
DPTR FM NORMAL 142
[CDD (BASE 65) ]
TOTAL THIS MO. 0
DPTR FM NORMAL 0 [PRESSURE DATA]
TOTAL FM JAN 1 0 HIGHEST SLP M ON M
DPTR FM NORMAL 0 LOWEST SLP 29.36 ON 2
[REMARKS]
#FINAL-03-20#