000
CXUS54 KSHV 011300
CF6GGG
PRELIMINARY LOCAL CLIMATOLOGICAL DATA (WS FORM: F-6)
STATION: LONGVIEW
MONTH: APRIL
YEAR: 2021
LATITUDE: 32 22 N
LONGITUDE: 94 43 W
TEMPERATURE IN F: :PCPN: SNOW: WIND :SUNSHINE: SKY :PK WND
================================================================================
1 2 3 4 5 6A 6B 7 8 9 10 11 12 13 14 15 16 17 18
12Z AVG MX 2MIN
DY MAX MIN AVG DEP HDD CDD WTR SNW DPTH SPD SPD DIR MIN PSBL S-S WX SPD DR
================================================================================
1 67 35 51 -10 14 0 0.00 0.0 0 4.4 17 350 M M 0 23 30
2 65 37 51 -10 14 0 0.00 0.0 0 6.7 17 130 M M 0 22 120
3 65 50 58 -4 7 0 T 0.0 0 7.5 14 140 M M 9 18 160
4 76 54 65 3 0 0 0.00 0.0 0 5.4 12 190 M M 5 15 170
5 76 53 65 3 0 0 0.00 0.0 0 8.3 17 190 M M 3 22 200
6 81 60 71 9 0 6 T 0.0 0 12.7 22 180 M M 6 29 200
7 76 51 64 2 1 0 0.14 0.0 0 10.3 21 300 M M 7 13 26 300
8 83 47 65 2 0 0 0.03 0.0 0 5.1 22 160 M M 0 3 25 160
9 76 59 68 5 0 3 0.25 0.0 0 9.2 23 170 M M 4 138 38 300
10 73 48 61 -2 4 0 T 0.0 0 9.7 21 320 M M 1 38 26 320
11 83 44 64 0 1 0 0.00 0.0 0 5.2 12 190 M M 0 16 200
12 87 52 70 6 0 5 0.00 0.0 0 5.7 15 160 M M 0 19 140
13 85 58 72 8 0 7 T 0.0 0 6.8 17 150 M M 4 22 150
14 68 57 63 -1 2 0 0.24 0.0 0 6.6 14 70 M M 10 13 19 70
15 67 54 61 -4 4 0 0.50 0.0 0 6.9 15 80 M M 7 21 60
16 57 53 55 -10 10 0 2.26 0.0 0 7.1 16 90 M M 10 13 24 90
17 57 46 52 -13 13 0 0.00 0.0 0 7.3 16 320 M M 8 20 320
18 67 40 54 -11 11 0 0.00 0.0 0 4.9 18 340 M M 2 25 340
19 71 39 55 -11 10 0 0.00 0.0 0 2.5 9 330 M M 0 12 30
20 77 42 60 -6 5 0 0.00 0.0 0 10.1 23 330 M M 1 32 350
21 62 36 49 -17 16 0 0.00 0.0 0 4.8 15 70 M M 2 21 80
22 68 41 55 -11 10 0 T 0.0 0 5.3 16 150 M M 6 20 140
23 72 60 66 -1 0 1 0.77 0.0 0 10.3 26 130 M M 10 138 35 130
24 76 56 66 -1 0 1 0.26 0.0 0 7.4 35 330 M M 4 3 47 340
25 79 50 65 -2 0 0 0.00 0.0 0 5.2 15 190 M M 0 20 110
26 81 55 68 0 0 3 0.00 0.0 0 9.8 17 160 M M 0 22 160
27 76 66 71 3 0 6 0.01 0.0 0 9.3 20 160 M M 5 24 150
28 86 73 80 12 0 15 0.00 0.0 0 13.1 23 160 M M 8 29 150
29 84 70 77 9 0 12 0.15 0.0 0 6.7 15 80 M M 6 13 21 80
30 71 63 67 -2 0 2 0.28 0.0 0 5.2 20 140 M M 9 18 25 140
================================================================================
SM 2212 1549 122 61 4.89 0.0 219.5 M 127
================================================================================
AV 73.7 51.6 7.3 FASTST M M 4 MAX(MPH)
MISC ----> 35 330 47 340
================================================================================
NOTES:
# LAST OF SEVERAL OCCURRENCES
COLUMN 17 PEAK WIND IN M.P.H.
PRELIMINARY LOCAL CLIMATOLOGICAL DATA (WS FORM: F-6) , PAGE 2
STATION: LONGVIEW
MONTH: APRIL
YEAR: 2021
LATITUDE: 32 22 N
LONGITUDE: 94 43 W
[TEMPERATURE DATA] [PRECIPITATION DATA] SYMBOLS USED IN COLUMN 16
AVERAGE MONTHLY: 62.7 TOTAL FOR MONTH: 4.89 1 = FOG OR MIST
DPTR FM NORMAL: -2.1 DPTR FM NORMAL: 1.67 2 = FOG REDUCING VISIBILITY
HIGHEST: 87 ON 12 GRTST 24HR 2.61 ON 15-16 TO 1/4 MILE OR LESS
LOWEST: 35 ON 1 3 = THUNDER
SNOW, ICE PELLETS, HAIL 4 = ICE PELLETS
TOTAL MONTH: 0.0 INCH 5 = HAIL
GRTST 24HR 0.0 6 = FREEZING RAIN OR DRIZZLE
GRTST DEPTH: 0 7 = DUSTSTORM OR SANDSTORM:
VSBY 1/2 MILE OR LESS
8 = SMOKE OR HAZE
[NO. OF DAYS WITH] [WEATHER - DAYS WITH] 9 = BLOWING SNOW
X = TORNADO
MAX 32 OR BELOW: 0 0.01 INCH OR MORE: 11
MAX 90 OR ABOVE: 0 0.10 INCH OR MORE: 9
MIN 32 OR BELOW: 0 0.50 INCH OR MORE: 3
MIN 0 OR BELOW: 0 1.00 INCH OR MORE: 1
[HDD (BASE 65) ]
TOTAL THIS MO. 122 CLEAR (SCALE 0-3) 13
DPTR FM NORMAL 32 PTCLDY (SCALE 4-7) 11
TOTAL FM JUL 1 2269 CLOUDY (SCALE 8-10) 6
DPTR FM NORMAL 21
[CDD (BASE 65) ]
TOTAL THIS MO. 61
DPTR FM NORMAL -23 [PRESSURE DATA]
TOTAL FM JAN 1 100 HIGHEST SLP 30.55 ON 1
DPTR FM NORMAL -23 LOWEST SLP 29.53 ON 9
[REMARKS]
#FINAL-04-21#