000
CXUS54 KSHV 231300
CF6GGG
PRELIMINARY LOCAL CLIMATOLOGICAL DATA (WS FORM: F-6)
STATION: LONGVIEW
MONTH: APRIL
YEAR: 2024
LATITUDE: 32 22 N
LONGITUDE: 94 43 W
TEMPERATURE IN F: :PCPN: SNOW: WIND :SUNSHINE: SKY :PK WND
================================================================================
1 2 3 4 5 6A 6B 7 8 9 10 11 12 13 14 15 16 17 18
12Z AVG MX 2MIN
DY MAX MIN AVG DEP HDD CDD WTR SNW DPTH SPD SPD DIR MIN PSBL S-S WX SPD DR
================================================================================
1 82 69 76 14 0 11 0.04 0.0 0 10.4 22 180 M M 6 30 160
2 75 48 62 -1 3 0 0.03 0.0 0 11.2 24 290 M M 5 3 35 310
3 72 43 58 -5 7 0 0.00 0.0 0 9.4 26 320 M M 0 41 330
4 80 41 61 -2 4 0 0.00 0.0 0 4.8 18 280 M M 0 23 320
5 85 51 68 5 0 3 0.00 0.0 0 5.4 13 140 M M 0 19 150
6 83 53 68 5 0 3 0.00 0.0 0 12.1 29 160 M M 3 38 170
7 81 64 73 9 0 8 T 0.0 0 7.6 17 290 M M 5 23 170
8 82 63 73 9 0 8 2.52 0.0 0 9.2 28 140 M M 8 13 39 140
9 70 62 66 2 0 1 2.64 0.0 0 9.1 33 60 M M 9 13 46 70
10 72 56 64 0 1 0 1.90 0.0 0 9.7 30 100 M M 9 13 45 100
11 74 52 63 -1 2 0 0.00 0.0 0 11.4 26 310 M M 1 36 300
12 80 45 63 -2 2 0 0.00 0.0 0 3.7 9 160 M M 0 15 140
13 84 52 68 3 0 3 0.00 0.0 0 9.4 23 190 M M 0 33 200
14 81 62 72 7 0 7 0.00 0.0 0 10.5 18 190 M M 3 26 200
15 80 64 72 7 0 7 0.00 0.0 0 9.4 24 140 M M 7 36 140
16 81 69 75 9 0 10 T 0.0 0 10.5 22 180 M M 9 30 200
17 86 71 79 13 0 14 T 0.0 0 6.6 20 160 M M 6 18 26 150
18 87 71 79 13 0 14 T 0.0 0 7.7 16 170 M M 7 22 180
19 72 61 67 1 0 2 0.00 0.0 0 6.5 13 50 M M 9 18 18 40
20 63 49 56 -10 9 0 2.12 0.0 0 10.5 25 60 M M 10 13 43 70
21 68 49 59 -8 6 0 0.00 0.0 0 6.8 17 60 M M 4 29 70
22 71 43 57 -10 8 0 0.00 0.0 0 4.2 12 160 M M 0 15 150
================================================================================
SM 1709 1238 42 91 9.25 0.0 186.1 M 101
================================================================================
AV 77.7 56.3 8.5 FASTST M M 5 MAX(MPH)
MISC ----> 33 60 46 70
================================================================================
NOTES:
# LAST OF SEVERAL OCCURRENCES
COLUMN 17 PEAK WIND IN M.P.H.
PRELIMINARY LOCAL CLIMATOLOGICAL DATA (WS FORM: F-6) , PAGE 2
STATION: LONGVIEW
MONTH: APRIL
YEAR: 2024
LATITUDE: 32 22 N
LONGITUDE: 94 43 W
[TEMPERATURE DATA] [PRECIPITATION DATA] SYMBOLS USED IN COLUMN 16
AVERAGE MONTHLY: 67.0 TOTAL FOR MONTH: 9.25 1 = FOG OR MIST
DPTR FM NORMAL: 2.4 DPTR FM NORMAL: 6.47 2 = FOG REDUCING VISIBILITY
HIGHEST: 87 ON 18 GRTST 24HR 4.91 ON 8- 9 TO 1/4 MILE OR LESS
LOWEST: 41 ON 4 3 = THUNDER
SNOW, ICE PELLETS, HAIL 4 = ICE PELLETS
TOTAL MONTH: 0.0 INCH 5 = HAIL
GRTST 24HR 0.0 6 = FREEZING RAIN OR DRIZZLE
GRTST DEPTH: 0 7 = DUSTSTORM OR SANDSTORM:
VSBY 1/2 MILE OR LESS
8 = SMOKE OR HAZE
[NO. OF DAYS WITH] [WEATHER - DAYS WITH] 9 = BLOWING SNOW
X = TORNADO
MAX 32 OR BELOW: 0 0.01 INCH OR MORE: 6
MAX 90 OR ABOVE: 0 0.10 INCH OR MORE: 4
MIN 32 OR BELOW: 0 0.50 INCH OR MORE: 4
MIN 0 OR BELOW: 0 1.00 INCH OR MORE: 4
[HDD (BASE 65) ]
TOTAL THIS MO. 42 CLEAR (SCALE 0-3) 9
DPTR FM NORMAL -29 PTCLDY (SCALE 4-7) 7
TOTAL FM JUL 1 1777 CLOUDY (SCALE 8-10) 6
DPTR FM NORMAL -337
[CDD (BASE 65) ]
TOTAL THIS MO. 91
DPTR FM NORMAL 30 [PRESSURE DATA]
TOTAL FM JAN 1 184 HIGHEST SLP M ON M
DPTR FM NORMAL 70 LOWEST SLP 29.52 ON 10
[REMARKS]