000
CXUS55 KGGW 010840
CLMGGW
CLIMATE REPORT
NATIONAL WEATHER SERVICE GLASGOW, MT
240 AM MDT SAT JUL 01 2023
...................................
...THE GLASGOW MT CLIMATE SUMMARY FOR THE MONTH OF JUNE 2023...
CLIMATE NORMAL PERIOD: 1991 TO 2020
CLIMATE RECORD PERIOD: 1893 TO 2023
WEATHER OBSERVED NORMAL DEPART LAST YEAR`S
VALUE DATE(S) VALUE FROM VALUE DATE(S)
NORMAL
................................................................
TEMPERATURE (F)
RECORD
HIGH 110 06/17/1933
LOW 24 06/02/1919
HIGHEST 94 06/30 95
LOWEST 46 06/16 40
AVG. MAXIMUM 80.8 76.3 4.5 78.7
AVG. MINIMUM 57.0 4.3 52.6
MEAN 68.9 64.5 4.4 65.7
DAYS MAX >= 90 2 3
DAYS MAX <= 32 0 0
DAYS MIN <= 32 0 0
DAYS MIN <= 0 0 0
PRECIPITATION (INCHES)
RECORD
MAXIMUM 10.29 1923
MINIMUM 0.07 1903
TOTALS 2.37 2.83 -0.46 1.18
DAILY AVG. 0.08 0.09 -0.01 0.05
DAYS >= .01 12 10
DAYS >= .10 6
DAYS >= .50 2 0
DAYS >= 1.00 0 0
GREATEST
24 HR. TOTAL 0.73 06/07 TO 06/08
SNOWFALL (INCHES)
RECORDS
TOTAL 1.3 1950
SNOW DEPTH T MM
TOTALS 0.0 0.0 0.0 0.0
LIQUID EQUIV 0.00 0.00 0.00 0.00
SINCE 7/1 64.9 40.7 24.2 MM
LIQUID 7/1 6.49 4.00 2.49 MM
SNOWDEPTH AVG. 0 0
DAYS >= TRACE 0 0
DAYS >= 1.0 0 0
GREATEST
SNOW DEPTH 0 0 MM
24 HR TOTAL MM
DEGREE DAYS
HEATING TOTAL 20 88 -68 68
SINCE 7/1 8733 8245 488 MM
COOLING TOTAL 144 73 71 95
SINCE 1/1 199 89 110 MM
................................................................
WIND (MPH)
AVERAGE WIND SPEED 8.5
HIGHEST WIND SPEED/DIRECTION 39/160 DATE 06/01
HIGHEST GUST SPEED/DIRECTION 52/160 DATE 06/01
SKY COVER
POSSIBLE SUNSHINE (PERCENT) MM
AVERAGE SKY COVER 0.22
NUMBER OF DAYS FAIR 24
NUMBER OF DAYS PC 6
NUMBER OF DAYS CLOUDY 0
AVERAGE RH (PERCENT) 62
WEATHER CONDITIONS. NUMBER OF DAYS WITH
THUNDERSTORM 9 MIXED PRECIP 0
HEAVY RAIN 2 RAIN 7
LIGHT RAIN 13 FREEZING RAIN 0
LT FREEZING RAIN 0 HAIL 0
HEAVY SNOW 0 SNOW 0
LIGHT SNOW 0 SLEET 0
FOG 10 FOG W/VIS <= 1/4 MILE 0
HAZE 3
- INDICATES NEGATIVE NUMBERS.
R INDICATES RECORD WAS SET OR TIED.
MM INDICATES DATA IS MISSING.
T INDICATES TRACE AMOUNT.
&&
JUNE WAS WARMER AND DRIER THAN NORMAL FOR GLASGOW. THE TEMPERATURE
AVERAGED 68.9 DEGREES WHICH WAS 4.4 DEGREES ABOVE NORMAL. IT TIED
1986 FOR THE 9TH WARMEST JUNE. THE HIGH FOR THE MONTH WAS 94 DEGREES
ON THE 30TH. THE LOW FOR THE MONTH WAS 46 ON THE 16TH.
IT WAS DRIER THAN NORMAL WITH 2.37 INCHES OF PRECIPITATION.
NORMAL PRECIPITATION FOR JUNE IS 2.83 INCHES.
THE PEAK WIND FOR THE MONTH WAS 52 MPH ON THE 1ST. THERE WERE ALSO
PEAK WINDS OF 38 MPH ON THE 18TH AND 37 MPH ON THE 18ND. THE
WINDIEST DAY WAS THE 2ND WITH AN AVERAGE WIND SPEED OF 14.2 MPH.
LOOKING AHEAD TO JULY, THE NORMAL HIGH STARTS WITH 81 ON THE 1ST AND
WARMS TO 88 BY THE END OF THE MONTH. THE NORMAL LOW STARTS WITH 56
AND WARMS TO 60 BY THE END OF THE MONTH. NORMAL PRECIPITATION FOR
JULY IS 1.95 INCHES.
$$