000
CXUS54 KFWD 010731
CF6GLE
PRELIMINARY LOCAL CLIMATOLOGICAL DATA (WS FORM: F-6)
STATION: GAINESVILLE
MONTH: SEPTEMBER
YEAR: 2021
LATITUDE: 33 39 N
LONGITUDE: 97 12 W
TEMPERATURE IN F: :PCPN: SNOW: WIND :SUNSHINE: SKY :PK WND
================================================================================
1 2 3 4 5 6A 6B 7 8 9 10 11 12 13 14 15 16 17 18
12Z AVG MX 2MIN
DY MAX MIN AVG DEP HDD CDD WTR SNW DPTH SPD SPD DIR MIN PSBL S-S WX SPD DR
================================================================================
1 94 74 84 4 0 19 0.00 M M 4.0 9 130 M M 0 17 180
2 93 74 84 4 0 19 0.00 M M 6.0 14 140 M M 0 20 150
3 92 73 83 3 0 18 0.00 M M 6.7 12 150 M M 0 18 200
4 95 72 84 5 0 19 0.00 M M 4.6 12 220 M M 1 16 190
5 85 73 79 0 0 14 0.00 M M 4.7 12 20 M M 5 16 60
6 91 69 80 1 0 15 0.00 M M 3.8 8 140 M M 2 M M
7 92 64 78 0 0 13 0.00 M M 3.9 13 190 M M 0 17 180
8 91 64 78 0 0 13 0.00 M M 6.6 14 360 M M 2 22 0
9 89 61 75 -3 0 10 0.00 M M 4.6 9 140 M M 0 M M
10 89 62 76 -1 0 11 0.00 M M 6.9 16 180 M M 0 21 190
11 89 63 76 -1 0 11 0.00 M M 6.9 13 170 M M 0 20 150
12 87 59 73 -4 0 8 0.00 M M 4.3 13 140 M M 0 17 140
13 87 61 74 -2 0 9 0.00 M M 5.8 15 160 M M 2 18 170
14 88 66 77 1 0 12 0.00 M M 5.0 14 150 M M 2 8 20 150
15 88 63 76 0 0 11 0.00 M M 4.0 10 110 M M 2 16 60
16 89 66 78 3 0 13 0.00 M M 3.1 8 140 M M 2 16 90
17 89 65 77 2 0 12 0.00 M M 2.4 10 60 M M 1 16 60
18 93 65 79 4 0 14 0.00 M M 3.3 12 60 M M 1 M M
19 92 68 80 6 0 15 0.00 M M 3.4 10 140 M M 1 M M
20 98 69 84 10 0 19 0.00 M M 7.9 15 200 M M 0 20 210
21 83 57 70 -4 0 5 0.00 M M 10.5 17 10 M M 0 28 10
22 81 53 67 -6 0 2 0.00 M M 4.7 10 360 M M 0 17 10
23 83 48 66 -7 0 1 0.00 M M 2.5 9 120 M M 0 M M
24 86 49 68 -4 0 3 0.00 M M 2.9 10 180 M M 0 16 230
25 89 53 71 -1 0 6 0.00 M M 1.7 8 160 M M 0 M M
26 90 58 74 2 0 9 0.00 M M 4.3 14 210 M M 0 22 200
27 89 59 74 2 0 9 0.00 M M 5.9 15 150 M M 0 20 150
28 92 63 78 7 0 13 0.49 M M 6.8 14 10 M M 3 36 190
29 87 64 76 5 0 11 0.00 M M 6.6 13 140 M M 1 1 18 140
30 86 64 75 5 0 10 0.53 M M 6.9 17 340 M M 5 22 340
================================================================================
SM 2677 1899 0 344 1.02 M 150.4 M 30
================================================================================
AV 89.2 63.3 5.0 FASTST M M 1 MAX(MPH)
MISC ----> 17 340 36 190
================================================================================
NOTES:
# LAST OF SEVERAL OCCURRENCES
COLUMN 17 PEAK WIND IN M.P.H.
PRELIMINARY LOCAL CLIMATOLOGICAL DATA (WS FORM: F-6) , PAGE 2
STATION: GAINESVILLE
MONTH: SEPTEMBER
YEAR: 2021
LATITUDE: 33 39 N
LONGITUDE: 97 12 W
[TEMPERATURE DATA] [PRECIPITATION DATA] SYMBOLS USED IN COLUMN 16
AVERAGE MONTHLY: 76.3 TOTAL FOR MONTH: 1.02 1 = FOG OR MIST
DPTR FM NORMAL: 0.9 DPTR FM NORMAL: -3.00 2 = FOG REDUCING VISIBILITY
HIGHEST: 98 ON 20 GRTST 24HR 0.53 ON 30-30 TO 1/4 MILE OR LESS
LOWEST: 48 ON 23 3 = THUNDER
SNOW, ICE PELLETS, HAIL 4 = ICE PELLETS
TOTAL MONTH: M 5 = HAIL
GRTST 24HR M ON M 6 = FREEZING RAIN OR DRIZZLE
GRTST DEPTH: M ON M 7 = DUSTSTORM OR SANDSTORM:
VSBY 1/2 MILE OR LESS
8 = SMOKE OR HAZE
[NO. OF DAYS WITH] [WEATHER - DAYS WITH] 9 = BLOWING SNOW
X = TORNADO
MAX 32 OR BELOW: 0 0.01 INCH OR MORE: 2
MAX 90 OR ABOVE: 12 0.10 INCH OR MORE: 2
MIN 32 OR BELOW: 0 0.50 INCH OR MORE: 1
MIN 0 OR BELOW: 0 1.00 INCH OR MORE: 0
[HDD (BASE 65) ]
TOTAL THIS MO. 0 CLEAR (SCALE 0-3) 27
DPTR FM NORMAL -11 PTCLDY (SCALE 4-7) 3
TOTAL FM JUL 1 0 CLOUDY (SCALE 8-10) 0
DPTR FM NORMAL -12
[CDD (BASE 65) ]
TOTAL THIS MO. 344
DPTR FM NORMAL 21 [PRESSURE DATA]
TOTAL FM JAN 1 1679 HIGHEST SLP M ON M
DPTR FM NORMAL -416 LOWEST SLP M ON M
[REMARKS]
#FINAL-09-21#