000
CXUS54 KJAN 011410
CF6GLH
PRELIMINARY LOCAL CLIMATOLOGICAL DATA (WS FORM: F-6)
STATION: GREENVILLE
MONTH: APRIL
YEAR: 2022
LATITUDE: 33 29 N
LONGITUDE: 90 59 W
TEMPERATURE IN F: :PCPN: SNOW: WIND :SUNSHINE: SKY :PK WND
================================================================================
1 2 3 4 5 6A 6B 7 8 9 10 11 12 13 14 15 16 17 18
12Z AVG MX 2MIN
DY MAX MIN AVG DEP HDD CDD WTR SNW DPTH SPD SPD DIR MIN PSBL S-S WX SPD DR
================================================================================
1 61 38 50 -10 15 0 0.00 0.0 0 5.6 16 40 M M 0 20 50
2 73 48 61 1 4 0 0.00 0.0 0 4.6 17 340 M M 1 23 330
3 77 47 62 2 3 0 0.00 0.0 0 6.9 17 70 M M 0 22 40
4 81 54 68 7 0 3 0.00 0.0 0 7.7 17 190 M M 0 24 190
5 78 61 70 9 0 5 1.01 0.0 0 10.0 28 120 M M 5 138 41 250
6 75 51 63 2 2 0 T 0.0 0 12.4 25 360 M M 8 18 35 340
7 66 47 57 -5 8 0 0.00 0.0 0 12.7 24 290 M M 2 8 33 300
8 59 43 51 -11 14 0 0.00 0.0 0 13.8 28 300 M M 4 37 280
9 69 34 52 -10 13 0 0.00 0.0 0 8.1 20 250 M M 0 8 24 250
10 83 50 67 5 0 2 0.00 0.0 0 18.4 32 190 M M 0 45 200
11 80 61 71 8 0 6 0.06 0.0 0 17.3 35 170 M M 7 3 48 180
12 82 69 76 13 0 11 1.96 0.0 0 M M M M M 8 3 M M
13 79 55 67 4 0 2 0.69 0.0 0 15.9 31 180 M M 5 13 42 190
14 72 49 61 -3 4 0 0.00 0.0 0 7.3 14 30 M M 0 19 360
15 79 49 64 0 1 0 0.02 0.0 0 11.3 22 190 M M 4 3 29 150
16 75 65 70 6 0 5 1.11 0.0 0 7.5 18 140 M M 8 13 23 140
17 69 54 62 -2 3 0 1.68 0.0 0 9.4 28 340 M M 9 13 35 360
18 63 50 57 -8 8 0 0.00 0.0 0 12.9 23 20 M M 5 33 350
19 66 46 56 -9 9 0 0.00 0.0 0 6.3 14 60 M M 0 20 70
20 76 56 66 1 0 1 0.22 0.0 0 12.9 26 160 M M 2 3 37 170
21 84 65 75 9 0 10 0.00 0.0 0 10.6 16 170 M M 4 25 180
22 85 63 74 8 0 9 0.00 0.0 0 10.0 18 170 M M 1 1 26 180
23 85 64 75 9 0 10 0.00 0.0 0 16.1 29 180 M M 1 39 180
24 85 69 77 11 0 12 T 0.0 0 11.7 22 180 M M 6 29 170
25 75 60 68 1 0 3 0.35 0.0 0 8.4 26 270 M M 8 1 40 260
26 70 52 61 -6 4 0 0.00 0.0 0 11.6 17 360 M M 0 26 350
27 77 55 66 -1 0 1 0.00 0.0 0 6.0 13 70 M M 0 19 50
28 82 48 65 -3 0 0 0.00 0.0 0 5.4 14 170 M M 0 19 170
29 86 57 72 4 0 7 0.00 0.0 0 10.3 21 160 M M 0 31 170
30 85 61 73 5 0 8 T 0.0 0 12.5 23 190 M M 3 3 31 190
================================================================================
SM 2277 1621 88 95 7.10 0.0 303.6 M 91
================================================================================
AV 75.9 54.0 10.5 FASTST M M 3 MAX(MPH)
MISC ----> 35 170 48 180
================================================================================
NOTES:
# LAST OF SEVERAL OCCURRENCES
COLUMN 17 PEAK WIND IN M.P.H.
PRELIMINARY LOCAL CLIMATOLOGICAL DATA (WS FORM: F-6) , PAGE 2
STATION: GREENVILLE
MONTH: APRIL
YEAR: 2022
LATITUDE: 33 29 N
LONGITUDE: 90 59 W
[TEMPERATURE DATA] [PRECIPITATION DATA] SYMBOLS USED IN COLUMN 16
AVERAGE MONTHLY: 65.0 TOTAL FOR MONTH: 7.10 1 = FOG OR MIST
DPTR FM NORMAL: 1.0 DPTR FM NORMAL: 2.09 2 = FOG REDUCING VISIBILITY
HIGHEST: 86 ON 29 GRTST 24HR 1.96 ON 12-12 TO 1/4 MILE OR LESS
LOWEST: 34 ON 9 3 = THUNDER
SNOW, ICE PELLETS, HAIL 4 = ICE PELLETS
TOTAL MONTH: 0.0 INCH 5 = HAIL
GRTST 24HR 0.0 6 = FREEZING RAIN OR DRIZZLE
GRTST DEPTH: 0 7 = DUSTSTORM OR SANDSTORM:
VSBY 1/2 MILE OR LESS
8 = SMOKE OR HAZE
[NO. OF DAYS WITH] [WEATHER - DAYS WITH] 9 = BLOWING SNOW
X = TORNADO
MAX 32 OR BELOW: 0 0.01 INCH OR MORE: 9
MAX 90 OR ABOVE: 0 0.10 INCH OR MORE: 7
MIN 32 OR BELOW: 0 0.50 INCH OR MORE: 5
MIN 0 OR BELOW: 0 1.00 INCH OR MORE: 4
[HDD (BASE 65) ]
TOTAL THIS MO. 88 CLEAR (SCALE 0-3) 17
DPTR FM NORMAL -17 PTCLDY (SCALE 4-7) 11
TOTAL FM JUL 1 2161 CLOUDY (SCALE 8-10) 2
DPTR FM NORMAL -444
[CDD (BASE 65) ]
TOTAL THIS MO. 95
DPTR FM NORMAL 19 [PRESSURE DATA]
TOTAL FM JAN 1 122 HIGHEST SLP 30.16 ON 28
DPTR FM NORMAL 19 LOWEST SLP 29.83 ON 30
[REMARKS]
#FINAL-04-22#