000
CXUS53 KAPX 010831
CF6GLR
PRELIMINARY LOCAL CLIMATOLOGICAL DATA (WS FORM: F-6)
STATION: GAYLORD
MONTH: FEBRUARY
YEAR: 2021
LATITUDE: 45 0 N
LONGITUDE: 84 42 W
TEMPERATURE IN F: :PCPN: SNOW: WIND :SUNSHINE: SKY :PK WND
================================================================================
1 2 3 4 5 6A 6B 7 8 9 10 11 12 13 14 15 16 17 18
12Z AVG MX 2MIN
DY MAX MIN AVG DEP HDD CDD WTR SNW DPTH SPD SPD DIR MIN PSBL S-S WX SPD DR
================================================================================
1 30 10 20 3 45 0 0.00 M M 4.6 10 40 M M 1 16 60
2 32 15 24 7 41 0 0.00 M M 2.9 10 330 M M 1 17 10
3 39 -1 19 2 46 0 0.00 M M 1.4 6 260 M M 0 8 8 290
4 41 22 32 15 33 0 0.05 M M 12.2 23 160 M M 5 34 170
5 32 12 22 5 43 0 0.02 M M 16.7 33 250 M M 10 8 52 230
6 14 10 12 -5 53 0 T M M 16.2 30 240 M M 10 89 41 250
7 11 2 7 -10 58 0 T M M 10.9 23 250 M M 10 89 32 260
8 14 2 8 -10 57 0 T M M 7.5 17 230 M M 10 8 22 230
9 13 5 9 -9 56 0 T M M 9.6 18 250 M M 9 8 24 260
10 15 1 8 -10 57 0 T M M 6.7 17 250 M M 10 8 23 230
11 18 -2 8 -10 57 0 0.00 M M 1.3 7 300 M M 6 9 320
12 20 8 14 -4 51 0 T M M 4.3 14 150 M M 8 8 20 120
13 19 5 12 -6 53 0 0.03 M M 4.0 14 120 M M 7 8 20 120
14 16 4 10 -8 55 0 T M M 5.7 13 290 M M 10 8 21 270
15 14 2 8 -11 57 0 0.00 M M 5.4 14 30 M M 5 21 20
16 18 5 12 -7 53 0 T M M 6.7 15 40 M M 7 8 23 20
17 24 -9 8 -11 57 0 0.00 M M 2.0 13 260 M M 0 8 18 290
18 26 -3 12 -7 53 0 0.00 M M 2.8 10 90 M M 6 8 15 80
19 28 4 16 -3 49 0 T M M 0.5 6 250 M M 8 8 9 10
20 27 -1 13 -7 52 0 T M M 3.2 14 250 M M 7 8 16 230
21 33 10 22 2 43 0 T M M 10.7 20 160 M M 6 8 30 170
22 36 25 31 11 34 0 0.01 M M 11.2 22 250 M M 8 8 30 180
23 44 33 39 19 26 0 T M M 10.2 16 230 M M 8 8 33 290
24 36 22 29 8 36 0 0.08 M M 7.0 17 310 M M 10 18 31 310
25 34 6 20 -1 45 0 T M M 6.3 21 250 M M 4 28 250
26 41 18 30 9 35 0 0.00 M M 11.4 24 240 M M 4 18 33 190
27 48 27 38 17 27 0 T M M 9.4 20 230 M M 5 8 26 230
28 45 27 36 14 29 0 0.01 M M 12.1 33 250 M M 5 18 47 240
================================================================================
SM 768 259 1301 0 0.20 M 202.9 M 180
================================================================================
AV 27.4 9.3 7.2 FASTST M M 6 MAX(MPH)
MISC ----> # 33 250 52 230
================================================================================
NOTES:
# LAST OF SEVERAL OCCURRENCES
COLUMN 17 PEAK WIND IN M.P.H.
PRELIMINARY LOCAL CLIMATOLOGICAL DATA (WS FORM: F-6) , PAGE 2
STATION: GAYLORD
MONTH: FEBRUARY
YEAR: 2021
LATITUDE: 45 0 N
LONGITUDE: 84 42 W
[TEMPERATURE DATA] [PRECIPITATION DATA] SYMBOLS USED IN COLUMN 16
AVERAGE MONTHLY: 18.3 TOTAL FOR MONTH: 0.20 1 = FOG OR MIST
DPTR FM NORMAL: -0.5 DPTR FM NORMAL: -1.04 2 = FOG REDUCING VISIBILITY
HIGHEST: 48 ON 27 GRTST 24HR 0.08 ON 24-24 TO 1/4 MILE OR LESS
LOWEST: -9 ON 17 3 = THUNDER
SNOW, ICE PELLETS, HAIL 4 = ICE PELLETS
TOTAL MONTH: M 5 = HAIL
GRTST 24HR M ON M 6 = FREEZING RAIN OR DRIZZLE
GRTST DEPTH: M ON M 7 = DUSTSTORM OR SANDSTORM:
VSBY 1/2 MILE OR LESS
8 = SMOKE OR HAZE
[NO. OF DAYS WITH] [WEATHER - DAYS WITH] 9 = BLOWING SNOW
X = TORNADO
MAX 32 OR BELOW: 18 0.01 INCH OR MORE: 6
MAX 90 OR ABOVE: 0 0.10 INCH OR MORE: 0
MIN 32 OR BELOW: 27 0.50 INCH OR MORE: 0
MIN 0 OR BELOW: 5 1.00 INCH OR MORE: 0
[HDD (BASE 65) ]
TOTAL THIS MO. 1301 CLEAR (SCALE 0-3) 4
DPTR FM NORMAL 8 PTCLDY (SCALE 4-7) 15
TOTAL FM JUL 1 5424 CLOUDY (SCALE 8-10) 9
DPTR FM NORMAL -639
[CDD (BASE 65) ]
TOTAL THIS MO. 0
DPTR FM NORMAL 0 [PRESSURE DATA]
TOTAL FM JAN 1 0 HIGHEST SLP 30.49 ON 11
DPTR FM NORMAL 0 LOWEST SLP 29.06 ON 5
[REMARKS]
#FINAL-02-21#