000
CXUS54 KHGX 011410
CF6GLS
PRELIMINARY LOCAL CLIMATOLOGICAL DATA (WS FORM: F-6)
STATION: GALVESTON
MONTH: OCTOBER
YEAR: 2022
LATITUDE: 29 16 N
LONGITUDE: 94 52 W
TEMPERATURE IN F: :PCPN: SNOW: WIND :SUNSHINE: SKY :PK WND
================================================================================
1 2 3 4 5 6A 6B 7 8 9 10 11 12 13 14 15 16 17 18
12Z AVG MX 2MIN
DY MAX MIN AVG DEP HDD CDD WTR SNW DPTH SPD SPD DIR MIN PSBL S-S WX SPD DR
================================================================================
1 81 67 74 -6 0 9 0.00 0.0 0 7.0 13 350 M M 0 17 360
2 83 66 75 -4 0 10 0.00 0.0 0 5.8 12 340 M M 0 16 350
3 84 67 76 -3 0 11 0.00 0.0 0 5.4 10 360 M M 0 14 350
4 85 70 78 -1 0 13 0.00 0.0 0 6.4 13 360 M M 0 16 10
5 84 69 77 -2 0 12 0.00 0.0 0 7.1 14 110 M M 0 19 110
6 85 71 78 0 0 13 0.00 0.0 0 7.2 15 10 M M 0 19 360
7 89 70 80 2 0 15 0.00 0.0 0 4.8 12 280 M M 0 16 360
8 85 72 79 1 0 14 0.00 0.0 0 9.7 18 60 M M 0 26 100
9 83 71 77 -1 0 12 0.00 0.0 0 10.1 17 60 M M 0 23 60
10 84 70 77 0 0 12 0.00 0.0 0 10.8 16 110 M M 0 24 110
11 85 76 81 4 0 16 0.00 0.0 0 11.5 17 120 M M 3 22 100
12 86 77 82 5 0 17 0.07 0.0 0 8.6 17 180 M M 3 1 22 180
13 88 72 80 4 0 15 0.13 0.0 0 7.7 24 10 M M 3 13 34 360
14 85 72 79 3 0 14 0.00 0.0 0 10.2 15 150 M M 0 20 150
15 86 74 80 4 0 15 0.00 0.0 0 10.6 15 160 M M 1 18 170
16 86 76 81 5 0 16 0.00 0.0 0 9.7 16 160 M M 3 20 150
17 78 67 73 -2 0 8 0.40 0.0 0 15.2 25 10 M M 5 1 36 20
18 68 58 63 -12 2 0 0.00 0.0 0 19.7 30 360 M M 0 39 10
19 64 50 57 -18 8 0 0.00 0.0 0 8.0 22 30 M M 0 28 40
20 77 54 66 -8 0 1 0.00 0.0 0 9.2 21 210 M M 0 27 200
21 81 70 76 2 0 11 0.00 0.0 0 12.5 23 190 M M 2 29 200
22 84 74 79 5 0 14 0.00 0.0 0 15.3 22 160 M M 2 28 190
23 84 75 80 7 0 15 0.00 0.0 0 14.5 21 150 M M 3 28 160
24 83 76 80 7 0 15 0.00 0.0 0 15.6 22 160 M M 8 28 170
25 78 60 69 -3 0 4 0.17 0.0 0 14.7 39 310 M M 4 1 51 310
26 73 59 66 -6 0 1 0.00 0.0 0 8.5 16 70 M M 0 24 140
27 76 60 68 -4 0 3 0.13 0.0 0 9.4 17 110 M M 2 3 23 120
28 76 62 69 -3 0 4 0.64 0.0 0 18.0 30 130 M M 9 13 41 130
29 68 59 64 -7 1 0 0.00 0.0 0 11.5 22 280 M M 8 30 280
30 77 59 68 -3 0 3 0.00 0.0 0 6.9 15 190 M M 1 23 10
31 76 60 68 -2 0 3 0.00 0.0 0 5.3 10 110 M M 0 14 120
================================================================================
SM 2502 2083 11 296 1.54 0.0 316.9 M 57
================================================================================
AV 80.7 67.2 10.2 FASTST M M 2 MAX(MPH)
MISC ----> 39 310 51 310
================================================================================
NOTES:
# LAST OF SEVERAL OCCURRENCES
COLUMN 17 PEAK WIND IN M.P.H.
PRELIMINARY LOCAL CLIMATOLOGICAL DATA (WS FORM: F-6) , PAGE 2
STATION: GALVESTON
MONTH: OCTOBER
YEAR: 2022
LATITUDE: 29 16 N
LONGITUDE: 94 52 W
[TEMPERATURE DATA] [PRECIPITATION DATA] SYMBOLS USED IN COLUMN 16
AVERAGE MONTHLY: 74.0 TOTAL FOR MONTH: 1.54 1 = FOG OR MIST
DPTR FM NORMAL: -1.3 DPTR FM NORMAL: -3.61 2 = FOG REDUCING VISIBILITY
HIGHEST: 89 ON 7 GRTST 24HR 0.77 ON 27-28 TO 1/4 MILE OR LESS
LOWEST: 50 ON 19 3 = THUNDER
SNOW, ICE PELLETS, HAIL 4 = ICE PELLETS
TOTAL MONTH: 0.0 INCH 5 = HAIL
GRTST 24HR 0.0 6 = FREEZING RAIN OR DRIZZLE
GRTST DEPTH: 0 7 = DUSTSTORM OR SANDSTORM:
VSBY 1/2 MILE OR LESS
8 = SMOKE OR HAZE
[NO. OF DAYS WITH] [WEATHER - DAYS WITH] 9 = BLOWING SNOW
X = TORNADO
MAX 32 OR BELOW: 0 0.01 INCH OR MORE: 6
MAX 90 OR ABOVE: 0 0.10 INCH OR MORE: 5
MIN 32 OR BELOW: 0 0.50 INCH OR MORE: 1
MIN 0 OR BELOW: 0 1.00 INCH OR MORE: 0
[HDD (BASE 65) ]
TOTAL THIS MO. 11 CLEAR (SCALE 0-3) 26
DPTR FM NORMAL 3 PTCLDY (SCALE 4-7) 3
TOTAL FM JUL 1 11 CLOUDY (SCALE 8-10) 2
DPTR FM NORMAL 7
[CDD (BASE 65) ]
TOTAL THIS MO. 296
DPTR FM NORMAL -32 [PRESSURE DATA]
TOTAL FM JAN 1 3990 HIGHEST SLP 30.36 ON 19
DPTR FM NORMAL 555 LOWEST SLP 29.77 ON 25
[REMARKS]
#FINAL-10-22#