000
CXUS54 KHGX 011410
CF6GLS
PRELIMINARY LOCAL CLIMATOLOGICAL DATA (WS FORM: F-6)
STATION: GALVESTON
MONTH: SEPTEMBER
YEAR: 2021
LATITUDE: 29 16 N
LONGITUDE: 94 52 W
TEMPERATURE IN F: :PCPN: SNOW: WIND :SUNSHINE: SKY :PK WND
================================================================================
1 2 3 4 5 6A 6B 7 8 9 10 11 12 13 14 15 16 17 18
12Z AVG MX 2MIN
DY MAX MIN AVG DEP HDD CDD WTR SNW DPTH SPD SPD DIR MIN PSBL S-S WX SPD DR
================================================================================
1 93 84 89 4 0 24 0.02 0.0 0 8.6 16 190 M M 3 38 21 180
2 92 84 88 4 0 23 0.00 0.0 0 7.8 16 180 M M 2 19 180
3 91 79 85 1 0 20 0.62 0.0 0 8.6 25 200 M M 2 138 31 200
4 92 83 88 4 0 23 0.00 0.0 0 8.1 14 200 M M 2 17 210
5 94 83 89 5 0 24 0.00 0.0 0 8.2 16 190 M M 1 19 200
6 90 83 87 3 0 22 0.00 0.0 0 7.9 15 270 M M 1 20 270
7 91 77 84 0 0 19 0.00 0.0 0 7.9 14 10 M M 0 17 30
8 92 78 85 1 0 20 0.00 0.0 0 6.1 16 360 M M 0 19 360
9 94 79 87 3 0 22 0.00 0.0 0 9.3 16 70 M M 1 20 70
10 91 80 86 3 0 21 0.00 0.0 0 11.1 18 80 M M 1 24 40
11 90 78 84 1 0 19 0.00 0.0 0 11.2 20 80 M M 3 24 40
12 90 77 84 1 0 19 0.43 0.0 0 10.8 35 160 M M 3 13 46 150
13 86 72 79 -4 0 14 2.28 0.0 0 17.1 47 100 M M 7 18 62 90
14 81 72 77 -6 0 12 1.62 0.0 0 18.7 49 100 M M 10 138 62 90
15 84 75 80 -3 0 15 0.01 0.0 0 12.7 23 360 M M 10 18 30 10
16 84 76 80 -2 0 15 T 0.0 0 10.6 16 10 M M 9 18 21 30
17 87 77 82 0 0 17 0.00 0.0 0 3.6 9 150 M M 3 14 130
18 91 80 86 4 0 21 0.00 0.0 0 4.5 12 140 M M 1 15 140
19 89 79 84 2 0 19 0.16 0.0 0 6.1 14 180 M M 1 3 17 180
20 91 83 87 5 0 22 0.00 0.0 0 10.5 16 190 M M 1 21 160
21 92 78 85 3 0 20 0.23 0.0 0 9.0 24 50 M M 2 3 30 50
22 84 73 79 -2 0 14 0.00 0.0 0 18.5 31 20 M M 2 39 30
23 82 70 76 -5 0 11 0.00 0.0 0 8.5 16 70 M M 0 21 110
24 84 73 79 -2 0 14 0.00 0.0 0 8.8 15 80 M M 2 21 110
25 85 70 78 -3 0 13 0.00 0.0 0 6.6 14 340 M M 0 17 10
26 85 74 80 -1 0 15 0.00 0.0 0 8.1 13 110 M M 1 17 100
27 90 79 85 5 0 20 0.00 0.0 0 9.2 15 100 M M 4 19 100
28 89 75 82 2 0 17 0.50 0.0 0 14.0 29 150 M M 4 138 34 260
29 84 72 78 -2 0 13 0.36 0.0 0 10.6 26 310 M M 3 13 39 230
30 87 80 84 4 0 19 0.17 0.0 0 9.2 18 170 M M 6 3 22 180
================================================================================
SM 2655 2323 0 547 6.40 0.0 291.9 M 85
================================================================================
AV 88.5 77.4 9.7 FASTST M M 3 MAX(MPH)
MISC ----> 49 100 # 62 90
================================================================================
NOTES:
# LAST OF SEVERAL OCCURRENCES
COLUMN 17 PEAK WIND IN M.P.H.
PRELIMINARY LOCAL CLIMATOLOGICAL DATA (WS FORM: F-6) , PAGE 2
STATION: GALVESTON
MONTH: SEPTEMBER
YEAR: 2021
LATITUDE: 29 16 N
LONGITUDE: 94 52 W
[TEMPERATURE DATA] [PRECIPITATION DATA] SYMBOLS USED IN COLUMN 16
AVERAGE MONTHLY: 83.0 TOTAL FOR MONTH: 6.40 1 = FOG OR MIST
DPTR FM NORMAL: 0.6 DPTR FM NORMAL: -0.25 2 = FOG REDUCING VISIBILITY
HIGHEST: 94 ON 9, 5 GRTST 24HR 2.93 ON 13-14 TO 1/4 MILE OR LESS
LOWEST: 70 ON 25,23 3 = THUNDER
SNOW, ICE PELLETS, HAIL 4 = ICE PELLETS
TOTAL MONTH: 0.0 INCH 5 = HAIL
GRTST 24HR 0.0 6 = FREEZING RAIN OR DRIZZLE
GRTST DEPTH: 0 7 = DUSTSTORM OR SANDSTORM:
VSBY 1/2 MILE OR LESS
8 = SMOKE OR HAZE
[NO. OF DAYS WITH] [WEATHER - DAYS WITH] 9 = BLOWING SNOW
X = TORNADO
MAX 32 OR BELOW: 0 0.01 INCH OR MORE: 11
MAX 90 OR ABOVE: 16 0.10 INCH OR MORE: 9
MIN 32 OR BELOW: 0 0.50 INCH OR MORE: 4
MIN 0 OR BELOW: 0 1.00 INCH OR MORE: 2
[HDD (BASE 65) ]
TOTAL THIS MO. 0 CLEAR (SCALE 0-3) 21
DPTR FM NORMAL 0 PTCLDY (SCALE 4-7) 6
TOTAL FM JUL 1 0 CLOUDY (SCALE 8-10) 3
DPTR FM NORMAL 0
[CDD (BASE 65) ]
TOTAL THIS MO. 547
DPTR FM NORMAL 25 [PRESSURE DATA]
TOTAL FM JAN 1 3151 HIGHEST SLP 30.22 ON 22
DPTR FM NORMAL 44 LOWEST SLP 29.67 ON 14
[REMARKS]
#FINAL-09-21#