000
CXUS54 KFWD 010730
CF6GOP
PRELIMINARY LOCAL CLIMATOLOGICAL DATA (WS FORM: F-6)
STATION: GATESVILLE
MONTH: JUNE
YEAR: 2021
LATITUDE: 31 25 N
LONGITUDE: 97 48 W
TEMPERATURE IN F: :PCPN: SNOW: WIND :SUNSHINE: SKY :PK WND
================================================================================
1 2 3 4 5 6A 6B 7 8 9 10 11 12 13 14 15 16 17 18
12Z AVG MX 2MIN
DY MAX MIN AVG DEP HDD CDD WTR SNW DPTH SPD SPD DIR MIN PSBL S-S WX SPD DR
================================================================================
1 77 64 71 -5 0 6 0.00 M M 4.1 10 360 M M 0 M M
2 81 59 70 -6 0 5 M M M 2.2 8 120 M M 0 22 120
3 73 64 69 -7 0 4 0.00 M M 1.0 5 60 M M 1 M M
4 79 66 73 -4 0 8 0.00 M M 2.2 8 80 M M 3 13 80
5 84 68 76 -1 0 11 0.00 M M 3.4 8 150 M M 4 15 150
6 88 66 77 0 0 12 0.00 M M 4.7 10 130 M M 4 17 140
7 82 68 75 -2 0 10 0.30 M M 7.1 17 20 M M 4 13 17 160
8 90 70 80 2 0 15 0.01 M M 8.2 20 180 M M 3 1 30 180
9 91 73 82 4 0 17 0.00 M M 7.2 13 180 M M 3 18 210
10 93 73 83 5 0 18 0.00 M M 8.0 13 190 M M 2 20 170
11 91 77 84 6 0 19 0.00 M M 9.0 15 160 M M 3 21 160
12 91 73 82 4 0 17 0.00 M M 3.4 8 150 M M 2 13 99
13 95 72 84 6 0 19 0.00 M M 1.1 6 50 M M 1 8 M M
14 95 72 84 5 0 19 0.00 M M 2.3 12 320 M M 0 8 21 320
15 93 72 83 4 0 18 0.00 M M 1.7 9 40 M M 0 16 10
16 95 72 84 5 0 19 0.00 M M 1.1 6 110 M M 0 8 12 0
17 95 70 83 4 0 18 0.00 M M 1.0 6 110 M M 0 M M
18 91 73 82 3 0 17 0.00 M M 1.3 9 120 M M 0 14 120
19 95 66 81 1 0 16 0.00 M M 3.4 8 140 M M 0 14 140
20 95 73 84 4 0 19 0.00 M M 9.0 14 140 M M 1 22 180
21 97 75 86 6 0 21 0.00 M M 6.1 16 20 M M 3 18 24 30
22 84 70 77 -3 0 12 0.00 M M 3.9 10 40 M M 7 1 16 40
23 95 73 84 4 0 19 0.00 M M 6.9 16 180 M M 3 1 18 180
24 95 75 85 5 0 20 0.00 M M 9.8 14 180 M M 1 21 190
25 95 75 85 5 0 20 0.00 M M 9.7 16 150 M M 1 23 170
26 93 77 85 4 0 20 0.00 M M 10.7 17 190 M M 3 25 170
27 88 70 79 -2 0 14 0.62 M M 2.6 10 40 M M 2 18 0
28 82 70 76 -5 0 11 0.02 M M 1.9 7 60 M M 5 14 99
29 88 72 80 -1 0 15 0.10 M M 4.0 8 160 M M 4 1 18 99
30 90 72 81 0 0 16 0.00 M M 1.2 6 99 M M 3 1 12 0
================================================================================
SM 2681 2120 0 455 1.05 M 138.0 M 63
================================================================================
AV 89.4 70.7 4.6 FASTST M M 2 MAX(MPH)
MISC ----> 20 180 30 180
================================================================================
NOTES:
# LAST OF SEVERAL OCCURRENCES
COLUMN 17 PEAK WIND IN M.P.H.
PRELIMINARY LOCAL CLIMATOLOGICAL DATA (WS FORM: F-6) , PAGE 2
STATION: GATESVILLE
MONTH: JUNE
YEAR: 2021
LATITUDE: 31 25 N
LONGITUDE: 97 48 W
[TEMPERATURE DATA] [PRECIPITATION DATA] SYMBOLS USED IN COLUMN 16
AVERAGE MONTHLY: 80.0 TOTAL FOR MONTH: 1.05 1 = FOG OR MIST
DPTR FM NORMAL: 1.2 DPTR FM NORMAL: M 2 = FOG REDUCING VISIBILITY
HIGHEST: 97 ON 21 GRTST 24HR 0.62 ON 27-27 TO 1/4 MILE OR LESS
LOWEST: 59 ON 2 3 = THUNDER
SNOW, ICE PELLETS, HAIL 4 = ICE PELLETS
TOTAL MONTH: M 5 = HAIL
GRTST 24HR M ON M 6 = FREEZING RAIN OR DRIZZLE
GRTST DEPTH: M ON M 7 = DUSTSTORM OR SANDSTORM:
VSBY 1/2 MILE OR LESS
8 = SMOKE OR HAZE
[NO. OF DAYS WITH] [WEATHER - DAYS WITH] 9 = BLOWING SNOW
X = TORNADO
MAX 32 OR BELOW: 0 0.01 INCH OR MORE: 5
MAX 90 OR ABOVE: 19 0.10 INCH OR MORE: 2
MIN 32 OR BELOW: 0 0.50 INCH OR MORE: 1
MIN 0 OR BELOW: 0 1.00 INCH OR MORE: 0
[HDD (BASE 65) ]
TOTAL THIS MO. 0 CLEAR (SCALE 0-3) 21
DPTR FM NORMAL 0 PTCLDY (SCALE 4-7) 9
TOTAL FM JUL 1 2216 CLOUDY (SCALE 8-10) 0
DPTR FM NORMAL -241
[CDD (BASE 65) ]
TOTAL THIS MO. 455
DPTR FM NORMAL 41 [PRESSURE DATA]
TOTAL FM JAN 1 759 HIGHEST SLP M ON M
DPTR FM NORMAL 12 LOWEST SLP M ON M
[REMARKS]
#FINAL-06-21#