000
CXUS55 KMSO 011000
CF6GPI
PRELIMINARY LOCAL CLIMATOLOGICAL DATA (WS FORM: F-6)
STATION: KALISPELL MT
MONTH: DECEMBER
YEAR: 2023
LATITUDE: 48 17 N
LONGITUDE: 114 16 W
TEMPERATURE IN F: :PCPN: SNOW: WIND :SUNSHINE: SKY :PK WND
================================================================================
1 2 3 4 5 6A 6B 7 8 9 10 11 12 13 14 15 16 17 18
12Z AVG MX 2MIN
DY MAX MIN AVG DEP HDD CDD WTR SNW DPTH SPD SPD DIR MIN PSBL S-S WX SPD DR
================================================================================
1 29 22 26 -1 39 0 0.11 1.2 1 0.6 5 230 M M 10 1 8 140
2 36 25 31 4 34 0 0.06 0.9 2 7.3 20 150 M M 10 18 28 140
3 35 13 24 -3 41 0 0.03 T 2 3.4 15 160 M M 5 18 22 160
4 34 16 25 -1 40 0 0.00 0.0 2 1.5 9 50 M M 7 12 11 50
5 42 33 38 12 27 0 0.11 0.0 0 1.2 7 280 M M 10 18 8 280
6 46 35 41 15 24 0 0.04 M M 1.7 8 50 M M 9 12 8 60
7 43 26 35 9 30 0 0.05 0.0 0 6.9 18 220 M M 9 1 29 200
8 34 26 30 5 35 0 0.03 T 0 4.9 13 140 M M 10 1 19 140
9 33 20 27 2 38 0 0.05 M M 3.6 10 160 M M 5 1 14 170
10 33 28 31 6 34 0 0.14 2.2 1 2.7 9 180 M M 10 1 13 170
11 38 31 35 10 30 0 0.03 0.0 1 1.1 7 340 M M 10 1 12 340
12 36 30 33 9 32 0 T T 0 1.6 8 340 M M 10 11 310
13 34 29 32 8 33 0 0.00 0.0 0 1.2 7 130 M M 10 12 130
14 31 26 29 5 36 0 0.00 0.0 0 2.8 10 50 M M 9 13 40
15 36 24 30 6 35 0 0.00 0.0 0 0.1 5 160 M M 8 7 150
16 32 29 31 7 34 0 0.00 0.0 0 0.9 6 230 M M 10 1 7 340
17 39 21 30 6 35 0 0.00 0.0 0 0.6 5 10 M M 5 12 7 40
18 30 25 28 5 37 0 0.00 0.0 0 1.1 6 360 M M 9 12 8 60
19 35 30 33 10 32 0 0.07 0.5 1 0.6 8 160 M M 10 16 10 170
20 38 31 35 12 30 0 0.02 0.0 0 0.0 5 290 M M 10 12 7 100
21 41 31 36 13 29 0 0.00 0.0 0 0.7 6 80 M M 10 12 7 280
22 38 30 34 11 31 0 T 0.0 0 0.7 17 190 M M 10 12 29 190
23 38 19 29 6 36 0 0.01 T 0 5.4 21 190 M M 7 1 26 200
24 33 13 23 0 42 0 0.00 0.0 0 0.8 6 50 M M 2 1 8 50
25 29 10 20 -2 45 0 0.00 0.0 0 0.9 6 270 M M 4 7 320
26 29 12 21 -1 44 0 0.01 0.2 0 0.4 6 270 M M 8 1 7 210
27 34 13 24 2 41 0 T T 0 1.5 9 360 M M 4 12 12 360
28 32 23 28 6 37 0 0.00 0.0 0 0.4 6 350 M M 9 12 7 210
29 30 23 27 5 38 0 0.00 0.0 0 1.7 6 260 M M 10 12 7 260
30 28 26 27 5 38 0 T T 0 1.9 8 160 M M 10 1 10 150
31 M M M M M M M M M M M M M M M M M
================================================================================
SM 1046 720 1057 0 0.76 5.0 58.2 M 250
================================================================================
AV 34.9 24.0 1.9 FASTST M M 8 MAX(MPH)
MISC ----> 21 190 # 29 200
================================================================================
NOTES:
# LAST OF SEVERAL OCCURRENCES
COLUMN 17 PEAK WIND IN M.P.H.
PRELIMINARY LOCAL CLIMATOLOGICAL DATA (WS FORM: F-6) , PAGE 2
STATION: KALISPELL MT
MONTH: DECEMBER
YEAR: 2023
LATITUDE: 48 17 N
LONGITUDE: 114 16 W
[TEMPERATURE DATA] [PRECIPITATION DATA] SYMBOLS USED IN COLUMN 16
AVERAGE MONTHLY: 29.4 TOTAL FOR MONTH: 0.76 1 = FOG OR MIST
DPTR FM NORMAL: 5.3 DPTR FM NORMAL: -0.74 2 = FOG REDUCING VISIBILITY
HIGHEST: 46 ON 6 GRTST 24HR 0.19 ON 9-10 TO 1/4 MILE OR LESS
LOWEST: 10 ON 25 3 = THUNDER
SNOW, ICE PELLETS, HAIL 4 = ICE PELLETS
TOTAL MONTH: 5.2 INCHES 5 = HAIL
GRTST 24HR 2.2 ON 10-10 6 = FREEZING RAIN OR DRIZZLE
GRTST DEPTH: 2 ON 4, 3 7 = DUSTSTORM OR SANDSTORM:
VSBY 1/2 MILE OR LESS
8 = SMOKE OR HAZE
[NO. OF DAYS WITH] [WEATHER - DAYS WITH] 9 = BLOWING SNOW
X = TORNADO
MAX 32 OR BELOW: 9 0.01 INCH OR MORE: 14
MAX 90 OR ABOVE: 0 0.10 INCH OR MORE: 3
MIN 32 OR BELOW: 28 0.50 INCH OR MORE: 0
MIN 0 OR BELOW: 0 1.00 INCH OR MORE: 0
[HDD (BASE 65) ]
TOTAL THIS MO. 1057 CLEAR (SCALE 0-3) 1
DPTR FM NORMAL -211 PTCLDY (SCALE 4-7) 8
TOTAL FM JUL 1 3023 CLOUDY (SCALE 8-10) 21
DPTR FM NORMAL -470
[CDD (BASE 65) ]
TOTAL THIS MO. 0
DPTR FM NORMAL 0 [PRESSURE DATA]
TOTAL FM JAN 1 245 HIGHEST SLP 30.57 ON 15
DPTR FM NORMAL 102 LOWEST SLP 29.49 ON 2
[REMARKS]
#FINAL-12-23#