000
CXUS54 KLIX 010810
CF6GPT
PRELIMINARY LOCAL CLIMATOLOGICAL DATA (WS FORM: F-6)
STATION: GULFPORT
MONTH: APRIL
YEAR: 2020
LATITUDE: 30 23 N
LONGITUDE: 89 4 W
TEMPERATURE IN F: :PCPN: SNOW: WIND :SUNSHINE: SKY :PK WND
================================================================================
1 2 3 4 5 6A 6B 7 8 9 10 11 12 13 14 15 16 17 18
12Z AVG MX 2MIN
DY MAX MIN AVG DEP HDD CDD WTR SNW DPTH SPD SPD DIR MIN PSBL S-S WX SPD DR
================================================================================
1 73 46 60 -3 5 0 0.00 0.0 M 4.6 13 10 M M 0 19 340
2 74 52 63 0 2 0 0.00 0.0 M 4.9 15 140 M M 0 20 150
3 78 58 68 4 0 3 0.00 0.0 M 3.9 12 160 M M 1 17 150
4 79 57 68 4 0 3 0.02 0.0 M 3.5 14 150 M M 3 20 100
5 79 62 71 7 0 6 0.02 0.0 M 4.9 14 150 M M 4 19 160
6 78 60 69 5 0 4 0.00 0.0 M 5.8 16 150 M M 0 22 140
7 80 71 76 11 0 11 T 0.0 M 6.4 13 160 M M 8 18 18 200
8 86 75 81 16 0 16 0.00 0.0 M 6.1 14 230 M M 6 20 210
9 91 67 79 14 0 14 0.28 0.0 M 7.4 31 320 M M 4 13 46 310
10 74 54 64 -1 1 0 0.06 0.0 M 8.4 18 10 M M 2 1 25 20
11 74 53 64 -2 1 0 0.00 0.0 M 12.2 20 130 M M 1 26 140
12 80 71 76 10 0 11 T 0.0 M 15.0 22 190 M M 10 18 35 190
13 85 58 72 6 0 7 0.00 0.0 M 7.6 15 340 M M 0 18 20 350
14 78 51 65 -1 0 0 0.00 0.0 M 10.9 18 350 M M 1 25 360
15 71 49 60 -7 5 0 0.00 0.0 M 11.6 20 340 M M 2 27 10
16 73 46 60 -7 5 0 0.00 0.0 M 5.3 16 90 M M 0 21 80
17 78 53 66 -1 0 1 0.00 0.0 M 8.3 22 130 M M 5 26 130
18 80 68 74 7 0 9 0.12 0.0 M 5.8 17 120 M M 9 13 20 120
19 81 66 74 6 0 9 0.75 0.0 M 6.7 20 360 M M 8 123 27 10
20 78 60 69 1 0 4 0.00 0.0 M 7.5 15 300 M M 1 19 310
21 84 54 69 1 0 4 0.00 0.0 M 2.6 12 110 M M 0 16 80
22 81 63 72 4 0 7 T 0.0 M 14.2 28 130 M M 2 3 33 120
23 79 65 72 3 0 7 0.22 0.0 M 9.8 28 140 M M 7 13 35 130
24 80 58 69 0 0 4 0.00 0.0 M 4.9 13 150 M M 0 15 160
25 89 61 75 6 0 10 0.00 0.0 M 8.8 21 330 M M 1 29 340
26 81 56 69 0 0 4 0.00 0.0 M 8.2 22 340 M M 0 8 29 340
27 76 52 64 -6 1 0 0.00 0.0 M 6.2 16 70 M M 0 21 70
28 80 53 67 -3 0 2 0.15 0.0 M 10.0 30 120 M M 2 37 130
29 76 58 67 -3 0 2 1.02 M M 8.2 35 140 M M 5 13 42 140
30 79 50 65 -5 0 0 0.00 0.0 M 8.0 22 310 M M 0 28 310
================================================================================
SM 2375 1747 20 138 2.64 0.0 227.7 M 82
================================================================================
AV 79.2 58.2 7.6 FASTST M M 3 MAX(MPH)
MISC ----> 35 140 46 310
================================================================================
NOTES:
# LAST OF SEVERAL OCCURRENCES
COLUMN 17 PEAK WIND IN M.P.H.
PRELIMINARY LOCAL CLIMATOLOGICAL DATA (WS FORM: F-6) , PAGE 2
STATION: GULFPORT
MONTH: APRIL
YEAR: 2020
LATITUDE: 30 23 N
LONGITUDE: 89 4 W
[TEMPERATURE DATA] [PRECIPITATION DATA] SYMBOLS USED IN COLUMN 16
AVERAGE MONTHLY: 68.7 TOTAL FOR MONTH: 2.64 1 = FOG OR MIST
DPTR FM NORMAL: 2.0 DPTR FM NORMAL: -1.92 2 = FOG REDUCING VISIBILITY
HIGHEST: 91 ON 9 GRTST 24HR 1.17 ON 28-29 TO 1/4 MILE OR LESS
LOWEST: 46 ON 16, 1 3 = THUNDER
SNOW, ICE PELLETS, HAIL 4 = ICE PELLETS
TOTAL MONTH: 0.0 INCH 5 = HAIL
GRTST 24HR 0.0 6 = FREEZING RAIN OR DRIZZLE
GRTST DEPTH: M ON M 7 = DUSTSTORM OR SANDSTORM:
VSBY 1/2 MILE OR LESS
8 = SMOKE OR HAZE
[NO. OF DAYS WITH] [WEATHER - DAYS WITH] 9 = BLOWING SNOW
X = TORNADO
MAX 32 OR BELOW: 0 0.01 INCH OR MORE: 9
MAX 90 OR ABOVE: 1 0.10 INCH OR MORE: 6
MIN 32 OR BELOW: 0 0.50 INCH OR MORE: 2
MIN 0 OR BELOW: 0 1.00 INCH OR MORE: 1
[HDD (BASE 65) ]
TOTAL THIS MO. 20 CLEAR (SCALE 0-3) 19
DPTR FM NORMAL -37 PTCLDY (SCALE 4-7) 8
TOTAL FM JUL 1 1211 CLOUDY (SCALE 8-10) 3
DPTR FM NORMAL -416
[CDD (BASE 65) ]
TOTAL THIS MO. 138
DPTR FM NORMAL 30 [PRESSURE DATA]
TOTAL FM JAN 1 365 HIGHEST SLP M ON M
DPTR FM NORMAL 221 LOWEST SLP 29.61 ON 12
[REMARKS]
#FINAL-04-20#