000
CXUS53 KGRB 021327
CLSGRB
CLIMATE REPORT
NATIONAL WEATHER SERVICE GREEN BAY
827 AM CDT THU JUN 02 2022
...................................
...THE GREEN BAY WI CLIMATE SUMMARY FOR THE SEASON, FROM
3/1/2022 TO 5/31/2022...
CLIMATE NORMAL PERIOD: 1991 TO 2020
CLIMATE RECORD PERIOD: 1886 TO 2022
WEATHER OBSERVED NORMAL DEPART LAST YEAR`S
VALUE DATE(S) VALUE FROM VALUE DATE(S)
NORMAL
................................................................
TEMPERATURE (F)
RECORD
HIGH 99 05/31/1934
LOW -29 03/01/1962
HIGHEST 94 05/12 85 9 87 05/22
LOWEST 3 03/12 3 0 17 03/02
AVG. MAXIMUM 53.2 53.8 -0.6 57.7
AVG. MINIMUM 36.8 34.9 1.9 36.8
MEAN 45.0 44.3 0.7 47.2
DAYS MAX >= 90 2 0.2 1.8 0
DAYS MAX <= 32 6 7.5 -1.5 1
DAYS MIN <= 32 34 38.6 -4.6 36
DAYS MIN <= 0 0 1.3 -1.3 0
PRECIPITATION (INCHES)
RECORD
MAXIMUM 14.12 1918
MINIMUM 3.42 1931
TOTALS 11.12 8.31 2.81 5.17
DAILY AVG. 0.12 0.09 0.03 0.06
DAYS >= .01 40 34.5 5.5 34
DAYS >= .10 20 18.9 1.1 18
DAYS >= .50 8 5.6 2.4 1
DAYS >= 1.00 3 1.3 1.7 0
SNOWFALL (INCHES)
RECORDS
TOTAL 51.9 1888
24 HR TOTAL MM
TOTALS 9.3 12.8 -3.5 4.3
SINCE 7/1 43.8 55.6 -11.8 32.0
DAYS >= TRACE 27 9.3 17.7 10
DAYS >= 1.0 5 3.9 1.1 1
GREATEST
SNOW DEPTH 1 03/07 3 03/15
03/19
24 HR TOTAL MM
DEGREE DAYS
HEATING TOTAL 1894 1929 -35 1660
SINCE 7/1 7132 7438 -306 7037
COOLING TOTAL 79 28 51 45
SINCE 1/1 79 27 52 45
FREEZE DATES
RECORD
EARLIEST 09/12/1955
LATEST 06/06/1958
EARLIEST 10/23
LATEST 05/12
................................................................
WIND (MPH)
AVERAGE WIND SPEED 10.2
RESULTANT WIND SPEED/DIRECTION 1/260
HIGHEST WIND SPEED/DIRECTION 39/150 DATE 05/09
HIGHEST GUST SPEED/DIRECTION 52/160 DATE 05/09
SKY COVER
POSSIBLE SUNSHINE (PERCENT) MM
AVERAGE SKY COVER 0.52
NUMBER OF DAYS FAIR 33
NUMBER OF DAYS PC 28
NUMBER OF DAYS CLOUDY 31
AVERAGE RH (PERCENT) 67
WEATHER CONDITIONS. NUMBER OF DAYS WITH
THUNDERSTORM 10 MIXED PRECIP 0
HEAVY RAIN 8 RAIN 14
LIGHT RAIN 39 FREEZING RAIN 2
LT FREEZING RAIN 2 HAIL 1
HEAVY SNOW 0 SNOW 1
LIGHT SNOW 21 SLEET 0
FOG 36 FOG W/VIS <= 1/4 MILE 2
HAZE 16
- INDICATES NEGATIVE NUMBERS.
R INDICATES RECORD WAS SET OR TIED.
MM INDICATES DATA IS MISSING.
T INDICATES TRACE AMOUNT.
$$