991
CXUS53 KGID 011312
CF6GRI
PRELIMINARY LOCAL CLIMATOLOGICAL DATA (WS FORM: F-6)
STATION: GRAND ISLAND NE
MONTH: JUNE
YEAR: 2020
LATITUDE: 40 58 N
LONGITUDE: 98 19 W
TEMPERATURE IN F: :PCPN: SNOW: WIND :SUNSHINE: SKY :PK WND
================================================================================
1 2 3 4 5 6A 6B 7 8 9 10 11 12 13 14 15 16 17 18
12Z AVG MX 2MIN
DY MAX MIN AVG DEP HDD CDD WTR SNW DPTH SPD SPD DIR MIN PSBL S-S WX SPD DR
================================================================================
1 95 68 82 15 0 17 T 0.0 0 18.5 30 210 M M 0 41 210
2 94 68 81 14 0 16 0.00 0.0 0 13.3 24 230 M M 0 32 220
3 94 66 80 13 0 15 0.30 0.0 0 10.5 31 320 M M 0 138 46 320
4 94 61 78 10 0 13 T 0.0 0 8.2 31 320 M M 0 1 42 320
5 93 65 79 11 0 14 0.09 0.0 0 9.0 20 100 M M 0 3 28 80
6 97 73 85 17 0 20 0.00 0.0 0 15.3 28 160 M M 0 3 40 150
7 95 76 86 17 0 21 0.00 0.0 0 24.5 37 180 M M 0 8 52 170
8 93 74 84 15 0 19 0.00 0.0 0 20.5 30 170 M M 1 50 180
9 77 56 67 -2 0 2 0.14 0.0 0 22.4 46 360 M M 8 18 64 360
10 77 54 66 -4 0 1 T 0.0 0 17.1 30 350 M M 2 43 350
11 89 53 71 1 0 6 0.00 0.0 0 3.5 10 30 M M 0 8 14 350
12 91 65 78 8 0 13 0.00 0.0 0 8.3 15 130 M M 0 22 120
13 94 64 79 8 0 14 0.00 0.0 0 14.4 26 140 M M 0 36 130
14 99 69 84 13 0 19 0.00 0.0 0 20.5 31 170 M M 0 43 180
15 97 71 84 13 0 19 0.00 0.0 0 19.7 30 180 M M 0 41 160
16 95 70 83 11 0 18 0.00 0.0 0 20.1 30 170 M M 0 42 170
17 97 71 84 12 0 19 0.00 0.0 0 21.7 32 170 M M 0 49 170
18 84 62 73 1 0 8 T 0.0 0 15.5 24 350 M M 4 35 160
19 72 57 65 -8 0 0 T 0.0 0 7.6 17 50 M M 7 22 70
20 85 61 73 0 0 8 T 0.0 0 7.0 14 180 M M 5 3 20 240
21 87 64 76 3 0 11 T 0.0 0 13.4 26 180 M M 1 1 37 180
22 89 62 76 3 0 11 0.02 0.0 0 9.2 31 30 M M 3 8 42 30
23 85 57 71 -3 0 6 0.00 0.0 0 8.4 18 350 M M 3 1 26 340
24 87 57 72 -2 0 7 0.00 0.0 0 6.9 14 130 M M 1 20 120
25 96 66 81 7 0 16 0.00 0.0 0 13.1 22 180 M M 0 32 160
26 91 66 79 5 0 14 0.01 0.0 0 4.5 18 330 M M 0 23 330
27 89 68 79 4 0 14 T 0.0 0 8.3 17 190 M M 2 8 24 210
28 89 67 78 3 0 13 0.56 0.0 0 13.0 31 140 M M 2 138 45 170
29 90 75 83 8 0 18 0.00 0.0 0 16.4 26 150 M M 4 8 37 150
30 90 66 78 3 0 13 0.70 0.0 0 14.2 47 330 M M 4 138 62 330
================================================================================
SM 2705 1952 0 385 1.82 0.0 405.0 M 47
================================================================================
AV 90.2 65.1 13.5 FASTST M M 2 MAX(MPH)
MISC ----> # 47 330 # 64 360
================================================================================
NOTES:
# LAST OF SEVERAL OCCURRENCES
COLUMN 17 PEAK WIND IN M.P.H.
PRELIMINARY LOCAL CLIMATOLOGICAL DATA (WS FORM: F-6) , PAGE 2
STATION: GRAND ISLAND NE
MONTH: JUNE
YEAR: 2020
LATITUDE: 40 58 N
LONGITUDE: 98 19 W
[TEMPERATURE DATA] [PRECIPITATION DATA] SYMBOLS USED IN COLUMN 16
AVERAGE MONTHLY: 77.6 TOTAL FOR MONTH: 1.82 1 = FOG OR MIST
DPTR FM NORMAL: 6.3 DPTR FM NORMAL: -2.48 2 = FOG REDUCING VISIBILITY
HIGHEST: 99 ON 14 GRTST 24HR 0.70 ON 30-30 TO 1/4 MILE OR LESS
LOWEST: 53 ON 11 3 = THUNDER
SNOW, ICE PELLETS, HAIL 4 = ICE PELLETS
TOTAL MONTH: 0.0 INCH 5 = HAIL
GRTST 24HR 0.0 6 = FREEZING RAIN OR DRIZZLE
GRTST DEPTH: 0 7 = DUSTSTORM OR SANDSTORM:
VSBY 1/2 MILE OR LESS
8 = SMOKE OR HAZE
[NO. OF DAYS WITH] [WEATHER - DAYS WITH] 9 = BLOWING SNOW
X = TORNADO
MAX 32 OR BELOW: 0 0.01 INCH OR MORE: 7
MAX 90 OR ABOVE: 18 0.10 INCH OR MORE: 4
MIN 32 OR BELOW: 0 0.50 INCH OR MORE: 2
MIN 0 OR BELOW: 0 1.00 INCH OR MORE: 0
[HDD (BASE 65) ]
TOTAL THIS MO. 0 CLEAR (SCALE 0-3) 24
DPTR FM NORMAL -24 PTCLDY (SCALE 4-7) 6
TOTAL FM JUL 1 5801 CLOUDY (SCALE 8-10) 0
DPTR FM NORMAL -398
[CDD (BASE 65) ]
TOTAL THIS MO. 385
DPTR FM NORMAL 172 [PRESSURE DATA]
TOTAL FM JAN 1 414 HIGHEST SLP 30.26 ON 12
DPTR FM NORMAL 136 LOWEST SLP 29.49 ON 9
[REMARKS]
#FINAL-06-20#