000
CXUS53 KGRR 011010
CF6GRR
PRELIMINARY LOCAL CLIMATOLOGICAL DATA (WS FORM: F-6)
STATION: GRAND RAPIDS
MONTH: FEBRUARY
YEAR: 2021
LATITUDE: 42 52 N
LONGITUDE: 85 31 W
TEMPERATURE IN F: :PCPN: SNOW: WIND :SUNSHINE: SKY :PK WND
================================================================================
1 2 3 4 5 6A 6B 7 8 9 10 11 12 13 14 15 16 17 18
12Z AVG MX 2MIN
DY MAX MIN AVG DEP HDD CDD WTR SNW DPTH SPD SPD DIR MIN PSBL S-S WX SPD DR
================================================================================
1 33 21 27 3 38 0 0.00 0.0 3 9.9 17 30 M M 8 23 30
2 36 18 27 2 38 0 0.00 0.0 3 8.9 17 360 M M 2 24 10
3 36 16 26 1 39 0 0.00 0.0 2 6.0 9 250 M M 1 13 280
4 37 20 29 4 36 0 0.23 3.3 2 11.9 22 170 M M 7 12 31 180
5 33 15 24 -1 41 0 0.29 7.9 8 20.4 35 260 M M 10 129 46 260
6 18 14 16 -9 49 0 0.15 3.2 12 14.5 23 250 M M 10 18 29 260
7 15 6 11 -14 54 0 0.05 1.1 11 9.9 18 280 M M 10 18 26 270
8 17 2 10 -15 55 0 0.04 0.6 10 4.9 10 200 M M 10 1 13 190
9 17 5 11 -15 54 0 0.01 0.2 9 5.2 14 280 M M 8 1 18 290
10 20 5 13 -13 52 0 T T 9 4.2 13 320 M M 10 18 15 320
11 21 1 11 -15 54 0 0.01 0.1 9 5.9 13 30 M M 6 8 15 30
12 27 15 21 -5 44 0 0.07 1.0 9 6.1 13 90 M M 9 1 17 80
13 21 5 13 -13 52 0 0.08 1.8 9 4.6 12 90 M M 10 128 14 90
14 17 9 13 -13 52 0 0.06 1.4 10 9.2 15 290 M M 10 1 23 310
15 13 8 11 -16 54 0 0.26 3.4 11 9.9 21 30 M M 10 18 29 30
16 19 -2 9 -18 56 0 0.16 3.0 14 8.0 21 20 M M 6 18 27 30
17 22 -12 5 -22 60 0 0.00 0.0 13 4.8 12 100 M M 4 18 14 110
18 23 6 15 -12 50 0 T 0.1 12 5.3 14 80 M M 8 1 17 70
19 25 11 18 -10 47 0 0.03 0.6 12 7.8 21 250 M M 9 18 26 260
20 26 6 16 -12 49 0 0.01 0.4 12 7.6 16 250 M M 6 18 21 240
21 33 3 18 -10 47 0 0.06 1.0 12 11.2 25 120 M M 6 18 33 120
22 36 30 33 5 32 0 0.10 0.5 12 16.2 26 250 M M 10 18 36 270
23 43 34 39 10 26 0 0.05 T 11 13.3 26 230 M M 7 1 37 250
24 42 29 36 7 29 0 0.00 0.0 7 12.2 26 270 M M 7 8 34 300
25 38 17 28 -1 37 0 0.00 0.0 6 9.3 22 270 M M 2 29 240
26 41 18 30 1 35 0 0.00 0.0 5 9.9 17 180 M M 3 18 24 140
27 45 32 39 9 26 0 0.16 1.0 5 7.1 14 240 M M 7 18 19 150
28 48 32 40 10 25 0 0.02 0.0 2 12.7 29 260 M M 8 1 39 260
================================================================================
SM 802 364 1231 0 1.84 30.6 256.9 M 204
================================================================================
AV 28.6 13.0 9.2 FASTST M M 7 MAX(MPH)
MISC ----> 35 260 46 260
================================================================================
NOTES:
# LAST OF SEVERAL OCCURRENCES
COLUMN 17 PEAK WIND IN M.P.H.
PRELIMINARY LOCAL CLIMATOLOGICAL DATA (WS FORM: F-6) , PAGE 2
STATION: GRAND RAPIDS
MONTH: FEBRUARY
YEAR: 2021
LATITUDE: 42 52 N
LONGITUDE: 85 31 W
[TEMPERATURE DATA] [PRECIPITATION DATA] SYMBOLS USED IN COLUMN 16
AVERAGE MONTHLY: 20.8 TOTAL FOR MONTH: 1.84 1 = FOG OR MIST
DPTR FM NORMAL: -6.0 DPTR FM NORMAL: 0.05 2 = FOG REDUCING VISIBILITY
HIGHEST: 48 ON 28 GRTST 24HR 0.36 ON 15-16 TO 1/4 MILE OR LESS
LOWEST: -12 ON 17 3 = THUNDER
SNOW, ICE PELLETS, HAIL 4 = ICE PELLETS
TOTAL MONTH: 32.7 INCHES 5 = HAIL
GRTST 24HR 7.9 ON 5- 5 6 = FREEZING RAIN OR DRIZZLE
GRTST DEPTH: 14 ON 16 7 = DUSTSTORM OR SANDSTORM:
VSBY 1/2 MILE OR LESS
8 = SMOKE OR HAZE
[NO. OF DAYS WITH] [WEATHER - DAYS WITH] 9 = BLOWING SNOW
X = TORNADO
MAX 32 OR BELOW: 15 0.01 INCH OR MORE: 19
MAX 90 OR ABOVE: 0 0.10 INCH OR MORE: 7
MIN 32 OR BELOW: 27 0.50 INCH OR MORE: 0
MIN 0 OR BELOW: 2 1.00 INCH OR MORE: 0
[HDD (BASE 65) ]
TOTAL THIS MO. 1231 CLEAR (SCALE 0-3) 4
DPTR FM NORMAL 161 PTCLDY (SCALE 4-7) 11
TOTAL FM JUL 1 4644 CLOUDY (SCALE 8-10) 13
DPTR FM NORMAL -131
[CDD (BASE 65) ]
TOTAL THIS MO. 0
DPTR FM NORMAL 0 [PRESSURE DATA]
TOTAL FM JAN 1 0 HIGHEST SLP 30.50 ON 11
DPTR FM NORMAL 0 LOWEST SLP 29.21 ON 5
[REMARKS]
#FINAL-02-21#