000
CXGM50 PGUM 010030
CF6GSN
PRELIMINARY LOCAL CLIMATOLOGICAL DATA (WS FORM: F-6)
STATION: SAIPAN/ISLEY_(CGS) MP
MONTH: JULY
YEAR: 2021
LATITUDE: 15 7 N
LONGITUDE: 145-44 E
TEMPERATURE IN F: :PCPN: SNOW: WIND :SUNSHINE: SKY :PK WND
================================================================================
1 2 3 4 5 6A 6B 7 8 9 10 11 12 13 14 15 16 17 18
12Z AVG MX 2MIN
DY MAX MIN AVG DEP HDD CDD WTR SNW DPTH SPD SPD DIR MIN PSBL S-S WX SPD DR
================================================================================
1 92 79 86 3 0 21 0.10 0.0 0 12.7 20 100 M M 3 25 80
2 86 76 81 -2 0 16 0.17 0.0 0 11.5 25 80 M M 5 18 32 90
3 91 82 87 4 0 22 T M M 14.5 22 80 M M 3 31 90
4 90 81 86 3 0 21 0.16 M M 14.1 21 80 M M 3 18 24 90
5 90 77 84 1 0 19 0.32 M M 11.8 29 110 M M 3 1 38 110
6 90 81 86 3 0 21 T M M 11.5 17 60 M M 2 22 70
7 91 79 85 2 0 20 T M M 13.7 25 100 M M 3 31 90
8 92 81 87 4 0 22 0.01 M M 12.1 18 90 M M 3 22 80
9 92 79 86 3 0 21 0.04 M M 10.0 18 90 M M 3 8 23 100
10 91 81 86 3 0 21 T M M 9.2 15 110 M M 3 21 100
11 92 79 86 3 0 21 0.23 M M 9.7 17 120 M M 4 29 40
12 91 77 84 1 0 19 0.18 M M 10.4 24 120 M M 4 1 30 110
13 89 74 82 -1 0 17 0.55 M M 10.4 23 130 M M 4 1 29 130
14 85 76 81 -2 0 16 0.78 M M 9.0 21 80 M M 5 13 29 110
15 89 76 83 0 0 18 0.11 M M 9.8 24 100 M M 3 1 30 100
16 89 81 85 2 0 20 T 0.0 0 9.6 16 70 M M 5 19 70
17 90 81 86 3 0 21 T 0.0 0 10.0 18 90 M M 4 22 80
18 89 78 84 1 0 19 0.01 M M 6.2 14 60 M M 3 18 40
19 87 81 84 1 0 19 T M M 9.6 18 110 M M 3 26 110
20 85 77 81 -2 0 16 1.13 M M 8.7 18 160 M M 6 1 23 150
21 84 74 79 -4 0 14 0.62 M M 13.6 36 190 M M 7 1 51 190
22 88 77 83 0 0 18 1.79 M M 7.0 18 250 M M 4 1 25 250
23 87 79 83 0 0 18 0.10 M M 8.1 18 250 M M 5 1 26 260
24 85 77 81 -2 0 16 0.95 M M 12.4 26 240 M M 4 1 38 260
25 88 77 83 0 0 18 0.70 M M 11.2 26 260 M M 7 1 35 260
26 88 78 83 0 0 18 0.47 M M 11.2 21 210 M M 4 18 27 250
27 89 80 85 2 0 20 T M M 11.4 18 190 M M 3 1 25 180
28 89 81 85 3 0 20 0.01 M M 7.4 16 140 M M 3 19 140
29 88 80 84 2 0 19 0.09 M M 4.2 14 100 M M 4 1 17 100
30 91 79 85 3 0 20 T M M 4.8 14 110 M M 4 1 17 110
31 89 79 84 2 0 19 0.00 M M 4.7 9 270 M M 3 12 300
================================================================================
SM 2757 2437 0 590 8.52 0.0 310.5 M 120
================================================================================
AV 88.9 78.6 10.0 FASTST M M 4 MAX(MPH)
MISC ----> 36 190 51 190
================================================================================
NOTES:
# LAST OF SEVERAL OCCURRENCES
COLUMN 17 PEAK WIND IN M.P.H.
PRELIMINARY LOCAL CLIMATOLOGICAL DATA (WS FORM: F-6) , PAGE 2
STATION: SAIPAN/ISLEY_(CGS) MP
MONTH: JULY
YEAR: 2021
LATITUDE: 15 7 N
LONGITUDE: 145-44 E
[TEMPERATURE DATA] [PRECIPITATION DATA] SYMBOLS USED IN COLUMN 16
AVERAGE MONTHLY: 83.8 TOTAL FOR MONTH: 8.52 1 = FOG OR MIST
DPTR FM NORMAL: 0.9 DPTR FM NORMAL: 1.09 2 = FOG REDUCING VISIBILITY
HIGHEST: 92 ON 11, 9 GRTST 24HR 1.88 ON 22-23 TO 1/4 MILE OR LESS
LOWEST: 74 ON 21,13 3 = THUNDER
SNOW, ICE PELLETS, HAIL 4 = ICE PELLETS
TOTAL MONTH: 0.0 INCH 5 = HAIL
GRTST 24HR 0.0 6 = FREEZING RAIN OR DRIZZLE
GRTST DEPTH: 0 7 = DUSTSTORM OR SANDSTORM:
VSBY 1/2 MILE OR LESS
8 = SMOKE OR HAZE
[NO. OF DAYS WITH] [WEATHER - DAYS WITH] 9 = BLOWING SNOW
X = TORNADO
MAX 32 OR BELOW: 0 0.01 INCH OR MORE: 21
MAX 90 OR ABOVE: 13 0.10 INCH OR MORE: 16
MIN 32 OR BELOW: 0 0.50 INCH OR MORE: 7
MIN 0 OR BELOW: 0 1.00 INCH OR MORE: 2
[HDD (BASE 65) ]
TOTAL THIS MO. 0 CLEAR (SCALE 0-3) 7
DPTR FM NORMAL 0 PTCLDY (SCALE 4-7) 24
TOTAL FM JUL 1 0 CLOUDY (SCALE 8-10) 0
DPTR FM NORMAL 0
[CDD (BASE 65) ]
TOTAL THIS MO. 590
DPTR FM NORMAL 34 [PRESSURE DATA]
TOTAL FM JAN 1 4082 HIGHEST SLP 29.97 ON 1
DPTR FM NORMAL 593 LOWEST SLP 29.87 ON 1
[REMARKS]
#FINAL-07-21#