000
CXGM50 PGUM 011630
CF6GSN
PRELIMINARY LOCAL CLIMATOLOGICAL DATA (WS FORM: F-6)
STATION: SAIPAN/ISLEY_(CGS) MP
MONTH: APRIL
YEAR: 2021
LATITUDE: 15 7 N
LONGITUDE: 145-44 E
TEMPERATURE IN F: :PCPN: SNOW: WIND :SUNSHINE: SKY :PK WND
================================================================================
1 2 3 4 5 6A 6B 7 8 9 10 11 12 13 14 15 16 17 18
12Z AVG MX 2MIN
DY MAX MIN AVG DEP HDD CDD WTR SNW DPTH SPD SPD DIR MIN PSBL S-S WX SPD DR
================================================================================
1 90 78 84 M 0 19 0.08 M M 7.5 15 150 M M 3 21 130
2 89 79 84 M 0 19 0.00 M M 6.9 15 160 M M 3 20 150
3 90 77 84 M 0 19 0.07 M M 5.4 14 160 M M 3 17 160
4 89 79 84 M 0 19 0.00 M M 6.3 12 150 M M 2 15 170
5 91 80 86 M 0 21 T M M 7.5 16 150 M M 4 21 160
6 91 77 84 M 0 19 0.39 0.0 0 5.6 12 190 M M 5 17 80
7 89 78 84 M 0 19 0.58 M M 2.2 14 20 M M 3 19 50
8 90 79 85 M 0 20 0.01 M M 7.2 15 80 M M 3 19 70
9 91 79 85 M 0 20 0.02 M M 12.4 18 100 M M 3 25 100
10 91 81 86 M 0 21 T M M 14.4 24 80 M M 3 30 80
11 91 81 86 M 0 21 T M M 13.5 20 90 M M 4 23 80
12 90 81 86 M 0 21 T M M 13.1 21 70 M M 3 25 90
13 90 79 85 M 0 20 0.11 M M 11.5 20 70 M M 4 26 110
14 90 80 85 M 0 20 0.01 M M 11.5 17 130 M M 3 24 100
15 91 81 86 M 0 21 T M M 11.2 18 80 M M 3 26 90
16 91 81 86 M 0 21 0.01 M M 10.6 17 90 M M 4 22 80
17 92 81 87 M 0 22 0.01 M M 10.4 18 90 M M 3 24 90
18 91 79 85 M 0 20 0.00 M M 8.0 16 80 M M 1 24 70
19 91 80 86 M 0 21 0.01 M M 9.9 16 100 M M 3 26 70
20 91 81 86 M 0 21 0.00 M M 10.2 16 70 M M 2 20 80
21 92 78 85 M 0 20 0.00 M M 6.6 16 40 M M 2 22 70
22 91 78 85 M 0 20 0.01 M M 4.1 12 350 M M 4 15 350
23 92 79 86 M 0 21 0.01 0.0 0 6.6 15 270 M M 4 20 240
24 93 80 87 M 0 22 0.00 0.0 0 9.3 18 270 M M 2 8 21 270
25 92 82 87 M 0 22 T M M 15.8 22 190 M M 5 8 27 190
26 88 77 83 M 0 18 0.19 M M 11.6 26 220 M M 7 13 34 190
27 89 80 85 M 0 20 0.30 M M 7.0 16 90 M M 5 21 20
28 89 81 85 M 0 20 0.00 M M 6.9 14 60 M M 4 17 70
29 91 80 86 M 0 21 0.05 M M 11.5 21 90 M M 4 18 24 90
30 91 81 86 M 0 21 0.00 M M 10.2 16 80 M M 3 22 70
================================================================================
SM 2717 2387 0 609 1.86 0.0 274.9 M 102
================================================================================
AV 90.6 79.6 9.2 FASTST M M 3 MAX(MPH)
MISC ----> 26 220 34 190
================================================================================
NOTES:
# LAST OF SEVERAL OCCURRENCES
COLUMN 17 PEAK WIND IN M.P.H.
PRELIMINARY LOCAL CLIMATOLOGICAL DATA (WS FORM: F-6) , PAGE 2
STATION: SAIPAN/ISLEY_(CGS) MP
MONTH: APRIL
YEAR: 2021
LATITUDE: 15 7 N
LONGITUDE: 145-44 E
[TEMPERATURE DATA] [PRECIPITATION DATA] SYMBOLS USED IN COLUMN 16
AVERAGE MONTHLY: 85.1 TOTAL FOR MONTH: 1.86 1 = FOG OR MIST
DPTR FM NORMAL: 0.0 DPTR FM NORMAL: -0.46 2 = FOG REDUCING VISIBILITY
HIGHEST: 93 ON 24 GRTST 24HR 0.74 ON 6- 7 TO 1/4 MILE OR LESS
LOWEST: 77 ON 26, 6 3 = THUNDER
SNOW, ICE PELLETS, HAIL 4 = ICE PELLETS
TOTAL MONTH: 0.0 INCH 5 = HAIL
GRTST 24HR 0.0 6 = FREEZING RAIN OR DRIZZLE
GRTST DEPTH: 0 7 = DUSTSTORM OR SANDSTORM:
VSBY 1/2 MILE OR LESS
8 = SMOKE OR HAZE
[NO. OF DAYS WITH] [WEATHER - DAYS WITH] 9 = BLOWING SNOW
X = TORNADO
MAX 32 OR BELOW: 0 0.01 INCH OR MORE: 16
MAX 90 OR ABOVE: 24 0.10 INCH OR MORE: 5
MIN 32 OR BELOW: 0 0.50 INCH OR MORE: 1
MIN 0 OR BELOW: 0 1.00 INCH OR MORE: 0
[HDD (BASE 65) ]
TOTAL THIS MO. 0 CLEAR (SCALE 0-3) 16
DPTR FM NORMAL M PTCLDY (SCALE 4-7) 14
TOTAL FM JUL 1 0 CLOUDY (SCALE 8-10) 0
DPTR FM NORMAL M
[CDD (BASE 65) ]
TOTAL THIS MO. 609
DPTR FM NORMAL M [PRESSURE DATA]
TOTAL FM JAN 1 2241 HIGHEST SLP 29.87 ON 1
DPTR FM NORMAL M LOWEST SLP 29.78 ON 1
[REMARKS]
#FINAL-04-21#