000
CXUS54 KAMA 010710
CF6GUY
PRELIMINARY LOCAL CLIMATOLOGICAL DATA (WS FORM: F-6)
STATION: GUYMON
MONTH: APRIL
YEAR: 2021
LATITUDE: 36 41 N
LONGITUDE: 101 30 W
TEMPERATURE IN F: :PCPN: SNOW: WIND :SUNSHINE: SKY :PK WND
================================================================================
1 2 3 4 5 6A 6B 7 8 9 10 11 12 13 14 15 16 17 18
12Z AVG MX 2MIN
DY MAX MIN AVG DEP HDD CDD WTR SNW DPTH SPD SPD DIR MIN PSBL S-S WX SPD DR
================================================================================
1 71 30 51 0 14 0 0.00 M M 15.2 31 190 M M 0 41 190
2 75 44 60 9 5 0 0.00 M M 18.7 32 200 M M 0 42 210
3 84 36 60 8 5 0 0.00 M M 8.5 17 250 M M 0 22 190
4 86 44 65 13 0 0 0.00 M M 11.8 23 180 M M 0 32 190
5 87 53 70 18 0 5 0.00 M M 18.8 25 180 M M 0 35 180
6 88 45 67 15 0 2 0.00 M M 19.5 44 340 M M 1 8 55 340
7 64 41 53 0 12 0 0.00 M M 21.9 38 320 M M 3 49 330
8 80 37 59 6 6 0 0.00 M M 11.2 26 220 M M 0 34 220
9 63 36 50 -3 15 0 0.00 M M 17.6 45 360 M M 0 54 360
10 72 31 52 -2 13 0 0.00 M M 7.7 18 200 M M 0 22 190
11 82 34 58 4 7 0 0.00 M M 13.2 26 50 M M 0 35 60
12 59 33 46 -8 19 0 0.00 M M 10.1 20 40 M M 0 24 40
13 61 32 47 -7 18 0 0.00 M M 9.0 16 80 M M 1 24 80
14 60 37 49 -6 16 0 0.00 M M 9.1 17 100 M M 5 24 90
15 48 39 44 -11 21 0 0.03 M M 12.2 20 130 M M 10 1 26 130
16 47 35 41 -14 24 0 0.02 M M 13.4 26 360 M M 9 1 31 350
17 53 33 43 -13 22 0 0.00 M M 13.6 25 360 M M 8 29 360
18 66 30 48 -8 17 0 0.00 M M 11.8 22 340 M M 1 29 310
19 74 32 53 -3 12 0 0.00 M M 15.7 31 20 M M 2 39 30
20 49 28 39 -18 26 0 T M M 11.8 24 20 M M 5 1 32 10
21 57 29 43 -14 22 0 0.00 M M 7.2 17 140 M M 2 25 130
22 64 32 48 -9 17 0 0.00 M M 16.7 32 190 M M 1 42 200
23 66 37 52 -6 13 0 0.00 M M 9.4 25 360 M M 3 1 30 350
24 72 38 55 -3 10 0 0.00 M M 11.3 21 160 M M 0 1 28 140
25 91 50 71 13 0 6 0.00 M M 18.5 31 210 M M 0 40 200
26 90 53 72 14 0 7 0.00 M M 18.1 32 220 M M 0 43 210
27 82 50 66 7 0 1 T M M 14.2 31 220 M M 1 38 210
28 67 48 58 -1 7 0 T M M 17.3 28 350 M M 4 34 340
29 76 41 59 -1 6 0 0.00 M M 12.5 25 20 M M 0 33 40
30 79 36 58 -2 7 0 0.00 M M 6.7 15 160 M M 0 24 110
================================================================================
SM 2113 1144 334 21 0.05 M 402.7 M 56
================================================================================
AV 70.4 38.1 13.4 FASTST M M 2 MAX(MPH)
MISC ----> 45 360 55 340
================================================================================
NOTES:
# LAST OF SEVERAL OCCURRENCES
COLUMN 17 PEAK WIND IN M.P.H.
PRELIMINARY LOCAL CLIMATOLOGICAL DATA (WS FORM: F-6) , PAGE 2
STATION: GUYMON
MONTH: APRIL
YEAR: 2021
LATITUDE: 36 41 N
LONGITUDE: 101 30 W
[TEMPERATURE DATA] [PRECIPITATION DATA] SYMBOLS USED IN COLUMN 16
AVERAGE MONTHLY: 54.3 TOTAL FOR MONTH: 0.05 1 = FOG OR MIST
DPTR FM NORMAL: -0.9 DPTR FM NORMAL: -1.46 2 = FOG REDUCING VISIBILITY
HIGHEST: 91 ON 25 GRTST 24HR 0.05 ON 15-16 TO 1/4 MILE OR LESS
LOWEST: 28 ON 20 3 = THUNDER
SNOW, ICE PELLETS, HAIL 4 = ICE PELLETS
TOTAL MONTH: M 5 = HAIL
GRTST 24HR M ON M 6 = FREEZING RAIN OR DRIZZLE
GRTST DEPTH: M ON M 7 = DUSTSTORM OR SANDSTORM:
VSBY 1/2 MILE OR LESS
8 = SMOKE OR HAZE
[NO. OF DAYS WITH] [WEATHER - DAYS WITH] 9 = BLOWING SNOW
X = TORNADO
MAX 32 OR BELOW: 0 0.01 INCH OR MORE: 2
MAX 90 OR ABOVE: 2 0.10 INCH OR MORE: 0
MIN 32 OR BELOW: 8 0.50 INCH OR MORE: 0
MIN 0 OR BELOW: 0 1.00 INCH OR MORE: 0
[HDD (BASE 65) ]
TOTAL THIS MO. 334 CLEAR (SCALE 0-3) 24
DPTR FM NORMAL 29 PTCLDY (SCALE 4-7) 4
TOTAL FM JUL 1 4365 CLOUDY (SCALE 8-10) 2
DPTR FM NORMAL 11
[CDD (BASE 65) ]
TOTAL THIS MO. 21
DPTR FM NORMAL 8 [PRESSURE DATA]
TOTAL FM JAN 1 23 HIGHEST SLP M ON M
DPTR FM NORMAL 8 LOWEST SLP 29.32 ON 6
[REMARKS]
#FINAL-04-21#