000
CXUS52 KFFC 011110
CF6GVL
PRELIMINARY LOCAL CLIMATOLOGICAL DATA (WS FORM: F-6)
STATION: GAINESVILLE
MONTH: NOVEMBER
YEAR: 2022
LATITUDE: 34 16 N
LONGITUDE: 83 50 W
TEMPERATURE IN F: :PCPN: SNOW: WIND :SUNSHINE: SKY :PK WND
================================================================================
1 2 3 4 5 6A 6B 7 8 9 10 11 12 13 14 15 16 17 18
12Z AVG MX 2MIN
DY MAX MIN AVG DEP HDD CDD WTR SNW DPTH SPD SPD DIR MIN PSBL S-S WX SPD DR
================================================================================
1 72 51 62 6 3 0 0.00 M M 4.1 9 300 M M 1 1 15 300
2 72 55 64 8 1 0 T M M 5.5 14 100 M M 0 19 90
3 73 54 64 8 1 0 0.00 M M 4.8 13 60 M M 4 17 70
4 74 52 63 8 2 0 0.00 M M 7.8 16 90 M M 0 26 100
5 78 61 70 15 0 5 0.03 M M 6.1 17 260 M M 7 12 24 120
6 81 65 73 18 0 8 T M M 3.3 9 160 M M 6 12 14 150
7 82 67 75 21 0 10 0.00 M M 3.0 10 360 M M 7 12 15 340
8 79 59 69 15 0 4 0.00 M M 8.5 22 80 M M 2 31 80
9 67 48 58 4 7 0 0.00 M M 12.3 24 70 M M 1 38 70
10 64 58 61 8 4 0 0.09 M M 15.5 23 60 M M 10 18 39 60
11 67 61 64 11 1 0 1.08 M M 9.9 24 50 M M 9 1 40 60
12 67 40 54 1 11 0 0.01 M M 9.1 20 280 M M 8 1 31 260
13 52 34 43 -9 22 0 0.00 M M 10.3 20 290 M M 2 32 300
14 50 32 41 -11 24 0 0.00 M M 10.6 18 70 M M 2 26 90
15 48 41 45 -7 20 0 0.36 M M 8.6 18 80 M M 10 1 27 100
16 50 38 44 -8 21 0 0.00 M M 9.3 17 310 M M 1 25 320
17 48 33 41 -10 24 0 0.00 M M 8.2 15 340 M M 0 21 320
18 54 30 42 -9 23 0 0.00 M M 6.5 15 290 M M 0 20 290
19 52 33 43 -8 22 0 0.00 M M 8.5 18 260 M M 0 25 260
20 51 32 42 -8 23 0 0.00 M M 7.5 13 280 M M 0 22 280
21 56 28 42 -8 23 0 0.00 M M M 12 80 M M M 15 80
22 63 37 50 0 15 0 T 0.0 M 0.8 7 330 M M M 9 270
23 71 39 55 5 10 0 0.00 M M 2.9 8 80 M M 0 11 100
24 62 50 56 7 9 0 0.00 M M 9.4 16 80 M M 9 24 70
25 69 49 59 10 6 0 0.07 0.0 M 4.6 14 320 M M 5 1 21 300
26 66 44 55 6 10 0 0.02 M M 7.1 16 90 M M 4 1 21 100
27 66 50 58 9 7 0 0.37 M M 11.9 25 250 M M 7 1 42 260
28 62 48 55 7 10 0 0.00 M M 8.0 16 280 M M 2 25 290
29 65 43 54 6 11 0 0.43 M M 7.8 16 80 M M 3 13 22 70
30 63 39 51 3 14 0 0.98 M M 9.7 21 280 M M 6 13 29 280
================================================================================
SM 1924 1371 324 27 3.44 0.0 221.6 M 106
================================================================================
AV 64.1 45.7 7.6 FASTST M M 4 MAX(MPH)
MISC ----> 25 250 42 260
================================================================================
NOTES:
# LAST OF SEVERAL OCCURRENCES
COLUMN 17 PEAK WIND IN M.P.H.
PRELIMINARY LOCAL CLIMATOLOGICAL DATA (WS FORM: F-6) , PAGE 2
STATION: GAINESVILLE
MONTH: NOVEMBER
YEAR: 2022
LATITUDE: 34 16 N
LONGITUDE: 83 50 W
[TEMPERATURE DATA] [PRECIPITATION DATA] SYMBOLS USED IN COLUMN 16
AVERAGE MONTHLY: 54.9 TOTAL FOR MONTH: 3.44 1 = FOG OR MIST
DPTR FM NORMAL: 3.1 DPTR FM NORMAL: -0.74 2 = FOG REDUCING VISIBILITY
HIGHEST: 82 ON 7 GRTST 24HR 1.41 ON 29-30 TO 1/4 MILE OR LESS
LOWEST: 28 ON 21 3 = THUNDER
SNOW, ICE PELLETS, HAIL 4 = ICE PELLETS
TOTAL MONTH: 0.0 INCH 5 = HAIL
GRTST 24HR 0.0 6 = FREEZING RAIN OR DRIZZLE
GRTST DEPTH: M ON M 7 = DUSTSTORM OR SANDSTORM:
VSBY 1/2 MILE OR LESS
8 = SMOKE OR HAZE
[NO. OF DAYS WITH] [WEATHER - DAYS WITH] 9 = BLOWING SNOW
X = TORNADO
MAX 32 OR BELOW: 0 0.01 INCH OR MORE: 10
MAX 90 OR ABOVE: 0 0.10 INCH OR MORE: 5
MIN 32 OR BELOW: 4 0.50 INCH OR MORE: 2
MIN 0 OR BELOW: 0 1.00 INCH OR MORE: 1
[HDD (BASE 65) ]
TOTAL THIS MO. 324 CLEAR (SCALE 0-3) 15
DPTR FM NORMAL -74 PTCLDY (SCALE 4-7) 9
TOTAL FM JUL 1 487 CLOUDY (SCALE 8-10) 6
DPTR FM NORMAL -65
[CDD (BASE 65) ]
TOTAL THIS MO. 27
DPTR FM NORMAL 24 [PRESSURE DATA]
TOTAL FM JAN 1 1883 HIGHEST SLP 30.49 ON 21
DPTR FM NORMAL 252 LOWEST SLP 29.55 ON 11
[REMARKS]
#FINAL-11-22#