000
CXUS54 KJAN 221410
CF6GWO
PRELIMINARY LOCAL CLIMATOLOGICAL DATA (WS FORM: F-6)
STATION: GREENWOOD
MONTH: APRIL
YEAR: 2024
LATITUDE: 33 30 N
LONGITUDE: 90 5 W
TEMPERATURE IN F: :PCPN: SNOW: WIND :SUNSHINE: SKY :PK WND
================================================================================
1 2 3 4 5 6A 6B 7 8 9 10 11 12 13 14 15 16 17 18
12Z AVG MX 2MIN
DY MAX MIN AVG DEP HDD CDD WTR SNW DPTH SPD SPD DIR MIN PSBL S-S WX SPD DR
================================================================================
1 M M M M M M M M M M M M M M M M M
2 79 56 68 8 0 3 0.70 0.0 0 12.1 25 200 M M 4 13 35 190
3 65 46 56 -5 9 0 0.00 0.0 0 6.7 16 340 M M 3 30 330
4 71 41 56 -5 9 0 0.00 0.0 0 5.4 14 300 M M 0 8 28 300
5 71 40 56 -5 9 0 0.00 0.0 0 4.3 14 30 M M 0 18 20
6 73 50 62 0 3 0 0.00 0.0 0 7.0 17 80 M M 0 23 80
7 83 58 71 9 0 6 0.00 0.0 M 12.7 23 190 M M 4 29 200
8 79 63 71 9 0 6 0.37 0.0 0 11.5 20 150 M M 8 13 29 140
9 66 61 64 2 1 0 3.33 0.0 M 10.8 29 90 M M 9 13 39 100
10 71 63 67 4 0 2 2.47 0.0 0 10.1 41 70 M M 9 13 56 70
11 73 56 65 2 0 0 0.15 0.0 0 8.5 29 220 M M 6 1 40 210
12 75 46 61 -2 4 0 0.00 0.0 0 2.1 13 300 M M 0 23 290
13 82 50 66 3 0 1 0.00 0.0 0 3.4 14 210 M M 0 21 200
14 83 59 71 7 0 6 0.00 0.0 0 9.6 21 210 M M 0 34 190
15 81 60 71 7 0 6 0.00 0.0 0 6.3 14 190 M M 2 22 170
16 84 67 76 12 0 11 0.00 0.0 M 12.8 23 180 M M 1 30 170
17 80 69 75 11 0 10 0.30 0.0 M 6.8 16 190 M M 7 13 21 190
18 79 68 74 9 0 9 0.36 0.0 M 8.1 28 170 M M 5 13 35 170
19 74 63 69 4 0 4 T 0.0 0 6.0 12 360 M M 8 1 16 360
20 63 53 58 -7 7 0 0.62 0.0 0 8.4 18 70 M M 9 13 27 70
21 64 45 55 -10 10 0 T 0.0 0 6.9 20 30 M M 4 26 20
================================================================================
SM 1496 1114 52 64 8.30 0.0 159.5 M 79
================================================================================
AV 74.8 55.7 8.0 FASTST M M 4 MAX(MPH)
MISC ----> 41 70 56 70
================================================================================
NOTES:
# LAST OF SEVERAL OCCURRENCES
COLUMN 17 PEAK WIND IN M.P.H.
PRELIMINARY LOCAL CLIMATOLOGICAL DATA (WS FORM: F-6) , PAGE 2
STATION: GREENWOOD
MONTH: APRIL
YEAR: 2024
LATITUDE: 33 30 N
LONGITUDE: 90 5 W
[TEMPERATURE DATA] [PRECIPITATION DATA] SYMBOLS USED IN COLUMN 16
AVERAGE MONTHLY: 65.3 TOTAL FOR MONTH: 8.30 1 = FOG OR MIST
DPTR FM NORMAL: 2.4 DPTR FM NORMAL: 4.10 2 = FOG REDUCING VISIBILITY
HIGHEST: 84 ON 16 GRTST 24HR 4.81 ON 9-10 TO 1/4 MILE OR LESS
LOWEST: 40 ON 5 3 = THUNDER
SNOW, ICE PELLETS, HAIL 4 = ICE PELLETS
TOTAL MONTH: 0.0 INCH 5 = HAIL
GRTST 24HR 0.0 6 = FREEZING RAIN OR DRIZZLE
GRTST DEPTH: 0 7 = DUSTSTORM OR SANDSTORM:
VSBY 1/2 MILE OR LESS
8 = SMOKE OR HAZE
[NO. OF DAYS WITH] [WEATHER - DAYS WITH] 9 = BLOWING SNOW
X = TORNADO
MAX 32 OR BELOW: 0 0.01 INCH OR MORE: 8
MAX 90 OR ABOVE: 0 0.10 INCH OR MORE: 8
MIN 32 OR BELOW: 0 0.50 INCH OR MORE: 4
MIN 0 OR BELOW: 0 1.00 INCH OR MORE: 2
[HDD (BASE 65) ]
TOTAL THIS MO. 52 CLEAR (SCALE 0-3) 9
DPTR FM NORMAL -42 PTCLDY (SCALE 4-7) 8
TOTAL FM JUL 1 2021 CLOUDY (SCALE 8-10) 3
DPTR FM NORMAL -518
[CDD (BASE 65) ]
TOTAL THIS MO. 64
DPTR FM NORMAL 14 [PRESSURE DATA]
TOTAL FM JAN 1 100 HIGHEST SLP M ON M
DPTR FM NORMAL 18 LOWEST SLP 29.43 ON 10
[REMARKS]