000
CXUS54 KEWX 011010
CF6GYB
PRELIMINARY LOCAL CLIMATOLOGICAL DATA (WS FORM: F-6)
STATION: GIDDINGS-LEE COUNTY AIRPORT
MONTH: JULY
YEAR: 2023
LATITUDE: 30 10 N
LONGITUDE: 96 59 W
TEMPERATURE IN F: :PCPN: SNOW: WIND :SUNSHINE: SKY :PK WND
================================================================================
1 2 3 4 5 6A 6B 7 8 9 10 11 12 13 14 15 16 17 18
12Z AVG MX 2MIN
DY MAX MIN AVG DEP HDD CDD WTR SNW DPTH SPD SPD DIR MIN PSBL S-S WX SPD DR
================================================================================
1 98 74 86 M 0 21 0.00 M M 3.8 12 240 M M 2 17 220
2 95 78 87 M 0 22 0.00 M M 2.6 9 240 M M 2 M M
3 97 76 87 M 0 22 0.00 M M 2.7 14 100 M M 2 24 0
4 92 76 84 M 0 19 0.00 M M 3.7 8 110 M M 2 16 170
5 91 77 84 M 0 19 0.00 M M 5.2 12 180 M M 5 17 180
6 89 76 83 M 0 18 0.02 M M 4.8 13 190 M M 5 29 210
7 91 72 82 M 0 17 0.00 M M 5.4 13 190 M M 4 20 200
8 98 76 87 M 0 22 0.00 M M 5.8 10 170 M M 5 16 180
9 99 79 89 M 0 24 0.00 M M 7.0 10 230 M M 4 20 230
10 100 79 90 M 0 25 0.00 M M 7.3 14 200 M M 3 18 200
11 101 79 90 M 0 25 0.00 M M 8.7 12 180 M M 3 18 220
12 102 80 91 M 0 26 0.00 M M 10.9 15 200 M M 4 24 210
13 102 79 91 M 0 26 0.00 M M 9.4 13 200 M M 3 22 220
14 102 79 91 M 0 26 0.00 M M 9.0 14 150 M M 3 20 190
15 102 79 91 M 0 26 0.00 M M 7.1 16 200 M M 2 21 200
16 102 78 90 M 0 25 0.00 M M 5.0 10 200 M M 3 M M
17 102 76 89 M 0 24 0.00 M M 5.8 10 170 M M 1 18 16 220
18 102 78 90 M 0 25 0.00 M M 7.5 12 180 M M 2 18 220
19 101 78 90 M 0 25 0.00 M M 7.5 13 210 M M 2 20 220
20 101 80 91 M 0 26 0.00 M M 5.4 12 190 M M 3 18 220
21 100 76 88 M 0 23 0.00 M M 4.7 9 220 M M 2 16 220
22 102 78 90 M 0 25 0.00 M M 2.8 8 110 M M 2 M M
23 101 78 90 M 0 25 0.00 M M 3.0 8 190 M M 2 M M
24 100 73 87 M 0 22 0.00 M M 3.5 10 180 M M 2 M M
25 100 75 88 M 0 23 0.00 M M 4.7 13 130 M M 2 18 210
26 100 77 89 M 0 24 0.00 M M 3.9 10 180 M M 3 1 18 130
27 99 76 88 M 0 23 0.00 M M 3.6 9 170 M M 3 1 18 150
28 99 73 86 M 0 21 0.00 M M 3.0 9 180 M M 2 M M
29 99 73 86 M 0 21 0.00 M M 3.5 9 190 M M 1 16 180
30 101 75 88 M 0 23 0.00 M M 4.1 8 230 M M 2 17 140
31 103 76 90 M 0 25 0.00 M M 2.7 8 140 M M 2 M M
================================================================================
SM 3071 2379 0 718 0.02 M 164.2 M 83
================================================================================
AV 99.1 76.7 5.3 FASTST M M 3 MAX(MPH)
MISC ----> 16 200 29 210
================================================================================
NOTES:
# LAST OF SEVERAL OCCURRENCES
COLUMN 17 PEAK WIND IN M.P.H.
PRELIMINARY LOCAL CLIMATOLOGICAL DATA (WS FORM: F-6) , PAGE 2
STATION: GIDDINGS-LEE COUNTY AIRPORT
MONTH: JULY
YEAR: 2023
LATITUDE: 30 10 N
LONGITUDE: 96 59 W
[TEMPERATURE DATA] [PRECIPITATION DATA] SYMBOLS USED IN COLUMN 16
AVERAGE MONTHLY: 87.9 TOTAL FOR MONTH: 0.02 1 = FOG OR MIST
DPTR FM NORMAL: 0.0 DPTR FM NORMAL: M 2 = FOG REDUCING VISIBILITY
HIGHEST: 103 ON 31 GRTST 24HR 0.02 ON 6- 6 TO 1/4 MILE OR LESS
LOWEST: 72 ON 7 3 = THUNDER
SNOW, ICE PELLETS, HAIL 4 = ICE PELLETS
TOTAL MONTH: M 5 = HAIL
GRTST 24HR M ON M 6 = FREEZING RAIN OR DRIZZLE
GRTST DEPTH: M ON M 7 = DUSTSTORM OR SANDSTORM:
VSBY 1/2 MILE OR LESS
8 = SMOKE OR HAZE
[NO. OF DAYS WITH] [WEATHER - DAYS WITH] 9 = BLOWING SNOW
X = TORNADO
MAX 32 OR BELOW: 0 0.01 INCH OR MORE: 1
MAX 90 OR ABOVE: 30 0.10 INCH OR MORE: 0
MIN 32 OR BELOW: 0 0.50 INCH OR MORE: 0
MIN 0 OR BELOW: 0 1.00 INCH OR MORE: 0
[HDD (BASE 65) ]
TOTAL THIS MO. 0 CLEAR (SCALE 0-3) 22
DPTR FM NORMAL M PTCLDY (SCALE 4-7) 9
TOTAL FM JUL 1 0 CLOUDY (SCALE 8-10) 0
DPTR FM NORMAL M
[CDD (BASE 65) ]
TOTAL THIS MO. 718
DPTR FM NORMAL M [PRESSURE DATA]
TOTAL FM JAN 1 1889 HIGHEST SLP M ON M
DPTR FM NORMAL M LOWEST SLP M ON M
[REMARKS]
#FINAL-07-23#