000
CXUS54 KOUN 010810
CF6HBR
PRELIMINARY LOCAL CLIMATOLOGICAL DATA (WS FORM: F-6)
STATION: HOBART
MONTH: APRIL
YEAR: 2021
LATITUDE: 35 0 N
LONGITUDE: 99 3 W
TEMPERATURE IN F: :PCPN: SNOW: WIND :SUNSHINE: SKY :PK WND
================================================================================
1 2 3 4 5 6A 6B 7 8 9 10 11 12 13 14 15 16 17 18
12Z AVG MX 2MIN
DY MAX MIN AVG DEP HDD CDD WTR SNW DPTH SPD SPD DIR MIN PSBL S-S WX SPD DR
================================================================================
1 68 33 51 -4 14 0 0.00 M M 10.2 17 160 M M 0 8 23 200
2 70 39 55 0 10 0 0.00 M M 16.1 28 190 M M 1 32 190
3 76 46 61 6 4 0 0.00 M M 14.9 22 180 M M 0 8 27 200
4 75 49 62 6 3 0 0.00 M M 13.8 22 200 M M 3 1 29 220
5 82 51 67 11 0 2 0.00 M M 19.7 32 200 M M 1 1 43 180
6 87 59 73 17 0 8 0.00 M M 24.5 36 190 M M 2 42 200
7 71 43 57 0 8 0 0.00 M M 19.2 37 310 M M 1 45 310
8 81 37 59 2 6 0 0.00 M M 10.6 22 170 M M 0 31 220
9 72 60 66 9 0 1 M M M 12.7 20 170 M M 0 M M
10 M M M M M M M M M M M M M M M M M
11 84 38 61 3 4 0 0.00 M M 13.3 25 210 M M M 30 210
12 M M M M M M M M M M M M M M M M M
13 M M M M M M M M M M M M M M M M M
14 M M M M M M M M M M M M M M M M M
15 51 46 49 -10 16 0 0.36 M M 12.8 25 80 M M 10 1 30 80
16 56 40 48 -11 17 0 0.12 M M 13.9 28 20 M M 9 1 33 10
17 53 36 45 -15 20 0 0.00 M M 10.8 21 20 M M 6 26 20
18 69 33 51 -9 14 0 0.00 M M 9.6 22 350 M M 0 26 340
19 77 41 59 -1 6 0 0.00 M M 11.5 22 30 M M 0 28 300
20 53 29 41 -19 24 0 0.00 M M 17.5 31 30 M M 5 39 20
21 60 30 45 -16 20 0 0.00 M M 6.9 13 20 M M 0 17 110
22 57 43 50 -11 15 0 T M M 12.4 23 190 M M 10 18 29 190
23 66 51 59 -3 6 0 0.12 M M 13.1 37 270 M M 9 138 45 280
24 72 51 62 0 3 0 0.00 M M 11.3 22 10 M M 5 26 360
25 84 46 65 3 0 0 0.00 M M 19.6 33 210 M M 0 1 42 200
26 83 62 73 11 0 8 0.00 0.0 M 23.6 33 190 M M 0 41 180
27 81 64 73 10 0 8 0.06 M M 15.1 26 200 M M 3 13 33 200
28 81 60 71 8 0 6 0.21 0.0 M 11.9 24 360 M M 5 13 32 340
29 77 57 67 3 0 2 0.00 M M 16.6 30 50 M M 2 35 50
30 80 50 65 1 0 0 0.00 M M 7.7 16 90 M M 0 26 110
================================================================================
SM 1866 1194 190 35 0.87 0.0 369.3 M 72
================================================================================
AV 71.8 45.9 14.2 FASTST M M 3 MAX(MPH)
MISC ----> # 37 310 # 45 310
================================================================================
NOTES:
# LAST OF SEVERAL OCCURRENCES
COLUMN 17 PEAK WIND IN M.P.H.
PRELIMINARY LOCAL CLIMATOLOGICAL DATA (WS FORM: F-6) , PAGE 2
STATION: HOBART
MONTH: APRIL
YEAR: 2021
LATITUDE: 35 0 N
LONGITUDE: 99 3 W
[TEMPERATURE DATA] [PRECIPITATION DATA] SYMBOLS USED IN COLUMN 16
AVERAGE MONTHLY: 58.8 TOTAL FOR MONTH: 0.87 1 = FOG OR MIST
DPTR FM NORMAL: -0.4 DPTR FM NORMAL: -1.59 2 = FOG REDUCING VISIBILITY
HIGHEST: 87 ON 6 GRTST 24HR 0.48 ON 15-16 TO 1/4 MILE OR LESS
LOWEST: 29 ON 20 3 = THUNDER
SNOW, ICE PELLETS, HAIL 4 = ICE PELLETS
TOTAL MONTH: 0.0 INCH 5 = HAIL
GRTST 24HR 0.0 6 = FREEZING RAIN OR DRIZZLE
GRTST DEPTH: M ON M 7 = DUSTSTORM OR SANDSTORM:
VSBY 1/2 MILE OR LESS
8 = SMOKE OR HAZE
[NO. OF DAYS WITH] [WEATHER - DAYS WITH] 9 = BLOWING SNOW
X = TORNADO
MAX 32 OR BELOW: 0 0.01 INCH OR MORE: 5
MAX 90 OR ABOVE: 0 0.10 INCH OR MORE: 4
MIN 32 OR BELOW: 2 0.50 INCH OR MORE: 0
MIN 0 OR BELOW: 0 1.00 INCH OR MORE: 0
[HDD (BASE 65) ]
TOTAL THIS MO. 190 CLEAR (SCALE 0-3) 17
DPTR FM NORMAL -22 PTCLDY (SCALE 4-7) 4
TOTAL FM JUL 1 3429 CLOUDY (SCALE 8-10) 9
DPTR FM NORMAL -189
[CDD (BASE 65) ]
TOTAL THIS MO. 35
DPTR FM NORMAL -3 [PRESSURE DATA]
TOTAL FM JAN 1 42 HIGHEST SLP M ON M
DPTR FM NORMAL -2 LOWEST SLP 29.47 ON 6
[REMARKS]
#FINAL-04-21#