809
CXUS54 KOUN 010700
CF6HBR
PRELIMINARY LOCAL CLIMATOLOGICAL DATA (WS FORM: F-6)
STATION: HOBART
MONTH: AUGUST
YEAR: 2020
LATITUDE: 35 0 N
LONGITUDE: 99 3 W
TEMPERATURE IN F: :PCPN: SNOW: WIND :SUNSHINE: SKY :PK WND
================================================================================
1 2 3 4 5 6A 6B 7 8 9 10 11 12 13 14 15 16 17 18
12Z AVG MX 2MIN
DY MAX MIN AVG DEP HDD CDD WTR SNW DPTH SPD SPD DIR MIN PSBL S-S WX SPD DR
================================================================================
1 92 61 77 -7 0 12 0.00 0.0 0 7.0 13 110 M M 0 17 330
2 94 67 81 -3 0 16 T 0.0 0 4.8 16 80 M M 2 3 20 90
3 88 67 78 -6 0 13 0.00 0.0 0 8.0 14 100 M M 1 19 80
4 85 66 76 -8 0 11 0.93 0.0 0 12.3 20 120 M M 3 1 27 120
5 87 64 76 -8 0 11 0.03 0.0 0 9.6 22 60 M M 2 27 70
6 94 71 83 -1 0 18 T 0.0 0 12.0 22 190 M M 2 13 28 200
7 97 76 87 3 0 22 0.00 0.0 0 17.4 28 200 M M 0 35 200
8 98 76 87 4 0 22 0.00 0.0 0 15.8 23 180 M M 0 37 160
9 99 75 87 4 0 22 0.00 0.0 0 14.9 24 200 M M 0 32 220
10 99 M M M M M M 0.0 0 15.2 28 360 M M 0 3 64 330
11 99 68 84 1 0 19 0.00 0.0 0 7.5 51 330 M M 0 38 65 330
12 100 70 85 2 0 20 0.00 0.0 0 10.1 22 190 M M 0 28 150
13 105 77 91 8 0 26 0.00 0.0 0 13.1 25 190 M M 0 33 200
14 100 67 84 1 0 19 0.00 0.0 0 8.9 17 80 M M 0 21 80
15 98 75 87 4 0 22 0.00 0.0 0 10.0 18 70 M M 0 22 60
16 94 68 81 -2 0 16 T 0.0 0 9.8 26 60 M M 2 37 50
17 96 66 81 -1 0 16 0.00 0.0 0 6.4 15 100 M M 0 20 290
18 96 67 82 0 0 17 0.00 0.0 0 6.6 14 60 M M 0 18 60
19 94 61 78 -4 0 13 0.00 0.0 0 4.4 15 90 M M 1 19 90
20 94 67 81 -1 0 16 0.00 0.0 0 7.1 16 140 M M 1 25 150
21 94 69 82 0 0 17 T 0.0 0 11.2 25 80 M M 1 3 32 60
22 97 65 81 -1 0 16 0.00 0.0 0 7.1 15 160 M M 2 3 20 160
23 97 65 81 0 0 16 0.00 0.0 0 8.6 17 150 M M 0 22 140
24 98 67 83 2 0 18 0.00 0.0 0 9.2 18 140 M M 0 25 150
25 96 66 81 0 0 16 0.00 0.0 0 7.4 16 160 M M 0 19 140
26 97 67 82 1 0 17 0.00 0.0 0 9.3 21 150 M M 1 26 160
27 97 68 83 3 0 18 0.00 0.0 0 9.0 21 160 M M 0 26 160
28 109 70 90 10 0 25 0.00 0.0 M 10.8 20 240 M M 0 25 210
29 96 75 86 6 0 21 T 0.0 0 14.1 30 360 M M 0 3 39 350
30 93 71 82 2 0 17 0.50 0.0 0 8.2 20 110 M M 1 13 24 350
31 98 74 86 7 0 21 T 0.0 0 10.4 23 190 M M 1 3 31 200
================================================================================
SM 2981 2066 0 533 1.46 0.0 306.2 M 20
================================================================================
AV 96.2 68.9 9.9 FASTST M M 1 MAX(MPH)
MISC ----> # 51 330 # 65 330
================================================================================
NOTES:
# LAST OF SEVERAL OCCURRENCES
COLUMN 17 PEAK WIND IN M.P.H.
PRELIMINARY LOCAL CLIMATOLOGICAL DATA (WS FORM: F-6) , PAGE 2
STATION: HOBART
MONTH: AUGUST
YEAR: 2020
LATITUDE: 35 0 N
LONGITUDE: 99 3 W
[TEMPERATURE DATA] [PRECIPITATION DATA] SYMBOLS USED IN COLUMN 16
AVERAGE MONTHLY: 82.5 TOTAL FOR MONTH: 1.46 1 = FOG OR MIST
DPTR FM NORMAL: 0.3 DPTR FM NORMAL: -1.34 2 = FOG REDUCING VISIBILITY
HIGHEST: 109 ON 28 GRTST 24HR 0.93 ON 4- 4 TO 1/4 MILE OR LESS
LOWEST: 61 ON 19, 1 3 = THUNDER
SNOW, ICE PELLETS, HAIL 4 = ICE PELLETS
TOTAL MONTH: 0.0 INCH 5 = HAIL
GRTST 24HR 0.0 6 = FREEZING RAIN OR DRIZZLE
GRTST DEPTH: 0 7 = DUSTSTORM OR SANDSTORM:
VSBY 1/2 MILE OR LESS
8 = SMOKE OR HAZE
[NO. OF DAYS WITH] [WEATHER - DAYS WITH] 9 = BLOWING SNOW
X = TORNADO
MAX 32 OR BELOW: 0 0.01 INCH OR MORE: 3
MAX 90 OR ABOVE: 28 0.10 INCH OR MORE: 2
MIN 32 OR BELOW: 0 0.50 INCH OR MORE: 2
MIN 0 OR BELOW: 0 1.00 INCH OR MORE: 0
[HDD (BASE 65) ]
TOTAL THIS MO. 0 CLEAR (SCALE 0-3) 31
DPTR FM NORMAL 0 PTCLDY (SCALE 4-7) 0
TOTAL FM JUL 1 0 CLOUDY (SCALE 8-10) 0
DPTR FM NORMAL 0
[CDD (BASE 65) ]
TOTAL THIS MO. 533
DPTR FM NORMAL -2 [PRESSURE DATA]
TOTAL FM JAN 1 2005 HIGHEST SLP M ON M
DPTR FM NORMAL 285 LOWEST SLP 28.40 ON 31
[REMARKS]
#FINAL-08-20#