000
CXUS53 KGID 011615
CF6HDE
PRELIMINARY LOCAL CLIMATOLOGICAL DATA (WS FORM: F-6)
STATION: HOLDREGE NE
MONTH: APRIL
YEAR: 2022
LATITUDE: 40 27 N
LONGITUDE: 99 20 W
TEMPERATURE IN F: :PCPN: SNOW: WIND :SUNSHINE: SKY :PK WND
================================================================================
1 2 3 4 5 6A 6B 7 8 9 10 11 12 13 14 15 16 17 18
12Z AVG MX 2MIN
DY MAX MIN AVG DEP HDD CDD WTR SNW DPTH SPD SPD DIR MIN PSBL S-S WX SPD DR
================================================================================
1 M M M M M M M M M M M M M M M M M
2 M M M M M M M M M M M M M M M M M
3 M M M M M M M M M M M M M M M M M
4 M M M M M M M M M M M M M M M M M
5 M M M M M M M M M M M M M M M M M
6 M M M M M M M M M M M M M M M M M
7 M M M M M M M M M M M M M M M M M
8 55 M M M M M 0.00 M M 12.3 30 M M M 0 38 M
9 76 26 51 M 14 0 0.00 M M 14.4 27 180 M M 0 35 170
10 62 36 49 M 16 0 0.00 M M 19.3 29 350 M M 1 39 350
11 64 30 47 M 18 0 0.00 M M 10.8 21 170 M M 1 29 170
12 87 39 63 M 2 0 0.00 M M 28.3 40 320 M M 3 53 320
13 48 22 35 M 30 0 0.00 M M 19.5 29 310 M M 2 36 360
14 58 22 40 M 25 0 0.00 M M 13.0 22 260 M M 0 31 260
15 49 24 37 M 28 0 0.00 M M 13.2 18 30 M M 1 29 50
16 51 20 36 M 29 0 0.00 M M 10.6 18 30 M M 3 22 20
17 67 39 53 M 12 0 0.00 M M 11.8 24 10 M M 6 32 10
18 56 30 43 M 22 0 0.00 M M 7.1 15 20 M M 3 21 30
19 64 30 47 M 18 0 0.00 M M 22.3 38 170 M M 1 45 180
20 71 45 58 M 7 0 0.00 M M 13.4 24 350 M M 3 31 350
21 77 33 55 M 10 0 0.01 M M 14.7 30 130 M M 5 35 130
22 89 61 75 M 0 10 0.00 M M 30.3 44 180 M M 5 60 180
23 70 43 57 M 8 0 0.09 M M 25.7 40 170 M M 2 52 170
24 58 34 46 M 19 0 0.00 M M 20.1 29 320 M M 3 37 320
25 59 29 44 M 21 0 0.00 M M 12.5 23 350 M M 0 29 350
26 73 32 53 M 12 0 0.00 M M 17.4 30 180 M M 0 38 190
27 77 48 63 M 2 0 0.00 M M 11.7 23 180 M M 0 30 180
28 83 51 67 M 0 2 0.26 M M 11.7 27 170 M M 4 3 41 180
29 74 50 62 M 3 0 0.29 M M 16.3 32 340 M M 8 3 53 330
30 60 43 52 M 13 0 0.33 M M 25.7 36 320 M M 7 51 320
================================================================================
SM M M M M M M M M
================================================================================
AV M M M FASTST M M M MAX(MPH)
MISC ----> M M M M
================================================================================
NOTES:
# LAST OF SEVERAL OCCURRENCES
COLUMN 17 PEAK WIND IN M.P.H.
PRELIMINARY LOCAL CLIMATOLOGICAL DATA (WS FORM: F-6) , PAGE 2
STATION: HOLDREGE NE
MONTH: APRIL
YEAR: 2022
LATITUDE: 40 27 N
LONGITUDE: 99 20 W
[TEMPERATURE DATA] [PRECIPITATION DATA] SYMBOLS USED IN COLUMN 16
AVERAGE MONTHLY: M TOTAL FOR MONTH: M 1 = FOG OR MIST
DPTR FM NORMAL: M DPTR FM NORMAL: M 2 = FOG REDUCING VISIBILITY
HIGHEST: M ON M GRTST 24HR M ON 30-30 TO 1/4 MILE OR LESS
LOWEST: M ON M 3 = THUNDER
SNOW, ICE PELLETS, HAIL 4 = ICE PELLETS
TOTAL MONTH: M 5 = HAIL
GRTST 24HR M ON M 6 = FREEZING RAIN OR DRIZZLE
GRTST DEPTH: M ON M 7 = DUSTSTORM OR SANDSTORM:
VSBY 1/2 MILE OR LESS
8 = SMOKE OR HAZE
[NO. OF DAYS WITH] [WEATHER - DAYS WITH] 9 = BLOWING SNOW
X = TORNADO
MAX 32 OR BELOW: M 0.01 INCH OR MORE: M
MAX 90 OR ABOVE: M 0.10 INCH OR MORE: M
MIN 32 OR BELOW: M 0.50 INCH OR MORE: M
MIN 0 OR BELOW: M 1.00 INCH OR MORE: M
[HDD (BASE 65) ]
TOTAL THIS MO. M CLEAR (SCALE 0-3) M
DPTR FM NORMAL M PTCLDY (SCALE 4-7) M
TOTAL FM JUL 1 M CLOUDY (SCALE 8-10) M
DPTR FM NORMAL M
[CDD (BASE 65) ]
TOTAL THIS MO. M
DPTR FM NORMAL M [PRESSURE DATA]
TOTAL FM JAN 1 M HIGHEST SLP M ON M
DPTR FM NORMAL M LOWEST SLP M ON M
[REMARKS]
#FINAL-04-22#