000
CXUS54 KJAN 012226
CF6HEZ
PRELIMINARY LOCAL CLIMATOLOGICAL DATA (WS FORM: F-6)
STATION: NATCHEZ
MONTH: SEPTEMBER
YEAR: 2020
LATITUDE: 31 37 N
LONGITUDE: 91 15 W
TEMPERATURE IN F: :PCPN: SNOW: WIND :SUNSHINE: SKY :PK WND
================================================================================
1 2 3 4 5 6A 6B 7 8 9 10 11 12 13 14 15 16 17 18
12Z AVG MX 2MIN
DY MAX MIN AVG DEP HDD CDD WTR SNW DPTH SPD SPD DIR MIN PSBL S-S WX SPD DR
================================================================================
1 92 77 85 M 0 20 0.00 0.0 0 7.5 13 180 M M 5 1 20 190
2 92 77 85 M 0 20 0.00 0.0 0 8.0 13 180 M M 4 1 17 180
3 93 73 83 M 0 18 0.00 0.0 0 3.4 8 190 M M 3 1 M M
4 94 73 84 M 0 19 T 0.0 0 3.6 12 360 M M 1 3 M M
5 90 70 80 M 0 15 0.35 0.0 0 3.1 7 360 M M 3 13 M M
6 89 67 78 M 0 13 0.00 0.0 0 2.3 6 99 M M 0 M M
7 93 65 79 M 0 14 0.00 0.0 0 1.5 6 140 M M 0 M M
8 91 68 80 M 0 15 0.00 0.0 0 3.0 9 150 M M 1 M M
9 91 71 81 M 0 16 0.00 0.0 0 3.1 9 140 M M 1 M M
10 90 69 80 M 0 15 0.00 0.0 0 3.5 10 10 M M 0 M M
11 89 68 79 M 0 14 0.00 0.0 0 3.9 10 20 M M 5 16 350
12 88 73 81 M 0 16 0.01 0.0 0 2.1 5 360 M M 1 3 M M
13 91 73 82 M 0 17 0.00 0.0 0 5.3 8 10 M M 1 3 M M
14 89 73 81 M 0 16 0.00 0.0 0 7.6 15 30 M M 5 20 20
15 90 72 81 M 0 16 0.12 0.0 0 8.5 16 50 M M 3 1 21 50
16 86 71 79 M 0 14 0.00 0.0 0 7.4 15 40 M M 4 20 40
17 87 70 79 M 0 14 0.00 0.0 0 6.5 12 360 M M 4 M M
18 78 64 71 M 0 6 0.00 0.0 0 6.9 10 30 M M 0 M M
19 80 64 72 M 0 7 0.00 0.0 0 7.6 10 60 M M 1 M M
20 77 65 71 M 0 6 0.00 0.0 0 8.7 12 80 M M 7 20 80
21 71 66 69 M 0 4 0.35 0.0 0 9.9 14 80 M M 10 1 20 100
22 76 64 70 M 0 5 0.01 0.0 0 9.2 14 100 M M 9 18 120
23 77 70 74 M 0 9 4.86 0.0 0 8.2 14 50 M M 10 13 M M
24 74 65 70 M 0 5 0.13 0.0 0 6.5 12 320 M M 10 1 M M
25 72 64 68 M 0 3 0.03 0.0 0 2.2 7 60 M M 9 1 M M
26 84 66 75 M 0 10 0.00 0.0 0 2.7 9 260 M M 5 M M
27 87 68 78 M 0 13 0.00 0.0 0 4.3 7 200 M M 3 12 M M
28 74 60 67 M 0 2 T 0.0 0 5.6 13 360 M M 7 12 18 340
29 75 53 64 M 1 0 0.00 0.0 0 5.6 12 330 M M 0 17 340
30 80 49 65 M 0 0 0.00 0.0 0 2.7 8 250 M M 0 M M
================================================================================
SM 2540 2028 1 342 5.86 0.0 160.4 M 112
================================================================================
AV 84.7 67.6 5.3 FASTST M M 4 MAX(MPH)
MISC ----> # 16 50 # 21 50
================================================================================
NOTES:
# LAST OF SEVERAL OCCURRENCES
COLUMN 17 PEAK WIND IN M.P.H.
PRELIMINARY LOCAL CLIMATOLOGICAL DATA (WS FORM: F-6) , PAGE 2
STATION: NATCHEZ
MONTH: SEPTEMBER
YEAR: 2020
LATITUDE: 31 37 N
LONGITUDE: 91 15 W
[TEMPERATURE DATA] [PRECIPITATION DATA] SYMBOLS USED IN COLUMN 16
AVERAGE MONTHLY: 76.1 TOTAL FOR MONTH: 5.86 1 = FOG OR MIST
DPTR FM NORMAL: M DPTR FM NORMAL: M 2 = FOG REDUCING VISIBILITY
HIGHEST: 94 ON 4 GRTST 24HR 4.86 ON 23-23 TO 1/4 MILE OR LESS
LOWEST: 49 ON 30 3 = THUNDER
SNOW, ICE PELLETS, HAIL 4 = ICE PELLETS
TOTAL MONTH: 0.0 INCH 5 = HAIL
GRTST 24HR 0.0 6 = FREEZING RAIN OR DRIZZLE
GRTST DEPTH: 0 7 = DUSTSTORM OR SANDSTORM:
VSBY 1/2 MILE OR LESS
8 = SMOKE OR HAZE
[NO. OF DAYS WITH] [WEATHER - DAYS WITH] 9 = BLOWING SNOW
X = TORNADO
MAX 32 OR BELOW: 0 0.01 INCH OR MORE: 8
MAX 90 OR ABOVE: 11 0.10 INCH OR MORE: 5
MIN 32 OR BELOW: 0 0.50 INCH OR MORE: 1
MIN 0 OR BELOW: 0 1.00 INCH OR MORE: 1
[HDD (BASE 65) ]
TOTAL THIS MO. 1 CLEAR (SCALE 0-3) 15
DPTR FM NORMAL M PTCLDY (SCALE 4-7) 10
TOTAL FM JUL 1 1 CLOUDY (SCALE 8-10) 5
DPTR FM NORMAL M
[CDD (BASE 65) ]
TOTAL THIS MO. 342
DPTR FM NORMAL M [PRESSURE DATA]
TOTAL FM JAN 1 2090 HIGHEST SLP M ON M
DPTR FM NORMAL M LOWEST SLP M ON M
[REMARKS]
#FINAL-09-20#