000
CXUS54 KHGX 010719
CF6HGX
PRELIMINARY LOCAL CLIMATOLOGICAL DATA (WS FORM: F-6)
STATION: DICKINSON WFO
MONTH: MARCH
YEAR: 2020
LATITUDE: 29 28 N
LONGITUDE: 95 5 W
TEMPERATURE IN F: :PCPN: SNOW: WIND :SUNSHINE: SKY :PK WND
================================================================================
1 2 3 4 5 6A 6B 7 8 9 10 11 12 13 14 15 16 17 18
12Z AVG MX 2MIN
DY MAX MIN AVG DEP HDD CDD WTR SNW DPTH SPD SPD DIR MIN PSBL S-S WX SPD DR
================================================================================
1 71 60 66 7 0 1 T 0.0 0 M M M M M M M M
2 77 66 72 13 0 7 0.00 0.0 0 M M M M M M M M
3 77 67 72 13 0 7 0.00 0.0 0 M M M M M M 12 M M
4 80 59 70 10 0 5 0.04 0.0 0 M M M M M M M M
5 73 54 64 4 1 0 0.00 0.0 0 M M M M M M M M
6 71 49 60 0 5 0 0.00 0.0 0 M M M M M M M M
7 62 46 54 -6 11 0 0.00 0.0 0 M M M M M M M M
8 71 50 61 1 4 0 0.00 0.0 0 M M M M M M M M
9 73 63 68 7 0 3 0.01 0.0 0 M M M M M M M M
10 80 65 73 12 0 8 0.00 0.0 0 M M M M M M M M
11 79 64 72 11 0 7 0.00 0.0 0 M M M M M M 1 M M
12 79 68 74 13 0 9 0.00 0.0 0 M M M M M M 1 M M
13 79 69 74 13 0 9 0.00 0.0 0 M M M M M M 1 M M
14 80 70 75 13 0 10 0.00 0.0 0 M M M M M M M M
15 79 66 73 11 0 8 0.00 0.0 0 M M M M M M M M
16 74 63 69 7 0 4 0.06 0.0 0 M M M M M M 1 M M
17 81 69 75 13 0 10 0.02 0.0 0 M M M M M M 1 M M
18 80 70 75 13 0 10 0.00 0.0 0 M M M M M M 1 M M
19 81 72 77 15 0 12 0.00 0.0 0 M M M M M M M M
20 83 61 72 9 0 7 0.01 0.0 0 M M M M M M M M
21 64 58 61 -2 4 0 0.12 0.0 0 M M M M M M M M
22 80 61 71 8 0 6 0.09 0.0 0 M M M M M M M M
23 87 72 80 17 0 15 0.01 0.0 0 M M M M M M M M
24 90 69 80 17 0 15 0.00 0.0 0 M M M M M M M M
25 92 69 81 18 0 16 0.00 0.0 0 M M M M M M M M
26 88 67 78 14 0 13 0.00 0.0 0 M M M M M M M M
27 89 71 80 16 0 15 0.00 0.0 0 M M M M M M M M
28 84 64 74 10 0 9 0.01 0.0 0 M M M M M M M M
29 83 53 68 4 0 3 0.00 0.0 0 M M M M M M M M
30 87 68 78 14 0 13 0.00 0.0 0 M M M M M M M M
31 80 57 69 5 0 4 0.00 0.0 0 M M M M M M M M
================================================================================
SM 2454 1960 25 226 0.37 0.0 M M M
================================================================================
AV 79.2 63.2 M FASTST M M 6 MAX(MPH)
MISC ----> M M M M
================================================================================
NOTES:
# LAST OF SEVERAL OCCURRENCES
COLUMN 17 PEAK WIND IN M.P.H.
PRELIMINARY LOCAL CLIMATOLOGICAL DATA (WS FORM: F-6) , PAGE 2
STATION: DICKINSON WFO
MONTH: MARCH
YEAR: 2020
LATITUDE: 29 28 N
LONGITUDE: 95 5 W
[TEMPERATURE DATA] [PRECIPITATION DATA] SYMBOLS USED IN COLUMN 16
AVERAGE MONTHLY: 71.2 TOTAL FOR MONTH: 0.37 1 = FOG OR MIST
DPTR FM NORMAL: 9.4 DPTR FM NORMAL: -2.87 2 = FOG REDUCING VISIBILITY
HIGHEST: 92 ON 25 GRTST 24HR 0.12 ON 21-21 TO 1/4 MILE OR LESS
LOWEST: 46 ON 7 3 = THUNDER
SNOW, ICE PELLETS, HAIL 4 = ICE PELLETS
TOTAL MONTH: 0.0 INCH 5 = HAIL
GRTST 24HR 0.0 6 = FREEZING RAIN OR DRIZZLE
GRTST DEPTH: 0 7 = DUSTSTORM OR SANDSTORM:
VSBY 1/2 MILE OR LESS
8 = SMOKE OR HAZE
[NO. OF DAYS WITH] [WEATHER - DAYS WITH] 9 = BLOWING SNOW
X = TORNADO
MAX 32 OR BELOW: 0 0.01 INCH OR MORE: 9
MAX 90 OR ABOVE: 2 0.10 INCH OR MORE: 1
MIN 32 OR BELOW: 0 0.50 INCH OR MORE: 0
MIN 0 OR BELOW: 0 1.00 INCH OR MORE: 0
[HDD (BASE 65) ]
TOTAL THIS MO. 25 CLEAR (SCALE 0-3) 0
DPTR FM NORMAL -124 PTCLDY (SCALE 4-7) 0
TOTAL FM JUL 1 953 CLOUDY (SCALE 8-10) 0
DPTR FM NORMAL -401
[CDD (BASE 65) ]
TOTAL THIS MO. 226
DPTR FM NORMAL 176 [PRESSURE DATA]
TOTAL FM JAN 1 283 HIGHEST SLP M ON M
DPTR FM NORMAL 207 LOWEST SLP M ON M
[REMARKS]
#FINAL-03-20#