000
CXUS56 KLOX 011155
CF6HHR
PRELIMINARY LOCAL CLIMATOLOGICAL DATA (WS FORM: F-6)
STATION: HAWTHORNE AIRPORT CA
MONTH: JULY
YEAR: 2023
LATITUDE: 33 55 N
LONGITUDE: 118 20 W
TEMPERATURE IN F: :PCPN: SNOW: WIND :SUNSHINE: SKY :PK WND
================================================================================
1 2 3 4 5 6A 6B 7 8 9 10 11 12 13 14 15 16 17 18
12Z AVG MX 2MIN
DY MAX MIN AVG DEP HDD CDD WTR SNW DPTH SPD SPD DIR MIN PSBL S-S WX SPD DR
================================================================================
1 77 64 71 1 0 6 0.00 M M 5.1 14 240 M M 6 8 20 250
2 76 63 70 0 0 5 0.00 M M 5.6 15 240 M M 6 18 21 270
3 75 62 69 -1 0 4 0.00 M M 5.2 14 250 M M 6 18 20 260
4 75 62 69 -1 0 4 0.00 M M 7.3 14 250 M M 6 8 20 260
5 75 63 69 -1 0 4 0.00 M M 7.3 16 260 M M 5 8 22 260
6 75 63 69 -1 0 4 0.00 M M 5.9 13 260 M M 4 8 20 250
7 76 64 70 0 0 5 0.00 M M 4.6 15 260 M M 3 22 250
8 76 65 71 1 0 6 0.00 M M 5.3 14 260 M M 2 8 24 190
9 76 66 71 0 0 6 0.00 M M 6.4 16 260 M M 4 8 23 260
10 78 64 71 0 0 6 0.00 M M 5.2 15 260 M M 0 21 280
11 80 65 73 2 0 8 0.00 M M 4.9 12 250 M M 2 8 17 260
12 85 64 75 4 0 10 0.00 M M 6.1 15 260 M M 0 8 20 250
13 86 68 77 6 0 12 0.00 M M 6.1 16 240 M M 0 8 22 270
14 86 67 77 6 0 12 0.00 M M 4.9 14 260 M M 0 8 20 240
15 80 67 74 3 0 9 0.00 M M 5.0 13 250 M M 1 8 19 260
16 81 69 75 4 0 10 0.00 M M 4.7 14 260 M M 0 8 19 250
17 85 69 77 6 0 12 0.00 M M 6.1 15 250 M M 1 8 20 250
18 83 69 76 5 0 11 0.00 M M 6.2 14 250 M M 0 22 260
19 84 69 77 6 0 12 0.00 M M 6.3 15 260 M M 0 8 19 250
20 85 70 78 7 0 13 0.00 M M 5.6 14 250 M M 2 8 21 250
21 81 68 75 4 0 10 0.00 M M 5.2 13 230 M M 3 8 17 250
22 80 68 74 2 0 9 0.00 M M 5.8 14 260 M M 4 8 18 260
23 88 70 79 7 0 14 0.00 M M 5.1 15 260 M M 4 8 20 260
24 81 70 76 4 0 11 0.00 M M 5.8 16 260 M M 2 8 23 250
25 88 68 78 6 0 13 0.00 M M 4.5 13 260 M M 3 18 18 260
26 90 72 81 9 0 16 0.00 M M 5.4 15 260 M M 1 20 250
27 87 72 80 8 0 15 0.00 M M 4.8 15 250 M M 1 8 20 260
28 83 72 78 6 0 13 0.00 M M 4.9 14 260 M M 2 8 21 260
29 87 72 80 8 0 15 0.00 M M 4.0 15 260 M M 1 8 20 240
30 87 72 80 8 0 15 0.00 M M 4.7 12 250 M M 4 8 19 140
31 90 74 82 10 0 17 0.00 M M 4.5 13 260 M M 3 8 15 260
================================================================================
SM 2536 2091 0 307 0.00 M 168.5 M 76
================================================================================
AV 81.8 67.5 5.4 FASTST M M 2 MAX(MPH)
MISC ----> # 16 260 24 190
================================================================================
NOTES:
# LAST OF SEVERAL OCCURRENCES
COLUMN 17 PEAK WIND IN M.P.H.
PRELIMINARY LOCAL CLIMATOLOGICAL DATA (WS FORM: F-6) , PAGE 2
STATION: HAWTHORNE AIRPORT CA
MONTH: JULY
YEAR: 2023
LATITUDE: 33 55 N
LONGITUDE: 118 20 W
[TEMPERATURE DATA] [PRECIPITATION DATA] SYMBOLS USED IN COLUMN 16
AVERAGE MONTHLY: 74.6 TOTAL FOR MONTH: 0.00 1 = FOG OR MIST
DPTR FM NORMAL: 3.7 DPTR FM NORMAL: -0.02 2 = FOG REDUCING VISIBILITY
HIGHEST: 90 ON 31,26 GRTST 24HR 0.00 ON 1- 1 TO 1/4 MILE OR LESS
LOWEST: 62 ON 4, 3 3 = THUNDER
SNOW, ICE PELLETS, HAIL 4 = ICE PELLETS
TOTAL MONTH: M 5 = HAIL
GRTST 24HR M ON M 6 = FREEZING RAIN OR DRIZZLE
GRTST DEPTH: M ON M 7 = DUSTSTORM OR SANDSTORM:
VSBY 1/2 MILE OR LESS
8 = SMOKE OR HAZE
[NO. OF DAYS WITH] [WEATHER - DAYS WITH] 9 = BLOWING SNOW
X = TORNADO
MAX 32 OR BELOW: 0 0.01 INCH OR MORE: 0
MAX 90 OR ABOVE: 2 0.10 INCH OR MORE: 0
MIN 32 OR BELOW: 0 0.50 INCH OR MORE: 0
MIN 0 OR BELOW: 0 1.00 INCH OR MORE: 0
[HDD (BASE 65) ]
TOTAL THIS MO. 0 CLEAR (SCALE 0-3) 18
DPTR FM NORMAL -1 PTCLDY (SCALE 4-7) 13
TOTAL FM JUL 1 0 CLOUDY (SCALE 8-10) 0
DPTR FM NORMAL 0
[CDD (BASE 65) ]
TOTAL THIS MO. 307
DPTR FM NORMAL 122 [PRESSURE DATA]
TOTAL FM JAN 1 462 HIGHEST SLP 30.00 ON 19
DPTR FM NORMAL 109 LOWEST SLP 29.78 ON 22
[REMARKS]
#FINAL-07-23#