000
CXUS56 KLOX 011155
CF6HHR
PRELIMINARY LOCAL CLIMATOLOGICAL DATA (WS FORM: F-6)
STATION: HAWTHORNE AIRPORT CA
MONTH: MARCH
YEAR: 2024
LATITUDE: 33 55 N
LONGITUDE: 118 20 W
TEMPERATURE IN F: :PCPN: SNOW: WIND :SUNSHINE: SKY :PK WND
================================================================================
1 2 3 4 5 6A 6B 7 8 9 10 11 12 13 14 15 16 17 18
12Z AVG MX 2MIN
DY MAX MIN AVG DEP HDD CDD WTR SNW DPTH SPD SPD DIR MIN PSBL S-S WX SPD DR
================================================================================
1 65 57 61 2 4 0 0.00 M M 5.8 16 230 M M 10 22 250
2 62 54 58 -1 7 0 0.27 M M 7.6 20 250 M M 10 18 29 240
3 63 51 57 -2 8 0 0.05 M M 6.7 22 250 M M 6 1 32 250
4 64 49 57 -3 8 0 0.00 M M 3.5 15 250 M M 1 22 250
5 64 51 58 -2 7 0 0.00 M M 4.4 14 250 M M 1 20 260
6 63 51 57 -3 8 0 0.52 M M 4.6 16 130 M M 7 1 21 130
7 65 49 57 -3 8 0 0.02 M M 3.5 17 250 M M 2 8 23 260
8 73 51 62 2 3 0 0.00 M M 3.4 21 250 M M 1 28 260
9 70 51 61 1 4 0 0.00 M M 3.0 14 270 M M 0 8 20 240
10 69 50 60 0 5 0 0.00 M M 3.9 14 260 M M 0 18 18 240
11 65 53 59 -1 6 0 0.00 M M 5.8 16 250 M M 1 30 260
12 64 55 60 0 5 0 0.00 M M 4.9 15 260 M M 5 23 260
13 68 56 62 2 3 0 0.00 M M 6.0 15 250 M M 1 23 260
14 73 53 63 3 2 0 0.00 M M 3.4 16 80 M M 0 25 70
15 68 56 62 2 3 0 0.00 M M 5.5 17 250 M M 3 25 250
16 69 55 62 2 3 0 0.00 M M 5.1 17 250 M M 1 24 250
17 68 52 60 0 5 0 0.00 M M 4.1 16 260 M M 0 22 250
18 73 54 64 4 1 0 T M M 3.2 15 260 M M 1 18 20 270
19 70 55 63 3 2 0 0.00 M M 3.8 14 240 M M 0 1 19 250
20 69 56 63 3 2 0 0.00 M M 4.4 15 260 M M 5 18 20 250
21 68 58 63 2 2 0 0.00 M M 4.8 14 240 M M 6 8 19 250
22 68 56 62 1 3 0 0.00 M M 5.1 15 260 M M 5 18 19 240
23 64 55 60 -1 5 0 0.10 M M 12.2 31 260 M M 6 1 43 260
24 64 50 57 -4 8 0 0.03 M M 7.5 29 270 M M 1 3 40 270
25 66 50 58 -3 7 0 0.00 M M 5.8 17 250 M M 0 23 240
26 66 54 60 -1 5 0 0.00 M M 5.4 17 250 M M 2 23 260
27 66 53 60 -1 5 0 0.00 M M 5.0 15 250 M M 0 22 260
28 64 54 59 -2 6 0 0.00 M M 7.1 20 240 M M 3 25 250
29 63 53 58 -3 7 0 0.14 M M 7.4 20 130 M M 5 1 30 130
30 57 51 54 -7 11 0 1.69 M M 8.1 21 260 M M 10 1 27 220
31 64 50 57 -4 8 0 0.16 M M 7.0 16 90 M M 5 1 24 80
================================================================================
SM 2055 1643 161 0 2.98 M 168.0 M 98
================================================================================
AV 66.3 53.0 5.4 FASTST M M 3 MAX(MPH)
MISC ----> 31 260 43 260
================================================================================
NOTES:
# LAST OF SEVERAL OCCURRENCES
COLUMN 17 PEAK WIND IN M.P.H.
PRELIMINARY LOCAL CLIMATOLOGICAL DATA (WS FORM: F-6) , PAGE 2
STATION: HAWTHORNE AIRPORT CA
MONTH: MARCH
YEAR: 2024
LATITUDE: 33 55 N
LONGITUDE: 118 20 W
[TEMPERATURE DATA] [PRECIPITATION DATA] SYMBOLS USED IN COLUMN 16
AVERAGE MONTHLY: 59.6 TOTAL FOR MONTH: 2.98 1 = FOG OR MIST
DPTR FM NORMAL: -0.7 DPTR FM NORMAL: 1.31 2 = FOG REDUCING VISIBILITY
HIGHEST: 73 ON 18,14 GRTST 24HR 1.69 ON 30-30 TO 1/4 MILE OR LESS
LOWEST: 49 ON 7, 4 3 = THUNDER
SNOW, ICE PELLETS, HAIL 4 = ICE PELLETS
TOTAL MONTH: M 5 = HAIL
GRTST 24HR M ON M 6 = FREEZING RAIN OR DRIZZLE
GRTST DEPTH: M ON M 7 = DUSTSTORM OR SANDSTORM:
VSBY 1/2 MILE OR LESS
8 = SMOKE OR HAZE
[NO. OF DAYS WITH] [WEATHER - DAYS WITH] 9 = BLOWING SNOW
X = TORNADO
MAX 32 OR BELOW: 0 0.01 INCH OR MORE: 9
MAX 90 OR ABOVE: 0 0.10 INCH OR MORE: 6
MIN 32 OR BELOW: 0 0.50 INCH OR MORE: 2
MIN 0 OR BELOW: 0 1.00 INCH OR MORE: 1
[HDD (BASE 65) ]
TOTAL THIS MO. 161 CLEAR (SCALE 0-3) 19
DPTR FM NORMAL -2 PTCLDY (SCALE 4-7) 9
TOTAL FM JUL 1 680 CLOUDY (SCALE 8-10) 3
DPTR FM NORMAL -249
[CDD (BASE 65) ]
TOTAL THIS MO. 0
DPTR FM NORMAL -16 [PRESSURE DATA]
TOTAL FM JAN 1 11 HIGHEST SLP 30.21 ON 27
DPTR FM NORMAL -20 LOWEST SLP 29.65 ON 30
[REMARKS]
#FINAL-03-24#