000
CXUS56 KLOX 011155
CF6HHR
PRELIMINARY LOCAL CLIMATOLOGICAL DATA (WS FORM: F-6)
STATION: HAWTHORNE AIRPORT CA
MONTH: JULY
YEAR: 2021
LATITUDE: 33 55 N
LONGITUDE: 118 20 W
TEMPERATURE IN F: :PCPN: SNOW: WIND :SUNSHINE: SKY :PK WND
================================================================================
1 2 3 4 5 6A 6B 7 8 9 10 11 12 13 14 15 16 17 18
12Z AVG MX 2MIN
DY MAX MIN AVG DEP HDD CDD WTR SNW DPTH SPD SPD DIR MIN PSBL S-S WX SPD DR
================================================================================
1 76 65 71 1 0 6 0.00 M M 6.2 17 260 M M 4 21 260
2 74 63 69 -1 0 4 0.00 M M 5.8 15 270 M M 5 18 19 260
3 74 62 68 -2 0 3 0.00 M M 5.9 16 270 M M 2 1 22 270
4 73 61 67 -3 0 2 0.00 M M 6.2 15 260 M M 5 18 21 260
5 73 61 67 -3 0 2 0.00 M M 6.8 15 250 M M 5 18 22 250
6 75 63 69 -1 0 4 0.00 M M 6.2 14 260 M M 4 8 18 250
7 74 64 69 -1 0 4 0.00 M M 4.3 13 260 M M 2 18 260
8 77 66 72 2 0 7 0.00 M M 4.6 14 260 M M 0 17 240
9 80 67 74 3 0 9 0.00 M M 5.8 14 250 M M 1 19 270
10 80 67 74 3 0 9 0.00 M M 5.6 15 260 M M 1 8 19 270
11 78 67 73 2 0 8 0.00 M M 5.3 14 250 M M 1 17 240
12 78 67 73 2 0 8 0.00 M M 5.7 14 240 M M 3 18 250
13 78 68 73 2 0 8 T M M 5.8 15 250 M M 3 8 20 260
14 80 67 74 3 0 9 0.00 M M 5.5 13 260 M M 4 8 17 250
15 79 66 73 2 0 8 0.00 M M 6.8 15 260 M M 5 21 260
16 77 66 72 1 0 7 0.00 M M 5.9 15 270 M M 3 8 21 260
17 78 66 72 1 0 7 0.00 M M 5.5 16 260 M M 2 21 260
18 82 66 74 3 0 9 0.00 M M 5.8 16 270 M M 1 20 250
19 80 68 74 3 0 9 0.00 M M 6.3 17 260 M M 0 21 250
20 78 66 72 1 0 7 0.00 M M 6.6 16 260 M M 2 8 21 250
21 84 66 75 4 0 10 0.00 M M 5.6 15 260 M M 0 8 19 250
22 82 68 75 3 0 10 0.00 M M 4.7 14 250 M M 2 18 250
23 79 67 73 1 0 8 0.00 M M 5.6 14 250 M M 5 8 18 270
24 76 66 71 -1 0 6 0.00 M M 5.9 14 260 M M 5 17 260
25 76 66 71 -1 0 6 0.00 M M 6.1 15 260 M M 3 8 18 250
26 73 66 70 -2 0 5 0.11 M M 6.0 15 260 M M 5 1 19 270
27 73 65 69 -3 0 4 0.00 M M 7.6 16 260 M M 6 8 22 260
28 75 64 70 -2 0 5 0.00 M M 7.4 16 260 M M 3 1 20 260
29 77 63 70 -2 0 5 0.00 M M 7.5 16 260 M M 1 21 270
30 75 63 69 -3 0 4 0.00 M M 6.8 20 250 M M 2 18 25 250
31 73 62 68 -4 0 3 0.00 M M 7.9 18 250 M M 2 18 22 260
================================================================================
SM 2387 2022 0 196 0.11 M 187.7 M 87
================================================================================
AV 77.0 65.2 6.1 FASTST M M 3 MAX(MPH)
MISC ----> 20 250 25 250
================================================================================
NOTES:
# LAST OF SEVERAL OCCURRENCES
COLUMN 17 PEAK WIND IN M.P.H.
PRELIMINARY LOCAL CLIMATOLOGICAL DATA (WS FORM: F-6) , PAGE 2
STATION: HAWTHORNE AIRPORT CA
MONTH: JULY
YEAR: 2021
LATITUDE: 33 55 N
LONGITUDE: 118 20 W
[TEMPERATURE DATA] [PRECIPITATION DATA] SYMBOLS USED IN COLUMN 16
AVERAGE MONTHLY: 71.1 TOTAL FOR MONTH: 0.11 1 = FOG OR MIST
DPTR FM NORMAL: 0.2 DPTR FM NORMAL: 0.09 2 = FOG REDUCING VISIBILITY
HIGHEST: 84 ON 21 GRTST 24HR 0.11 ON 26-26 TO 1/4 MILE OR LESS
LOWEST: 61 ON 5, 4 3 = THUNDER
SNOW, ICE PELLETS, HAIL 4 = ICE PELLETS
TOTAL MONTH: M 5 = HAIL
GRTST 24HR M ON M 6 = FREEZING RAIN OR DRIZZLE
GRTST DEPTH: M ON M 7 = DUSTSTORM OR SANDSTORM:
VSBY 1/2 MILE OR LESS
8 = SMOKE OR HAZE
[NO. OF DAYS WITH] [WEATHER - DAYS WITH] 9 = BLOWING SNOW
X = TORNADO
MAX 32 OR BELOW: 0 0.01 INCH OR MORE: 1
MAX 90 OR ABOVE: 0 0.10 INCH OR MORE: 1
MIN 32 OR BELOW: 0 0.50 INCH OR MORE: 0
MIN 0 OR BELOW: 0 1.00 INCH OR MORE: 0
[HDD (BASE 65) ]
TOTAL THIS MO. 0 CLEAR (SCALE 0-3) 18
DPTR FM NORMAL -1 PTCLDY (SCALE 4-7) 13
TOTAL FM JUL 1 0 CLOUDY (SCALE 8-10) 0
DPTR FM NORMAL 0
[CDD (BASE 65) ]
TOTAL THIS MO. 196
DPTR FM NORMAL 11 [PRESSURE DATA]
TOTAL FM JAN 1 323 HIGHEST SLP 30.05 ON 23
DPTR FM NORMAL -30 LOWEST SLP 29.78 ON 7
[REMARKS]
#FINAL-07-21#