000
CXUS56 KLOX 011814
CF6HHR
PRELIMINARY LOCAL CLIMATOLOGICAL DATA (WS FORM: F-6)
STATION: HAWTHORNE AIRPORT CA
MONTH: DECEMBER
YEAR: 2020
LATITUDE: 33 55 N
LONGITUDE: 118 20 W
TEMPERATURE IN F: :PCPN: SNOW: WIND :SUNSHINE: SKY :PK WND
================================================================================
1 2 3 4 5 6A 6B 7 8 9 10 11 12 13 14 15 16 17 18
12Z AVG MX 2MIN
DY MAX MIN AVG DEP HDD CDD WTR SNW DPTH SPD SPD DIR MIN PSBL S-S WX SPD DR
================================================================================
1 74 47 61 2 4 0 0.00 M 0 1.5 9 270 M M 0 11 260
2 78 47 63 4 2 0 0.00 0.0 0 1.7 16 260 M M 0 8 17 260
3 75 46 61 3 4 0 0.00 0.0 0 1.0 9 100 M M 0 12 80
4 74 47 61 3 4 0 0.00 0.0 0 1.4 10 260 M M 0 8 12 260
5 71 45 58 0 7 0 0.00 0.0 0 1.7 10 250 M M 0 12 260
6 70 44 57 -1 8 0 0.00 M 0 2.3 10 270 M M 0 12 270
7 75 46 61 3 4 0 0.00 M 0 0.7 7 90 M M 0 8 9 90
8 80 53 67 9 0 2 0.00 0.0 0 1.9 15 120 M M 0 8 19 90
9 72 52 62 4 3 0 0.00 0.0 0 3.4 14 260 M M 0 8 18 250
10 63 50 57 -1 8 0 0.00 M M 2.6 12 150 M M 4 16 130
11 62 50 56 -1 9 0 0.00 M M 2.1 13 260 M M 7 15 270
12 65 49 57 0 8 0 0.00 M M 2.5 13 260 M M 2 18 15 260
13 70 49 60 3 5 0 0.00 M M 3.0 12 260 M M 2 18 16 260
14 66 51 59 2 6 0 0.00 M M 4.3 13 300 M M 2 25 330
15 68 45 57 0 8 0 T M M 2.8 14 260 M M 0 8 18 250
16 71 48 60 3 5 0 T M M 2.0 10 260 M M 0 8 13 260
17 61 50 56 -1 9 0 T M M 3.8 16 250 M M 1 18 21 250
18 66 49 58 1 7 0 0.00 M M 2.6 13 250 M M 1 8 16 230
19 70 44 57 0 8 0 T M M 1.7 10 250 M M 0 8 13 300
20 78 45 62 5 3 0 T M M 1.7 9 270 M M 0 8 12 270
21 82 51 67 10 0 2 0.00 M M 2.2 12 270 M M 0 8 14 260
22 68 50 59 2 6 0 0.00 M M 3.4 10 250 M M 1 18 12 240
23 69 51 60 3 5 0 0.00 M M 0.9 8 100 M M 2 18 10 30
24 63 52 58 1 7 0 0.01 M M 1.2 7 30 M M 2 12 90
25 73 48 61 4 4 0 T M M 1.8 14 270 M M 0 8 17 270
26 65 46 56 -1 9 0 T M M 2.6 12 260 M M 0 1 17 310
27 63 54 59 2 6 0 T M M 3.0 20 260 M M 6 1 22 250
28 55 45 50 -7 15 0 1.58 M M 4.6 25 260 M M 8 13 32 270
29 65 42 54 -3 11 0 T M M 2.6 13 330 M M 0 22 330
30 68 41 55 -2 10 0 0.00 M M 1.5 13 230 M M 0 8 15 270
31 68 43 56 -1 9 0 0.00 M M 3.0 16 320 M M 1 28 320
================================================================================
SM 2148 1480 194 4 1.59 0.0 71.5 M 39
================================================================================
AV 69.3 47.7 2.3 FASTST M M 1 MAX(MPH)
MISC ----> 25 260 32 270
================================================================================
NOTES:
# LAST OF SEVERAL OCCURRENCES
COLUMN 17 PEAK WIND IN M.P.H.
PRELIMINARY LOCAL CLIMATOLOGICAL DATA (WS FORM: F-6) , PAGE 2
STATION: HAWTHORNE AIRPORT CA
MONTH: DECEMBER
YEAR: 2020
LATITUDE: 33 55 N
LONGITUDE: 118 20 W
[TEMPERATURE DATA] [PRECIPITATION DATA] SYMBOLS USED IN COLUMN 16
AVERAGE MONTHLY: 58.5 TOTAL FOR MONTH: 1.59 1 = FOG OR MIST
DPTR FM NORMAL: 1.1 DPTR FM NORMAL: -0.54 2 = FOG REDUCING VISIBILITY
HIGHEST: 82 ON 21 GRTST 24HR 1.58 ON 28-28 TO 1/4 MILE OR LESS
LOWEST: 41 ON 30 3 = THUNDER
SNOW, ICE PELLETS, HAIL 4 = ICE PELLETS
TOTAL MONTH: 0.0 INCH 5 = HAIL
GRTST 24HR 0.0 6 = FREEZING RAIN OR DRIZZLE
GRTST DEPTH: 0 7 = DUSTSTORM OR SANDSTORM:
VSBY 1/2 MILE OR LESS
8 = SMOKE OR HAZE
[NO. OF DAYS WITH] [WEATHER - DAYS WITH] 9 = BLOWING SNOW
X = TORNADO
MAX 32 OR BELOW: 0 0.01 INCH OR MORE: 2
MAX 90 OR ABOVE: 0 0.10 INCH OR MORE: 1
MIN 32 OR BELOW: 0 0.50 INCH OR MORE: 1
MIN 0 OR BELOW: 0 1.00 INCH OR MORE: 1
[HDD (BASE 65) ]
TOTAL THIS MO. 194 CLEAR (SCALE 0-3) 27
DPTR FM NORMAL -43 PTCLDY (SCALE 4-7) 3
TOTAL FM JUL 1 335 CLOUDY (SCALE 8-10) 1
DPTR FM NORMAL -44
[CDD (BASE 65) ]
TOTAL THIS MO. 4
DPTR FM NORMAL 2 [PRESSURE DATA]
TOTAL FM JAN 1 1175 HIGHEST SLP 30.31 ON 24
DPTR FM NORMAL 370 LOWEST SLP 29.83 ON 28
[REMARKS]
#FINAL-12-20#