000
CXUS56 KPQR 011301
CF6HIO
PRELIMINARY LOCAL CLIMATOLOGICAL DATA (WS FORM: F-6)
STATION: HILLSBORO OR
MONTH: DECEMBER
YEAR: 2022
LATITUDE: 45 32 N
LONGITUDE: 122 57 W
TEMPERATURE IN F: :PCPN: SNOW: WIND :SUNSHINE: SKY :PK WND
================================================================================
1 2 3 4 5 6A 6B 7 8 9 10 11 12 13 14 15 16 17 18
12Z AVG MX 2MIN
DY MAX MIN AVG DEP HDD CDD WTR SNW DPTH SPD SPD DIR MIN PSBL S-S WX SPD DR
================================================================================
1 41 28 35 -6 30 0 0.03 M M 5.5 14 180 M M 7 1 17 200
2 45 30 38 -3 27 0 0.07 M M 5.2 20 160 M M 9 28 160
3 45 35 40 -1 25 0 0.00 M M 9.8 20 70 M M 3 28 70
4 40 32 36 -5 29 0 0.12 M M 7.5 23 60 M M 8 1 32 60
5 45 31 38 -3 27 0 T M M 1.2 8 140 M M 7 1 8 140
6 41 36 39 -1 26 0 T M M 0.6 5 310 M M 10 1 6 290
7 40 37 39 -1 26 0 0.01 M M 4.6 10 160 M M 10 1 13 150
8 44 35 40 0 25 0 0.31 M M 4.6 12 140 M M 9 1 18 150
9 48 35 42 2 23 0 0.89 M M 9.7 29 180 M M 10 1 38 180
10 52 37 45 5 20 0 0.19 M M 9.7 24 170 M M 9 1 32 180
11 45 33 39 -1 26 0 0.00 M M 2.8 10 280 M M 9 12 13 280
12 47 31 39 -1 26 0 0.00 M M 2.3 8 330 M M 8 1 11 330
13 42 27 35 -5 30 0 0.00 M M 0.6 5 320 M M 9 1 7 50
14 47 26 37 -3 28 0 0.00 M M 2.3 9 50 M M 4 1 12 70
15 48 23 36 -3 29 0 0.00 M M 3.3 12 10 M M 0 1 17 30
16 48 25 37 -2 28 0 0.00 M M 3.8 16 50 M M 0 23 40
17 41 19 30 -9 35 0 0.00 M M 1.9 7 180 M M 5 12 9 180
18 45 34 40 1 25 0 0.03 M M 3.6 15 230 M M 9 1 21 230
19 41 34 38 -1 27 0 T M M 0.8 7 270 M M 9 1 9 50
20 48 34 41 2 24 0 0.06 M M 6.2 17 180 M M 10 1 24 180
21 41 24 33 -6 32 0 0.00 M M 5.8 21 80 M M 6 27 100
22 24 20 22 -17 43 0 0.02 M M 14.2 24 90 M M 7 16 35 90
23 29 21 25 -14 40 0 0.09 M M 3.2 15 120 M M 10 16 21 100
24 35 29 32 -7 33 0 0.60 M M 1.0 20 110 M M 10 12 23 110
25 44 34 39 0 26 0 0.54 M M 1.6 10 300 M M 10 12 12 300
26 57 40 49 10 16 0 2.50 M M 7.2 25 180 M M 10 1 36 180
27 56 41 49 10 16 0 0.99 M M 15.1 36 170 M M 9 1 46 210
28 48 36 42 3 23 0 0.01 M M 5.2 14 160 M M 8 17 160
29 49 39 44 5 21 0 0.75 M M 5.1 18 130 M M 10 1 22 130
30 51 43 47 8 18 0 0.16 M M 6.7 14 170 M M 9 1 20 180
31 49 36 43 3 22 0 0.08 M M 2.9 10 160 M M 10 12 14 190
================================================================================
SM 1376 985 826 0 7.45 M 154.0 M 244
================================================================================
AV 44.4 31.8 5.0 FASTST M M 8 MAX(MPH)
MISC ----> 36 170 46 210
================================================================================
NOTES:
# LAST OF SEVERAL OCCURRENCES
COLUMN 17 PEAK WIND IN M.P.H.
PRELIMINARY LOCAL CLIMATOLOGICAL DATA (WS FORM: F-6) , PAGE 2
STATION: HILLSBORO OR
MONTH: DECEMBER
YEAR: 2022
LATITUDE: 45 32 N
LONGITUDE: 122 57 W
[TEMPERATURE DATA] [PRECIPITATION DATA] SYMBOLS USED IN COLUMN 16
AVERAGE MONTHLY: 38.1 TOTAL FOR MONTH: 7.45 1 = FOG OR MIST
DPTR FM NORMAL: -1.7 DPTR FM NORMAL: 1.40 2 = FOG REDUCING VISIBILITY
HIGHEST: 57 ON 26 GRTST 24HR 2.70 ON 26-27 TO 1/4 MILE OR LESS
LOWEST: 19 ON 17 3 = THUNDER
SNOW, ICE PELLETS, HAIL 4 = ICE PELLETS
TOTAL MONTH: M 5 = HAIL
GRTST 24HR M ON M 6 = FREEZING RAIN OR DRIZZLE
GRTST DEPTH: M ON M 7 = DUSTSTORM OR SANDSTORM:
VSBY 1/2 MILE OR LESS
8 = SMOKE OR HAZE
[NO. OF DAYS WITH] [WEATHER - DAYS WITH] 9 = BLOWING SNOW
X = TORNADO
MAX 32 OR BELOW: 2 0.01 INCH OR MORE: 19
MAX 90 OR ABOVE: 0 0.10 INCH OR MORE: 10
MIN 32 OR BELOW: 14 0.50 INCH OR MORE: 6
MIN 0 OR BELOW: 0 1.00 INCH OR MORE: 1
[HDD (BASE 65) ]
TOTAL THIS MO. 826 CLEAR (SCALE 0-3) 3
DPTR FM NORMAL 43 PTCLDY (SCALE 4-7) 8
TOTAL FM JUL 1 1856 CLOUDY (SCALE 8-10) 20
DPTR FM NORMAL -136
[CDD (BASE 65) ]
TOTAL THIS MO. 0
DPTR FM NORMAL 0 [PRESSURE DATA]
TOTAL FM JAN 1 486 HIGHEST SLP 30.47 ON 22
DPTR FM NORMAL 211 LOWEST SLP 28.94 ON 27
[REMARKS]
#FINAL-12-22#