000
CXUS56 KPQR 011200
CF6HIO
PRELIMINARY LOCAL CLIMATOLOGICAL DATA (WS FORM: F-6)
STATION: HILLSBORO OR
MONTH: SEPTEMBER
YEAR: 2020
LATITUDE: 45 32 N
LONGITUDE: 122 57 W
TEMPERATURE IN F: :PCPN: SNOW: WIND :SUNSHINE: SKY :PK WND
================================================================================
1 2 3 4 5 6A 6B 7 8 9 10 11 12 13 14 15 16 17 18
12Z AVG MX 2MIN
DY MAX MIN AVG DEP HDD CDD WTR SNW DPTH SPD SPD DIR MIN PSBL S-S WX SPD DR
================================================================================
1 90 52 71 7 0 6 0.00 M M 4.5 15 320 M M 0 21 10
2 93 54 74 10 0 9 0.00 M M 5.3 14 330 M M 0 21 40
3 98 54 76 12 0 11 0.00 M M 3.1 13 350 M M 0 16 350
4 88 54 71 8 0 6 0.00 M M 3.9 12 290 M M 0 8 14 290
5 76 57 67 4 0 2 0.00 M M 3.9 10 310 M M 5 14 80
6 92 49 71 8 0 6 0.00 M M 4.6 18 320 M M 0 23 310
7 89 54 72 9 0 7 0.00 M M 8.9 28 80 M M 3 8 40 90
8 81 63 72 10 0 7 0.00 M M 20.2 35 70 M M 2 8 48 70
9 88 62 75 13 0 10 0.00 M M 13.7 24 50 M M 6 8 33 50
10 76 52 64 2 1 0 0.00 M M 2.4 7 300 M M 10 8 8 300
11 67 48 58 -4 7 0 0.00 M M 0.1 3 320 M M 10 18 4 330
12 67 44 56 -6 9 0 0.00 M M 0.6 5 180 M M 10 128 6 190
13 68 44 56 -5 9 0 0.00 M M 0.9 7 150 M M 10 128 7 160
14 73 49 61 0 4 0 T M M 1.2 7 80 M M 10 128 9 80
15 78 55 67 6 0 2 0.00 M M 1.3 6 240 M M 10 128 8 80
16 73 50 62 1 3 0 0.00 M M 1.4 7 50 M M 10 128 8 160
17 76 52 64 4 1 0 T M M 1.9 8 310 M M 9 1238 9 300
18 68 59 64 4 1 0 0.33 M M 4.2 17 160 M M 10 138 24 180
19 71 55 63 3 2 0 0.00 M M 3.0 12 170 M M 8 1 15 190
20 74 53 64 4 1 0 0.00 M M 1.7 9 330 M M 5 1 13 290
21 75 50 63 4 2 0 T M M 2.5 13 300 M M 4 1 15 290
22 74 59 67 8 0 2 0.00 M M 3.4 12 130 M M 6 14 140
23 68 57 63 4 2 0 M M M 8.9 18 190 M M 9 1 26 180
24 72 55 64 6 1 0 T M M 8.4 17 190 M M 4 22 170
25 64 50 57 -1 8 0 0.82 M M 9.2 22 180 M M 8 1 29 170
26 70 49 60 2 5 0 0.13 M M 3.4 15 250 M M 7 128 20 270
27 75 47 61 4 4 0 0.00 M M 4.0 10 310 M M 2 1 14 40
28 85 46 66 9 0 1 0.00 M M 4.4 14 50 M M 0 18 30
29 87 47 67 10 0 2 0.00 M M 2.1 9 60 M M 1 11 90
30 83 48 66 10 0 1 0.00 M M 1.0 7 330 M M 0 1 8 300
================================================================================
SM 2339 1568 60 72 1.28 M 134.1 M 159
================================================================================
AV 78.0 52.3 4.5 FASTST M M 5 MAX(MPH)
MISC ----> # 35 70 # 48 70
================================================================================
NOTES:
# LAST OF SEVERAL OCCURRENCES
COLUMN 17 PEAK WIND IN M.P.H.
PRELIMINARY LOCAL CLIMATOLOGICAL DATA (WS FORM: F-6) , PAGE 2
STATION: HILLSBORO OR
MONTH: SEPTEMBER
YEAR: 2020
LATITUDE: 45 32 N
LONGITUDE: 122 57 W
[TEMPERATURE DATA] [PRECIPITATION DATA] SYMBOLS USED IN COLUMN 16
AVERAGE MONTHLY: 65.1 TOTAL FOR MONTH: 1.28 1 = FOG OR MIST
DPTR FM NORMAL: 4.6 DPTR FM NORMAL: -0.16 2 = FOG REDUCING VISIBILITY
HIGHEST: 98 ON 3 GRTST 24HR 0.82 ON 25-25 TO 1/4 MILE OR LESS
LOWEST: 44 ON 13,12 3 = THUNDER
SNOW, ICE PELLETS, HAIL 4 = ICE PELLETS
TOTAL MONTH: M 5 = HAIL
GRTST 24HR M ON M 6 = FREEZING RAIN OR DRIZZLE
GRTST DEPTH: M ON M 7 = DUSTSTORM OR SANDSTORM:
VSBY 1/2 MILE OR LESS
8 = SMOKE OR HAZE
[NO. OF DAYS WITH] [WEATHER - DAYS WITH] 9 = BLOWING SNOW
X = TORNADO
MAX 32 OR BELOW: 0 0.01 INCH OR MORE: 3
MAX 90 OR ABOVE: 4 0.10 INCH OR MORE: 3
MIN 32 OR BELOW: 0 0.50 INCH OR MORE: 1
MIN 0 OR BELOW: 0 1.00 INCH OR MORE: 0
[HDD (BASE 65) ]
TOTAL THIS MO. 60 CLEAR (SCALE 0-3) 11
DPTR FM NORMAL -95 PTCLDY (SCALE 4-7) 7
TOTAL FM JUL 1 108 CLOUDY (SCALE 8-10) 12
DPTR FM NORMAL -154
[CDD (BASE 65) ]
TOTAL THIS MO. 72
DPTR FM NORMAL 53 [PRESSURE DATA]
TOTAL FM JAN 1 344 HIGHEST SLP 30.43 ON 27
DPTR FM NORMAL 147 LOWEST SLP 29.75 ON 23
[REMARKS]
#FINAL-09-20#