539
CXUS56 KPQR 011200
CF6HIO
PRELIMINARY LOCAL CLIMATOLOGICAL DATA (WS FORM: F-6)
STATION: HILLSBORO OR
MONTH: JUNE
YEAR: 2020
LATITUDE: 45 32 N
LONGITUDE: 122 57 W
TEMPERATURE IN F: :PCPN: SNOW: WIND :SUNSHINE: SKY :PK WND
================================================================================
1 2 3 4 5 6A 6B 7 8 9 10 11 12 13 14 15 16 17 18
12Z AVG MX 2MIN
DY MAX MIN AVG DEP HDD CDD WTR SNW DPTH SPD SPD DIR MIN PSBL S-S WX SPD DR
================================================================================
1 71 39 55 -3 10 0 0.00 M M 3.1 13 70 M M 0 14 70
2 79 42 61 2 4 0 0.00 M M 3.9 15 20 M M 2 20 40
3 74 49 62 3 3 0 0.00 M M 5.5 17 320 M M 2 22 320
4 73 50 62 3 3 0 0.00 M M 5.6 14 320 M M 6 17 310
5 69 49 59 0 6 0 0.09 M M 3.7 15 300 M M 4 19 300
6 62 46 54 -5 11 0 0.12 M M 5.5 15 270 M M 9 1 20 280
7 63 45 54 -5 11 0 0.10 M M 5.5 17 300 M M 9 21 300
8 65 50 58 -1 7 0 0.24 M M 4.2 17 240 M M 10 1 23 250
9 64 49 57 -3 8 0 0.28 M M 7.9 17 170 M M 10 1 22 190
10 78 58 68 8 0 3 T M M 5.2 17 190 M M 9 23 200
11 76 56 66 6 0 1 0.04 M M 4.4 10 290 M M 6 13 290
12 59 51 55 -5 10 0 0.18 M M 4.1 9 270 M M 8 1 12 330
13 62 49 56 -4 9 0 0.13 M M 5.4 14 240 M M 9 12 19 240
14 68 45 57 -3 8 0 0.03 M M 3.7 14 160 M M 9 1 18 200
15 64 54 59 -1 6 0 0.30 M M 8.1 17 260 M M 9 18 22 280
16 66 51 59 -1 6 0 0.24 M M 5.3 13 300 M M 9 1 16 290
17 74 47 61 0 4 0 0.00 M M 5.7 13 310 M M 5 16 310
18 82 47 65 4 0 0 0.00 M M 3.4 14 320 M M 0 18 320
19 85 51 68 7 0 3 0.00 M M 3.7 14 240 M M 0 17 240
20 70 54 62 1 3 0 0.26 M M 5.7 14 180 M M 7 18 19 160
21 76 54 65 4 0 0 0.00 M M 4.1 14 30 M M 6 17 20
22 88 50 69 8 0 4 0.00 M M 3.5 10 30 M M 0 14 360
23 94 58 76 14 0 11 0.00 M M 4.4 15 320 M M 0 20 320
24 78 55 67 5 0 2 0.00 M M 4.7 16 320 M M 4 8 21 310
25 85 50 68 6 0 3 0.00 M M 6.1 15 310 M M 2 20 320
26 88 55 72 10 0 7 0.00 M M 7.1 20 320 M M 0 24 320
27 70 54 62 0 3 0 0.00 M M 9.9 21 330 M M 5 28 320
28 72 53 63 1 2 0 0.03 M M 6.6 17 280 M M 9 8 21 280
29 76 47 62 -1 3 0 0.00 M M 4.0 16 310 M M 6 20 320
30 71 56 64 1 1 0 T M M 6.4 18 320 M M 9 18 23 300
================================================================================
SM 2202 1514 118 34 2.04 M 156.4 M 164
================================================================================
AV 73.4 50.5 5.2 FASTST M M 5 MAX(MPH)
MISC ----> # 21 330 # 28 320
================================================================================
NOTES:
# LAST OF SEVERAL OCCURRENCES
COLUMN 17 PEAK WIND IN M.P.H.
PRELIMINARY LOCAL CLIMATOLOGICAL DATA (WS FORM: F-6) , PAGE 2
STATION: HILLSBORO OR
MONTH: JUNE
YEAR: 2020
LATITUDE: 45 32 N
LONGITUDE: 122 57 W
[TEMPERATURE DATA] [PRECIPITATION DATA] SYMBOLS USED IN COLUMN 16
AVERAGE MONTHLY: 61.9 TOTAL FOR MONTH: 2.04 1 = FOG OR MIST
DPTR FM NORMAL: 1.4 DPTR FM NORMAL: 0.64 2 = FOG REDUCING VISIBILITY
HIGHEST: 94 ON 23 GRTST 24HR 0.30 ON 15-15 TO 1/4 MILE OR LESS
LOWEST: 39 ON 1 3 = THUNDER
SNOW, ICE PELLETS, HAIL 4 = ICE PELLETS
TOTAL MONTH: M 5 = HAIL
GRTST 24HR M ON M 6 = FREEZING RAIN OR DRIZZLE
GRTST DEPTH: M ON M 7 = DUSTSTORM OR SANDSTORM:
VSBY 1/2 MILE OR LESS
8 = SMOKE OR HAZE
[NO. OF DAYS WITH] [WEATHER - DAYS WITH] 9 = BLOWING SNOW
X = TORNADO
MAX 32 OR BELOW: 0 0.01 INCH OR MORE: 13
MAX 90 OR ABOVE: 1 0.10 INCH OR MORE: 9
MIN 32 OR BELOW: 0 0.50 INCH OR MORE: 0
MIN 0 OR BELOW: 0 1.00 INCH OR MORE: 0
[HDD (BASE 65) ]
TOTAL THIS MO. 118 CLEAR (SCALE 0-3) 9
DPTR FM NORMAL -37 PTCLDY (SCALE 4-7) 9
TOTAL FM JUL 1 4695 CLOUDY (SCALE 8-10) 12
DPTR FM NORMAL -310
[CDD (BASE 65) ]
TOTAL THIS MO. 34
DPTR FM NORMAL 14 [PRESSURE DATA]
TOTAL FM JAN 1 55 HIGHEST SLP 30.30 ON 17
DPTR FM NORMAL 29 LOWEST SLP 29.71 ON 5
[REMARKS]
#FINAL-06-20#