000
CXUS53 KGID 010947
CF6HJH
PRELIMINARY LOCAL CLIMATOLOGICAL DATA (WS FORM: F-6)
STATION: HEBRON NE
MONTH: MARCH
YEAR: 2023
LATITUDE: 40 9 N
LONGITUDE: 97 35 W
TEMPERATURE IN F: :PCPN: SNOW: WIND :SUNSHINE: SKY :PK WND
================================================================================
1 2 3 4 5 6A 6B 7 8 9 10 11 12 13 14 15 16 17 18
12Z AVG MX 2MIN
DY MAX MIN AVG DEP HDD CDD WTR SNW DPTH SPD SPD DIR MIN PSBL S-S WX SPD DR
================================================================================
1 54 29 42 M 23 0 0.00 M M 7.4 15 30 M M 2 20 40
2 44 25 35 M 30 0 0.00 M M 8.0 13 70 M M 4 1 17 50
3 58 21 40 M 25 0 0.00 M M 3.3 10 310 M M 0 1 M M
4 52 34 43 M 22 0 T M M 6.2 17 300 M M 3 22 300
5 68 32 50 M 15 0 0.00 M M 9.0 15 180 M M 2 21 140
6 42 32 37 M 28 0 0.00 M M 12.5 20 50 M M 8 1 25 360
7 44 32 38 M 27 0 0.00 M M 10.3 15 90 M M 10 20 70
8 40 32 36 M 29 0 0.00 M M 9.4 15 10 M M 10 1 21 10
9 38 28 33 M 32 0 M M M 7.7 14 340 M M 10 1 22 330
10 39 23 31 M 34 0 0.00 M M 6.6 13 120 M M 6 18 110
11 42 24 33 M 32 0 0.08 M M 7.4 15 130 M M 6 1 21 130
12 39 20 30 M 35 0 0.00 M M 9.0 20 330 M M 3 12 28 330
13 36 19 28 M 37 0 0.00 M M 5.5 13 360 M M 4 18 340
14 55 20 38 M 27 0 0.00 M M 12.4 21 190 M M 0 28 180
15 69 37 53 M 12 0 0.00 M M 17.6 29 210 M M 0 39 190
16 52 27 40 M 25 0 M M M 17.7 31 360 M M 6 46 360
17 45 22 34 M 31 0 0.00 M M 12.1 18 350 M M 3 27 320
18 32 13 23 M 42 0 0.00 M M 12.1 22 340 M M 3 30 330
19 51 7 29 M 36 0 0.00 M M 9.8 18 220 M M 0 30 230
20 64 34 49 M 16 0 0.00 M M 15.6 20 200 M M 0 29 180
21 51 37 44 M 21 0 0.00 M M 10.6 20 160 M M 6 1 24 160
22 50 36 43 M 22 0 0.00 M M 9.9 17 20 M M 10 12 25 20
23 44 32 38 M 27 0 0.00 M M 8.8 18 10 M M 5 24 10
24 57 26 42 M 23 0 0.00 M M 4.3 10 40 M M 4 M M
25 60 31 46 M 19 0 0.58 M M 5.0 12 250 M M 6 1 29 200
26 38 28 33 M 32 0 T M M 9.1 18 360 M M 9 30 360
27 40 18 29 M 36 0 M M M 4.2 12 10 M M 4 10 0
28 53 20 37 M 28 0 0.00 M M 6.3 13 260 M M 1 18 270
29 53 28 41 M 24 0 0.00 M M 11.6 18 80 M M 0 24 80
30 75 33 54 M 11 0 0.00 M M 16.3 31 180 M M 3 39 180
31 65 32 49 M 16 0 0.00 M M 19.9 33 310 M M 5 1 46 310
================================================================================
SM 1550 832 817 0 M M 305.6 M 133
================================================================================
AV 50.0 26.8 9.9 FASTST M M 4 MAX(MPH)
MISC ----> 33 310 # M M
================================================================================
NOTES:
# LAST OF SEVERAL OCCURRENCES
COLUMN 17 PEAK WIND IN M.P.H.
PRELIMINARY LOCAL CLIMATOLOGICAL DATA (WS FORM: F-6) , PAGE 2
STATION: HEBRON NE
MONTH: MARCH
YEAR: 2023
LATITUDE: 40 9 N
LONGITUDE: 97 35 W
[TEMPERATURE DATA] [PRECIPITATION DATA] SYMBOLS USED IN COLUMN 16
AVERAGE MONTHLY: 38.4 TOTAL FOR MONTH: M 1 = FOG OR MIST
DPTR FM NORMAL: M DPTR FM NORMAL: M 2 = FOG REDUCING VISIBILITY
HIGHEST: 75 ON 30 GRTST 24HR M ON M TO 1/4 MILE OR LESS
LOWEST: 7 ON 19 3 = THUNDER
SNOW, ICE PELLETS, HAIL 4 = ICE PELLETS
TOTAL MONTH: M 5 = HAIL
GRTST 24HR M ON M 6 = FREEZING RAIN OR DRIZZLE
GRTST DEPTH: M ON M 7 = DUSTSTORM OR SANDSTORM:
VSBY 1/2 MILE OR LESS
8 = SMOKE OR HAZE
[NO. OF DAYS WITH] [WEATHER - DAYS WITH] 9 = BLOWING SNOW
X = TORNADO
MAX 32 OR BELOW: 1 0.01 INCH OR MORE: M
MAX 90 OR ABOVE: 0 0.10 INCH OR MORE: M
MIN 32 OR BELOW: 25 0.50 INCH OR MORE: M
MIN 0 OR BELOW: 0 1.00 INCH OR MORE: M
[HDD (BASE 65) ]
TOTAL THIS MO. 817 CLEAR (SCALE 0-3) 11
DPTR FM NORMAL M PTCLDY (SCALE 4-7) 15
TOTAL FM JUL 1 5161 CLOUDY (SCALE 8-10) 5
DPTR FM NORMAL M
[CDD (BASE 65) ]
TOTAL THIS MO. 0
DPTR FM NORMAL M [PRESSURE DATA]
TOTAL FM JAN 1 0 HIGHEST SLP M ON M
DPTR FM NORMAL M LOWEST SLP M ON M
[REMARKS]
#FINAL-03-23#