000
CXUS56 KHNX 112327
CF6HJO
PRELIMINARY LOCAL CLIMATOLOGICAL DATA (WS FORM: F-6)
STATION: HANFORD CA AIRPORT
MONTH: AUGUST
YEAR: 2021
LATITUDE: 36 19 N
LONGITUDE: 119 38 W
TEMPERATURE IN F: :PCPN: SNOW: WIND :SUNSHINE: SKY :PK WND
================================================================================
1 2 3 4 5 6A 6B 7 8 9 10 11 12 13 14 15 16 17 18
12Z AVG MX 2MIN
DY MAX MIN AVG DEP HDD CDD WTR SNW DPTH SPD SPD DIR MIN PSBL S-S WX SPD DR
================================================================================
1 107 66 87 6 0 22 0.00 0.0 0 4.8 14 310 M M 0 19 310
2 102 64 83 2 0 18 0.00 0.0 0 7.8 15 310 M M 0 8 18 320
3 103 63 83 2 0 18 0.00 0.0 0 7.4 14 320 M M 0 8 17 330
4 106 64 85 4 0 20 0.00 0.0 0 7.9 17 310 M M 0 8 24 310
5 100 68 84 3 0 19 0.00 0.0 0 8.7 16 310 M M 0 21 310
6 98 61 80 -1 0 15 0.00 0.0 0 6.3 15 320 M M 0 19 320
7 100 62 81 0 0 16 0.00 0.0 0 3.9 12 320 M M 0 18 15 320
8 102 61 82 1 0 17 0.00 0.0 0 4.6 14 320 M M 0 18 18 320
9 103 63 83 2 0 18 0.00 0.0 0 4.5 14 320 M M 0 8 18 310
10 105 64 85 5 0 20 0.00 0.0 0 4.9 14 330 M M 0 8 17 320
11 104 68 86 6 0 21 0.00 0.0 0 5.1 15 310 M M 0 20 310
12 105 73 89 9 0 24 0.00 0.0 0 7.0 15 320 M M 1 20 310
13 104 66 85 5 0 20 0.00 0.0 0 6.9 14 320 M M 1 20 320
14 103 66 85 5 0 20 0.00 0.0 0 3.0 10 330 M M 0 8 14 340
15 104 70 87 7 0 22 0.00 0.0 0 4.9 12 310 M M 0 8 16 350
16 103 70 87 7 0 22 0.00 0.0 0 4.8 13 330 M M 0 18 16 330
17 103 65 84 4 0 19 0.00 0.0 0 4.3 18 320 M M 0 8 24 320
18 91 61 76 -4 0 11 0.00 0.0 0 7.2 14 270 M M 2 8 18 320
19 85 58 72 -8 0 7 0.00 0.0 0 3.6 12 330 M M 9 18 14 330
20 91 57 74 -6 0 9 0.00 0.0 0 2.0 8 320 M M 10 18 11 330
21 93 64 79 -1 0 14 0.00 0.0 0 8.3 16 320 M M 10 8 21 330
22 91 60 76 -3 0 11 0.00 0.0 0 5.1 10 320 M M 0 14 320
23 94 63 79 0 0 14 0.00 0.0 0 6.2 13 310 M M 0 8 16 310
24 96 63 80 1 0 15 0.00 0.0 0 5.5 14 310 M M 0 17 310
25 97 63 80 1 0 15 0.00 0.0 0 7.0 13 320 M M 0 17 310
26 98 58 78 -1 0 13 0.00 0.0 0 5.9 13 320 M M 0 16 310
27 100 58 79 0 0 14 0.00 0.0 0 4.4 13 320 M M 0 8 17 320
28 104 61 83 4 0 18 0.00 0.0 0 2.9 12 330 M M 0 18 15 300
29 106 63 85 7 0 20 0.00 0.0 0 5.0 12 320 M M 0 18 15 320
30 107 64 86 8 0 21 0.00 0.0 0 5.5 14 320 M M 0 8 19 280
31 104 63 84 6 0 19 0.00 0.0 0 5.4 15 330 M M 0 8 21 330
================================================================================
SM 3109 1970 0 532 0.00 0.0 170.8 M 33
================================================================================
AV100.3 63.5 5.5 FASTST M M 1 MAX(MPH)
MISC ----> 18 320 # 24 310
================================================================================
NOTES:
# LAST OF SEVERAL OCCURRENCES
COLUMN 17 PEAK WIND IN M.P.H.
PRELIMINARY LOCAL CLIMATOLOGICAL DATA (WS FORM: F-6) , PAGE 2
STATION: HANFORD CA AIRPORT
MONTH: AUGUST
YEAR: 2021
LATITUDE: 36 19 N
LONGITUDE: 119 38 W
[TEMPERATURE DATA] [PRECIPITATION DATA] SYMBOLS USED IN COLUMN 16
AVERAGE MONTHLY: 81.9 TOTAL FOR MONTH: 0.00 1 = FOG OR MIST
DPTR FM NORMAL: 2.0 DPTR FM NORMAL: 0.00 2 = FOG REDUCING VISIBILITY
HIGHEST: 107 ON 30, 1 GRTST 24HR T ON 16-16 TO 1/4 MILE OR LESS
LOWEST: 57 ON 20 3 = THUNDER
SNOW, ICE PELLETS, HAIL 4 = ICE PELLETS
TOTAL MONTH: 0.0 INCH 5 = HAIL
GRTST 24HR 0.0 6 = FREEZING RAIN OR DRIZZLE
GRTST DEPTH: 0 7 = DUSTSTORM OR SANDSTORM:
VSBY 1/2 MILE OR LESS
8 = SMOKE OR HAZE
[NO. OF DAYS WITH] [WEATHER - DAYS WITH] 9 = BLOWING SNOW
X = TORNADO
MAX 32 OR BELOW: 0 0.01 INCH OR MORE: 0
MAX 90 OR ABOVE: 30 0.10 INCH OR MORE: 0
MIN 32 OR BELOW: 0 0.50 INCH OR MORE: 0
MIN 0 OR BELOW: 0 1.00 INCH OR MORE: 0
[HDD (BASE 65) ]
TOTAL THIS MO. 0 CLEAR (SCALE 0-3) 28
DPTR FM NORMAL 0 PTCLDY (SCALE 4-7) 0
TOTAL FM JUL 1 0 CLOUDY (SCALE 8-10) 3
DPTR FM NORMAL 0
[CDD (BASE 65) ]
TOTAL THIS MO. 532
DPTR FM NORMAL 70 [PRESSURE DATA]
TOTAL FM JAN 1 1887 HIGHEST SLP 30.08 ON 2
DPTR FM NORMAL 386 LOWEST SLP 29.58 ON 31
[REMARKS]
#FINAL-08-21#