000
CXUS54 KJAN 022129
CF6HKS
PRELIMINARY LOCAL CLIMATOLOGICAL DATA (WS FORM: F-6)
STATION: JACKSON HAWKINS
MONTH: SEPTEMBER
YEAR: 2023
LATITUDE: 32 20 N
LONGITUDE: 90 14 W
TEMPERATURE IN F: :PCPN: SNOW: WIND :SUNSHINE: SKY :PK WND
================================================================================
1 2 3 4 5 6A 6B 7 8 9 10 11 12 13 14 15 16 17 18
12Z AVG MX 2MIN
DY MAX MIN AVG DEP HDD CDD WTR SNW DPTH SPD SPD DIR MIN PSBL S-S WX SPD DR
================================================================================
1 95 73 84 3 0 19 0.00 0.0 0 5.4 14 60 M M 1 19 20
2 97 75 86 5 0 21 0.00 0.0 0 6.7 15 140 M M 5 22 120
3 97 75 86 5 0 21 0.00 0.0 0 6.5 13 100 M M 4 19 110
4 98 73 86 6 0 21 T 0.0 0 8.1 24 290 M M 3 3 31 290
5 95 73 84 4 0 19 0.04 0.0 0 5.7 18 170 M M 3 38 23 180
6 94 73 84 4 0 19 0.16 0.0 0 4.5 20 160 M M 2 38 26 160
7 98 71 85 5 0 20 0.00 0.0 0 5.2 16 310 M M 1 22 310
8 90 71 81 1 0 16 0.00 0.0 0 4.9 14 10 M M 0 22 360
9 92 64 78 -2 0 13 0.00 0.0 0 5.0 16 320 M M 1 1 24 310
10 89 63 76 -3 0 11 0.00 0.0 0 4.9 13 10 M M 1 18 340
11 95 64 80 1 0 15 0.00 0.0 0 2.8 12 310 M M 2 15 310
12 95 66 81 2 0 16 0.00 0.0 0 4.4 21 300 M M 1 26 290
13 84 72 78 0 0 13 0.16 0.0 0 3.2 10 290 M M 6 1 14 310
14 83 69 76 -2 0 11 0.04 0.0 0 3.0 8 50 M M 8 1 13 40
15 91 68 80 2 0 15 0.00 0.0 0 2.3 9 280 M M 6 13 340
16 92 65 79 1 0 14 0.00 0.0 0 5.2 16 290 M M 0 25 280
17 91 62 77 -1 0 12 0.00 0.0 0 5.5 17 300 M M 0 24 300
18 90 59 75 -2 0 10 0.00 0.0 0 3.2 17 310 M M 0 29 300
19 91 56 74 -3 0 9 0.00 0.0 0 2.8 10 170 M M 0 15 150
20 93 63 78 1 0 13 0.00 0.0 0 5.6 14 140 M M 1 23 150
21 94 67 81 5 0 16 0.00 0.0 0 5.3 12 80 M M 0 16 70
22 93 68 81 5 0 16 0.00 0.0 0 5.1 12 80 M M 1 18 50
23 95 69 82 6 0 17 0.00 0.0 0 3.8 10 350 M M 2 15 40
24 86 69 78 3 0 13 T 0.0 0 3.7 17 290 M M 4 23 290
25 91 69 80 5 0 15 T 0.0 0 3.9 21 110 M M 4 13 29 120
26 94 67 81 6 0 16 0.00 0.0 0 2.9 10 70 M M 1 1 17 50
27 94 67 81 7 0 16 0.00 0.0 0 5.1 13 120 M M 1 18 21 150
28 90 67 79 5 0 14 0.00 0.0 0 6.6 15 130 M M 2 20 150
29 93 63 78 4 0 13 0.00 0.0 0 4.5 13 130 M M 0 20 80
30 94 63 79 6 0 14 0.00 0.0 0 3.7 13 40 M M 0 22 40
================================================================================
SM 2774 2024 0 458 0.40 0.0 139.5 M 60
================================================================================
AV 92.5 67.5 4.7 FASTST M M 2 MAX(MPH)
MISC ----> 24 290 31 290
================================================================================
NOTES:
# LAST OF SEVERAL OCCURRENCES
COLUMN 17 PEAK WIND IN M.P.H.
PRELIMINARY LOCAL CLIMATOLOGICAL DATA (WS FORM: F-6) , PAGE 2
STATION: JACKSON HAWKINS
MONTH: SEPTEMBER
YEAR: 2023
LATITUDE: 32 20 N
LONGITUDE: 90 14 W
[TEMPERATURE DATA] [PRECIPITATION DATA] SYMBOLS USED IN COLUMN 16
AVERAGE MONTHLY: 80.0 TOTAL FOR MONTH: 0.40 1 = FOG OR MIST
DPTR FM NORMAL: 2.3 DPTR FM NORMAL: -2.94 2 = FOG REDUCING VISIBILITY
HIGHEST: 98 ON 7, 4 GRTST 24HR 0.17 ON 13-14 TO 1/4 MILE OR LESS
LOWEST: 56 ON 19 3 = THUNDER
SNOW, ICE PELLETS, HAIL 4 = ICE PELLETS
TOTAL MONTH: 0.0 INCH 5 = HAIL
GRTST 24HR 0.0 6 = FREEZING RAIN OR DRIZZLE
GRTST DEPTH: 0 7 = DUSTSTORM OR SANDSTORM:
VSBY 1/2 MILE OR LESS
8 = SMOKE OR HAZE
[NO. OF DAYS WITH] [WEATHER - DAYS WITH] 9 = BLOWING SNOW
X = TORNADO
MAX 32 OR BELOW: 0 0.01 INCH OR MORE: 4
MAX 90 OR ABOVE: 26 0.10 INCH OR MORE: 2
MIN 32 OR BELOW: 0 0.50 INCH OR MORE: 0
MIN 0 OR BELOW: 0 1.00 INCH OR MORE: 0
[HDD (BASE 65) ]
TOTAL THIS MO. 0 CLEAR (SCALE 0-3) 23
DPTR FM NORMAL -2 PTCLDY (SCALE 4-7) 7
TOTAL FM JUL 1 0 CLOUDY (SCALE 8-10) 0
DPTR FM NORMAL 0
[CDD (BASE 65) ]
TOTAL THIS MO. 458
DPTR FM NORMAL 76 [PRESSURE DATA]
TOTAL FM JAN 1 2656 HIGHEST SLP 30.12 ON 30
DPTR FM NORMAL 301 LOWEST SLP 29.82 ON 7
[REMARKS]
#FINAL-09-23#