000
CXUS53 KGLD 021424
CLMHLC
CLIMATE REPORT
NATIONAL WEATHER SERVICE
824 AM MDT THU NOV 02 2023
...................................
...THE HILL CITY KS CLIMATE SUMMARY FOR THE MONTH OF OCTOBER 2023...
CLIMATE NORMAL PERIOD: 1991 TO 2020
CLIMATE RECORD PERIOD: 1896 TO 2023
WEATHER OBSERVED NORMAL DEPART LAST YEAR`S
VALUE DATE(S) VALUE FROM VALUE DATE(S)
NORMAL
................................................................
TEMPERATURE (F)
RECORD
HIGH 104 10/28/2016
LOW 3 10/27/1997
HIGHEST 93 10/20 90 3 89 10/23
LOWEST 13 10/30 23 -10 25 10/19
AVG. MAXIMUM 71.1 69.0 2.1 74.1
AVG. MINIMUM 40.1 40.0 0.1 39.1
MEAN 55.6 54.5 1.1 56.6
DAYS MAX >= 90 3 1.1 1.9 0
DAYS MAX <= 32 0 0.2 -0.2 0
DAYS MIN <= 32 9 6.2 2.8 8
DAYS MIN <= 0 0 0.0 0.0 0
PRECIPITATION (INCHES)
RECORD
MAXIMUM 6.52 2008
MINIMUM 0.00 1913
TOTALS 0.53 1.60 -1.07 0.47
DAILY AVG. 0.02 0.05 -0.03 0.02
DAYS >= .01 3 6.9 -3.9 3
DAYS >= .10 2 3.3 -1.3 1
DAYS >= .50 0 1.0 -1.0 0
DAYS >= 1.00 0 0.3 -0.3 0
GREATEST
24 HR. TOTAL 0.27 10/25 TO 10/25 0.43
STORM TOTAL 0.27
(MM/DD(HH))
................................................................
- INDICATES NEGATIVE NUMBERS.
R INDICATES RECORD WAS SET OR TIED.
MM INDICATES DATA IS MISSING.
T INDICATES TRACE AMOUNT.
$$