000
CXUS56 KTFX 011110
CF6HLN
PRELIMINARY LOCAL CLIMATOLOGICAL DATA (WS FORM: F-6)
STATION: HELENA MT
MONTH: JULY
YEAR: 2020
LATITUDE: 46 35 N
LONGITUDE: 112 0 W
TEMPERATURE IN F: :PCPN: SNOW: WIND :SUNSHINE: SKY :PK WND
================================================================================
1 2 3 4 5 6A 6B 7 8 9 10 11 12 13 14 15 16 17 18
12Z AVG MX 2MIN
DY MAX MIN AVG DEP HDD CDD WTR SNW DPTH SPD SPD DIR MIN PSBL S-S WX SPD DR
================================================================================
1 72 45 59 -8 6 0 T 0.0 0 6.8 29 260 M M 5 3 37 270
2 78 45 62 -5 3 0 0.00 0.0 0 8.3 22 280 M M 1 27 310
3 84 50 67 0 0 2 T 0.0 0 4.8 39 180 M M 1 50 200
4 77 52 65 -3 0 0 0.11 0.0 0 4.9 22 290 M M 2 3 27 280
5 82 50 66 -2 0 1 T 0.0 0 5.1 15 130 M M 1 3 20 140
6 83 53 68 0 0 3 0.00 0.0 0 6.5 10 270 M M 1 12 270
7 79 54 67 -1 0 2 0.00 0.0 0 15.0 26 290 M M 1 3 39 290
8 77 52 65 -4 0 0 0.00 0.0 0 11.4 24 270 M M 1 35 290
9 84 49 67 -2 0 2 0.00 0.0 0 4.3 13 320 M M 0 18 140
10 79 53 66 -3 0 1 0.09 0.0 0 10.1 30 270 M M 1 38 270
11 88 51 70 0 0 5 0.00 0.0 0 4.3 14 70 M M 0 17 70
12 84 54 69 -1 0 4 0.00 0.0 0 12.4 30 300 M M 0 36 300
13 78 55 67 -3 0 2 0.00 0.0 0 10.8 24 260 M M 1 34 270
14 79 49 64 -6 1 0 0.00 0.0 0 10.9 23 260 M M 0 29 280
15 84 47 66 -4 0 1 0.00 0.0 0 7.6 20 290 M M 0 31 300
16 90 53 72 2 0 7 0.00 0.0 0 4.6 17 320 M M 0 22 300
17 84 58 71 0 0 6 T 0.0 0 5.7 21 330 M M 1 3 29 310
18 84 56 70 -1 0 5 0.00 0.0 0 8.3 21 270 M M 1 29 250
19 86 53 70 -1 0 5 0.00 0.0 0 8.1 21 250 M M 0 30 260
20 84 57 71 0 0 6 0.00 0.0 0 6.9 12 40 M M 1 18 50
21 93 55 74 3 0 9 0.00 0.0 0 6.8 20 300 M M 0 8 28 320
22 96 56 76 5 0 11 T 0.0 0 4.1 20 110 M M 1 30 190
23 81 58 70 -2 0 5 0.01 0.0 0 6.6 26 210 M M 4 3 38 210
24 89 57 73 1 0 8 0.05 0.0 0 5.9 22 230 M M 4 13 33 240
25 86 55 71 -1 0 6 0.00 0.0 0 8.1 22 290 M M 1 28 270
26 89 52 71 -1 0 6 0.00 0.0 0 3.9 14 10 M M 0 19 360
27 96 55 76 4 0 11 T 0.0 0 4.3 18 310 M M 0 3 38 320
28 93 67 80 8 0 15 0.00 0.0 0 6.1 21 270 M M 1 26 260
29 92 60 76 4 0 11 0.00 0.0 0 4.5 31 290 M M 0 42 290
30 94 57 76 4 0 11 0.00 0.0 0 4.1 14 300 M M 0 21 310
31 97 61 79 7 0 14 0.00 0.0 0 5.5 21 170 M M 0 30 180
================================================================================
SM 2642 1669 10 159 0.26 0.0 216.7 M 29
================================================================================
AV 85.2 53.8 7.0 FASTST M M 1 MAX(MPH)
MISC ----> 39 180 50 200
================================================================================
NOTES:
# LAST OF SEVERAL OCCURRENCES
COLUMN 17 PEAK WIND IN M.P.H.
PRELIMINARY LOCAL CLIMATOLOGICAL DATA (WS FORM: F-6) , PAGE 2
STATION: HELENA MT
MONTH: JULY
YEAR: 2020
LATITUDE: 46 35 N
LONGITUDE: 112 0 W
[TEMPERATURE DATA] [PRECIPITATION DATA] SYMBOLS USED IN COLUMN 16
AVERAGE MONTHLY: 69.5 TOTAL FOR MONTH: 0.26 1 = FOG OR MIST
DPTR FM NORMAL: -0.5 DPTR FM NORMAL: -0.93 2 = FOG REDUCING VISIBILITY
HIGHEST: 97 ON 31 GRTST 24HR 0.11 ON 3- 4 TO 1/4 MILE OR LESS
LOWEST: 45 ON 2, 1 3 = THUNDER
SNOW, ICE PELLETS, HAIL 4 = ICE PELLETS
TOTAL MONTH: 0.0 INCH 5 = HAIL
GRTST 24HR 0.0 6 = FREEZING RAIN OR DRIZZLE
GRTST DEPTH: 0 7 = DUSTSTORM OR SANDSTORM:
VSBY 1/2 MILE OR LESS
8 = SMOKE OR HAZE
[NO. OF DAYS WITH] [WEATHER - DAYS WITH] 9 = BLOWING SNOW
X = TORNADO
MAX 32 OR BELOW: 0 0.01 INCH OR MORE: 4
MAX 90 OR ABOVE: 8 0.10 INCH OR MORE: 1
MIN 32 OR BELOW: 0 0.50 INCH OR MORE: 0
MIN 0 OR BELOW: 0 1.00 INCH OR MORE: 0
[HDD (BASE 65) ]
TOTAL THIS MO. 10 CLEAR (SCALE 0-3) 28
DPTR FM NORMAL -17 PTCLDY (SCALE 4-7) 3
TOTAL FM JUL 1 10 CLOUDY (SCALE 8-10) 0
DPTR FM NORMAL -16
[CDD (BASE 65) ]
TOTAL THIS MO. 159
DPTR FM NORMAL -22 [PRESSURE DATA]
TOTAL FM JAN 1 229 HIGHEST SLP 30.24 ON 11
DPTR FM NORMAL -9 LOWEST SLP 29.69 ON 7
[REMARKS]
#FINAL-07-20#