849
CXUS54 KMAF 011110
CF6HOB
PRELIMINARY LOCAL CLIMATOLOGICAL DATA (WS FORM: F-6)
STATION: LEA AIRPORT, HOBBS
MONTH: MARCH
YEAR: 2021
LATITUDE: 32 40 N
LONGITUDE: 103-12 E
TEMPERATURE IN F: :PCPN: SNOW: WIND :SUNSHINE: SKY :PK WND
================================================================================
1 2 3 4 5 6A 6B 7 8 9 10 11 12 13 14 15 16 17 18
12Z AVG MX 2MIN
DY MAX MIN AVG DEP HDD CDD WTR SNW DPTH SPD SPD DIR MIN PSBL S-S WX SPD DR
================================================================================
1 46 27 37 M 28 0 0.00 M M 9.8 23 40 M M 4 30 40
2 57 23 40 M 25 0 0.00 M M 8.9 15 190 M M 0 18 210
3 73 27 50 M 15 0 0.00 M M 7.6 13 230 M M 0 18 260
4 75 43 59 M 6 0 0.00 M M 15.0 31 250 M M 0 46 250
5 59 36 48 M 17 0 0.00 M M 18.7 32 340 M M 4 7 43 340
6 61 30 46 M 19 0 0.00 M M 8.1 15 130 M M 2 23 150
7 66 34 50 M 15 0 0.00 M M 11.0 20 150 M M 0 24 150
8 75 36 56 M 9 0 0.00 M M 11.0 18 160 M M 0 29 160
9 73 46 60 M 5 0 0.00 M M 15.2 21 160 M M 1 29 180
10 79 41 60 M 5 0 0.00 M M 13.9 26 220 M M 1 1 35 220
11 77 43 60 M 5 0 0.00 M M 10.3 22 160 M M 0 1 29 160
12 77 57 67 M 0 2 0.00 M M 13.5 25 170 M M 4 1 35 170
13 77 39 58 M 7 0 0.00 M M 21.6 39 260 M M 5 17 53 260
14 61 32 47 M 18 0 0.00 M M 21.2 36 240 M M 1 47 250
15 72 39 56 M 9 0 0.00 M M 11.8 17 230 M M 0 22 230
16 81 45 63 M 2 0 0.00 M M 18.0 38 260 M M 3 78 47 260
17 61 41 51 M 14 0 0.00 M M 19.1 30 300 M M 2 39 300
18 61 30 46 M 19 0 0.00 M M 6.8 9 100 M M 0 14 30
19 64 34 49 M 16 0 0.00 M M 10.3 14 160 M M 0 21 160
20 73 34 54 M 11 0 0.00 M M 13.4 21 150 M M 0 28 140
21 72 45 59 M 6 0 0.00 M M 14.5 21 160 M M 2 30 160
22 66 34 50 M 15 0 0.00 M M 17.3 41 290 M M 3 54 290
23 70 30 50 M 15 0 0.00 M M 8.8 20 210 M M 0 23 180
24 63 37 50 M 15 0 0.00 M M 18.0 28 290 M M 3 78 37 60
25 64 28 46 M 19 0 0.00 M M 10.5 18 250 M M 0 25 250
26 75 41 58 M 7 0 0.00 M M 12.2 26 230 M M 0 37 230
27 73 41 57 M 8 0 0.00 M M 11.4 22 340 M M 2 32 340
28 70 37 54 M 11 0 0.00 M M 9.1 15 170 M M 1 22 170
29 81 39 60 M 5 0 0.00 M M 15.1 25 200 M M 0 37 200
30 75 48 62 M 3 0 0.00 M M 14.3 23 60 M M 0 26 60
31 61 36 49 M 16 0 0.00 M M 12.8 17 40 M M 1 25 30
================================================================================
SM 2138 1153 365 2 0.00 M 408.8 M 39
================================================================================
AV 69.0 37.2 13.2 FASTST M M 1 MAX(MPH)
MISC ----> 41 290 54 290
================================================================================
NOTES:
# LAST OF SEVERAL OCCURRENCES
COLUMN 17 PEAK WIND IN M.P.H.
PRELIMINARY LOCAL CLIMATOLOGICAL DATA (WS FORM: F-6) , PAGE 2
STATION: LEA AIRPORT, HOBBS
MONTH: MARCH
YEAR: 2021
LATITUDE: 32 40 N
LONGITUDE: 103-12 E
[TEMPERATURE DATA] [PRECIPITATION DATA] SYMBOLS USED IN COLUMN 16
AVERAGE MONTHLY: 53.1 TOTAL FOR MONTH: 0.00 1 = FOG OR MIST
DPTR FM NORMAL: 0.0 DPTR FM NORMAL: M 2 = FOG REDUCING VISIBILITY
HIGHEST: 81 ON 29,16 GRTST 24HR 0.00 ON 1- 1 TO 1/4 MILE OR LESS
LOWEST: 23 ON 2 3 = THUNDER
SNOW, ICE PELLETS, HAIL 4 = ICE PELLETS
TOTAL MONTH: M 5 = HAIL
GRTST 24HR M ON M 6 = FREEZING RAIN OR DRIZZLE
GRTST DEPTH: M ON M 7 = DUSTSTORM OR SANDSTORM:
VSBY 1/2 MILE OR LESS
8 = SMOKE OR HAZE
[NO. OF DAYS WITH] [WEATHER - DAYS WITH] 9 = BLOWING SNOW
X = TORNADO
MAX 32 OR BELOW: 0 0.01 INCH OR MORE: 0
MAX 90 OR ABOVE: 0 0.10 INCH OR MORE: 0
MIN 32 OR BELOW: 8 0.50 INCH OR MORE: 0
MIN 0 OR BELOW: 0 1.00 INCH OR MORE: 0
[HDD (BASE 65) ]
TOTAL THIS MO. 365 CLEAR (SCALE 0-3) 26
DPTR FM NORMAL M PTCLDY (SCALE 4-7) 5
TOTAL FM JUL 1 3013 CLOUDY (SCALE 8-10) 0
DPTR FM NORMAL M
[CDD (BASE 65) ]
TOTAL THIS MO. 2
DPTR FM NORMAL M [PRESSURE DATA]
TOTAL FM JAN 1 2 HIGHEST SLP M ON M
DPTR FM NORMAL M LOWEST SLP M ON M
[REMARKS]
#FINAL-03-21#