000
CXUS53 KFSD 012256
CLMHON
CLIMATE REPORT
NATIONAL WEATHER SERVICE SIOUX FALLS SD
456 PM CST FRI DEC 01 2023
...................................
...THE HURON CLIMATE SUMMARY FOR THE MONTH OF NOVEMBER 2023...
CLIMATE NORMAL PERIOD: 1991 TO 2020
CLIMATE RECORD PERIOD: 1881 TO 2023
WEATHER OBSERVED NORMAL DEPART LAST YEAR`S
VALUE DATE(S) VALUE FROM VALUE DATE(S)
NORMAL
................................................................
TEMPERATURE (F)
RECORD
HIGH 86 11/08/1999
LOW -28 11/28/1887
HIGHEST 71 11/05 MM MM 73 11/01
LOWEST 6 11/27 MM MM 6 11/18
AVG. MAXIMUM 51.1 43.9 7.2 41.1
AVG. MINIMUM 23.1 22.2 0.9 19.9
MEAN 37.1 33.1 4.0 30.5
DAYS MAX >= 90 0 0.0 0.0 0
DAYS MAX <= 32 4 6.8 -2.8 11
DAYS MIN <= 32 27 25.4 1.6 26
DAYS MIN <= 0 0 0.9 -0.9 0
PRECIPITATION (INCHES)
RECORD
MAXIMUM 3.95 2005
MINIMUM T 1990
TOTALS 0.13 0.82 -0.69 0.50
DAILY AVG. 0.00 0.03 -0.03 0.02
DAYS >= .01 5 5.4 -0.4 MM
DAYS >= .10 0 1.8 -1.8 MM
DAYS >= .50 0 0.3 -0.3 MM
DAYS >= 1.00 0 0.1 -0.1 MM
GREATEST
24 HR. TOTAL 0.08 11/25 TO 11/26
SNOWFALL (INCHES)
RECORDS
TOTAL 32.7 1985
TOTALS 1.0 5.8 -4.8 1.6
SINCE 7/1 1.0 7.2 -6.2 MM
SNOWDEPTH AVG. 0 0
DAYS >= 1.0 0 1.5 -1.5 MM
GREATEST
SNOW DEPTH 1 11/26 1 11/18
11/19
11/20
24 HR TOTAL 1.0
DEGREE DAYS
HEATING TOTAL 829 958 -129 1027
SINCE 7/1 1411 1671 -260 MM
COOLING TOTAL 0 0 0 0
SINCE 1/1 1043 752 291 MM
................................................................
WIND (MPH)
AVERAGE WIND SPEED 8.6
HIGHEST WIND SPEED/DIRECTION 35/330 DATE 11/26
HIGHEST GUST SPEED/DIRECTION 46/320 DATE 11/26
SKY COVER
POSSIBLE SUNSHINE (PERCENT) MM
AVERAGE SKY COVER 0.22
NUMBER OF DAYS FAIR 21
NUMBER OF DAYS PC 7
NUMBER OF DAYS CLOUDY 2
AVERAGE RH (PERCENT) 66
WEATHER CONDITIONS. NUMBER OF DAYS WITH
THUNDERSTORM 0 MIXED PRECIP 0
HEAVY RAIN 0 RAIN 0
LIGHT RAIN 4 FREEZING RAIN 0
LT FREEZING RAIN 0 HAIL 0
HEAVY SNOW 0 SNOW 0
LIGHT SNOW 3 SLEET 0
FOG 15 FOG W/VIS <= 1/4 MILE 2
HAZE 2
- INDICATES NEGATIVE NUMBERS.
R INDICATES RECORD WAS SET OR TIED.
MM INDICATES DATA IS MISSING.
T INDICATES TRACE AMOUNT.
$$