000
CXUS54 KHGX 011410
CF6HOU
PRELIMINARY LOCAL CLIMATOLOGICAL DATA (WS FORM: F-6)
STATION: HOUSTON/HOBBY AIRPORT
MONTH: MAY
YEAR: 2021
LATITUDE: 29 38 N
LONGITUDE: 95 17 W
TEMPERATURE IN F: :PCPN: SNOW: WIND :SUNSHINE: SKY :PK WND
================================================================================
1 2 3 4 5 6A 6B 7 8 9 10 11 12 13 14 15 16 17 18
12Z AVG MX 2MIN
DY MAX MIN AVG DEP HDD CDD WTR SNW DPTH SPD SPD DIR MIN PSBL S-S WX SPD DR
================================================================================
1 79 70 75 1 0 10 1.63 0.0 0 11.0 23 160 M M 10 13 33 130
2 88 72 80 6 0 15 0.02 0.0 0 12.3 21 190 M M 6 1 29 200
3 88 77 83 9 0 18 0.00 0.0 0 13.4 22 160 M M 9 18 26 160
4 90 72 81 6 0 16 0.00 0.0 0 9.4 22 350 M M 7 138 28 10
5 85 63 74 -1 0 9 0.00 0.0 0 11.0 20 360 M M 1 24 10
6 87 66 77 2 0 12 0.00 0.0 0 7.3 18 50 M M 0 22 50
7 87 64 76 1 0 11 0.00 0.0 0 7.3 20 120 M M 4 27 110
8 87 67 77 1 0 12 T 0.0 0 13.4 26 150 M M 5 32 170
9 89 78 84 8 0 19 T 0.0 0 14.2 26 190 M M 8 30 200
10 90 78 84 8 0 19 0.01 0.0 0 9.7 20 140 M M 7 18 23 120
11 89 70 80 4 0 15 0.11 0.0 0 12.0 30 10 M M 9 39 10
12 77 65 71 -6 0 6 0.06 0.0 0 12.8 21 340 M M 10 138 25 340
13 79 65 72 -5 0 7 0.00 0.0 0 9.0 17 30 M M 8 1 28 20
14 84 66 75 -2 0 10 0.00 0.0 0 8.7 17 80 M M 6 20 140
15 85 66 76 -1 0 11 0.00 0.0 0 10.7 23 110 M M 8 28 130
16 79 72 76 -2 0 11 0.44 0.0 0 10.1 22 160 M M 8 13 27 170
17 89 69 79 1 0 14 1.06 0.0 0 10.1 30 50 M M 7 13 37 50
18 84 66 75 -3 0 10 1.38 0.0 0 13.5 30 250 M M 8 13 37 250
19 72 67 70 -8 0 5 1.34 0.0 0 9.7 32 120 M M 10 13 38 130
20 83 66 75 -4 0 10 T 0.0 0 7.3 15 80 M M 9 12 19 100
21 84 72 78 -1 0 13 0.07 0.0 0 12.2 28 100 M M 9 18 37 100
22 82 74 78 -1 0 13 0.79 0.0 0 14.6 25 130 M M 9 1 33 110
23 78 73 76 -3 0 11 1.16 0.0 0 11.4 21 120 M M 10 18 27 160
24 82 73 78 -2 0 13 1.50 0.0 0 9.7 24 140 M M 9 138 29 130
25 86 76 81 1 0 16 0.02 0.0 0 11.2 23 160 M M 6 3 29 150
26 89 75 82 2 0 17 T 0.0 0 8.6 17 140 M M 5 1 23 140
27 90 74 82 2 0 17 0.00 0.0 0 9.6 16 170 M M 5 22 180
28 88 70 79 -1 0 14 0.68 0.0 0 9.9 31 300 M M 6 138 43 320
29 91 70 81 0 0 16 0.11 0.0 0 5.6 22 160 M M 7 3 28 150
30 85 75 80 -1 0 15 0.00 0.0 0 9.3 17 90 M M 8 23 100
31 88 74 81 0 0 16 0.00 0.0 0 10.6 21 130 M M 7 24 140
================================================================================
SM 2634 2185 0 401 10.38 0.0 325.6 M 221
================================================================================
AV 85.0 70.5 10.5 FASTST M M 7 MAX(MPH)
MISC ----> 32 120 43 320
================================================================================
NOTES:
# LAST OF SEVERAL OCCURRENCES
COLUMN 17 PEAK WIND IN M.P.H.
PRELIMINARY LOCAL CLIMATOLOGICAL DATA (WS FORM: F-6) , PAGE 2
STATION: HOUSTON/HOBBY AIRPORT
MONTH: MAY
YEAR: 2021
LATITUDE: 29 38 N
LONGITUDE: 95 17 W
[TEMPERATURE DATA] [PRECIPITATION DATA] SYMBOLS USED IN COLUMN 16
AVERAGE MONTHLY: 77.7 TOTAL FOR MONTH: 10.38 1 = FOG OR MIST
DPTR FM NORMAL: 0.1 DPTR FM NORMAL: 4.96 2 = FOG REDUCING VISIBILITY
HIGHEST: 91 ON 29 GRTST 24HR 2.71 ON 18-19 TO 1/4 MILE OR LESS
LOWEST: 63 ON 5 3 = THUNDER
SNOW, ICE PELLETS, HAIL 4 = ICE PELLETS
TOTAL MONTH: 0.0 INCH 5 = HAIL
GRTST 24HR 0.0 6 = FREEZING RAIN OR DRIZZLE
GRTST DEPTH: 0 7 = DUSTSTORM OR SANDSTORM:
VSBY 1/2 MILE OR LESS
8 = SMOKE OR HAZE
[NO. OF DAYS WITH] [WEATHER - DAYS WITH] 9 = BLOWING SNOW
X = TORNADO
MAX 32 OR BELOW: 0 0.01 INCH OR MORE: 16
MAX 90 OR ABOVE: 4 0.10 INCH OR MORE: 11
MIN 32 OR BELOW: 0 0.50 INCH OR MORE: 8
MIN 0 OR BELOW: 0 1.00 INCH OR MORE: 6
[HDD (BASE 65) ]
TOTAL THIS MO. 0 CLEAR (SCALE 0-3) 2
DPTR FM NORMAL -1 PTCLDY (SCALE 4-7) 16
TOTAL FM JUL 1 1024 CLOUDY (SCALE 8-10) 13
DPTR FM NORMAL -74
[CDD (BASE 65) ]
TOTAL THIS MO. 401
DPTR FM NORMAL 10 [PRESSURE DATA]
TOTAL FM JAN 1 797 HIGHEST SLP 30.25 ON 13
DPTR FM NORMAL 75 LOWEST SLP 29.59 ON 3
[REMARKS]
#FINAL-05-21#