567
CXUS54 KHGX 011524
CF6HOU
PRELIMINARY LOCAL CLIMATOLOGICAL DATA (WS FORM: F-6)
STATION: HOUSTON/HOBBY AIRPORT
MONTH: DECEMBER
YEAR: 2020
LATITUDE: 29 38 N
LONGITUDE: 95 17 W
TEMPERATURE IN F: :PCPN: SNOW: WIND :SUNSHINE: SKY :PK WND
================================================================================
1 2 3 4 5 6A 6B 7 8 9 10 11 12 13 14 15 16 17 18
12Z AVG MX 2MIN
DY MAX MIN AVG DEP HDD CDD WTR SNW DPTH SPD SPD DIR MIN PSBL S-S WX SPD DR
================================================================================
1 65 32 49 -9 16 0 0.00 0.0 0 7.0 18 150 M M 2 25 170
2 68 55 62 4 3 0 0.99 0.0 0 10.4 25 340 M M 9 1 32 340
3 58 46 52 -6 13 0 T 0.0 0 13.0 22 340 M M 8 28 340
4 60 42 51 -7 14 0 0.00 0.0 0 6.4 16 350 M M 4 23 10
5 55 40 48 -9 17 0 0.07 0.0 0 3.5 14 50 M M 6 1 17 50
6 66 46 56 -1 9 0 0.05 0.0 0 6.8 16 320 M M 5 1 22 280
7 68 43 56 -1 9 0 0.00 0.0 0 5.8 16 360 M M 0 21 10
8 74 43 59 2 6 0 0.00 0.0 0 4.1 10 290 M M 1 15 270
9 79 45 62 6 3 0 0.00 0.0 0 5.1 14 250 M M 0 18 260
10 79 48 64 8 1 0 0.00 0.0 0 6.9 21 190 M M 2 1 24 190
11 76 60 68 12 0 3 0.50 0.0 0 8.4 21 160 M M 8 1 27 150
12 70 60 65 9 0 0 0.00 0.0 0 7.1 15 340 M M 8 128 18 350
13 72 46 59 3 6 0 2.65 0.0 0 16.0 37 310 M M 10 13 47 310
14 49 43 46 -10 19 0 0.00 0.0 0 10.7 29 330 M M 10 36 320
15 52 47 50 -5 15 0 0.04 0.0 0 9.9 17 330 M M 10 18 20 330
16 54 40 47 -8 18 0 0.00 0.0 0 10.9 20 340 M M 4 1 24 330
17 59 33 46 -9 19 0 0.00 0.0 0 4.3 8 110 M M 0 11 60
18 65 40 53 -2 12 0 T 0.0 0 9.0 18 110 M M 6 18 25 140
19 70 54 62 7 3 0 1.65 0.0 0 7.8 26 350 M M 8 13 36 350
20 68 48 58 3 7 0 0.00 0.0 0 4.5 10 330 M M 2 12 14 330
21 72 45 59 4 6 0 0.00 0.0 0 3.9 12 160 M M 5 12 14 170
22 72 49 61 7 4 0 0.00 0.0 0 6.3 17 150 M M 4 1 22 160
23 81 58 70 16 0 5 0.14 0.0 0 12.8 28 350 M M 7 13 37 340
24 58 41 50 -4 15 0 0.00 0.0 0 17.5 32 350 M M 3 42 350
25 66 39 53 -1 12 0 0.00 0.0 0 4.7 12 140 M M 3 14 150
26 70 44 57 3 8 0 0.00 0.0 0 7.7 16 150 M M 3 20 170
27 75 50 63 9 2 0 0.00 0.0 0 10.2 18 180 M M 4 24 200
28 77 60 69 15 0 4 0.00 0.0 0 8.4 18 130 M M 6 23 120
29 76 61 69 15 0 4 0.00 0.0 0 14.8 24 150 M M 6 32 130
30 79 65 72 18 0 7 0.19 0.0 0 13.0 25 160 M M 9 18 33 160
31 71 45 58 4 7 0 1.76 0.0 0 14.5 26 150 M M 9 13 41 160
================================================================================
SM 2104 1468 244 23 8.04 0.0 271.4 M 162
================================================================================
AV 67.9 47.4 8.8 FASTST M M 5 MAX(MPH)
MISC ----> 37 310 47 310
================================================================================
NOTES:
# LAST OF SEVERAL OCCURRENCES
COLUMN 17 PEAK WIND IN M.P.H.
PRELIMINARY LOCAL CLIMATOLOGICAL DATA (WS FORM: F-6) , PAGE 2
STATION: HOUSTON/HOBBY AIRPORT
MONTH: DECEMBER
YEAR: 2020
LATITUDE: 29 38 N
LONGITUDE: 95 17 W
[TEMPERATURE DATA] [PRECIPITATION DATA] SYMBOLS USED IN COLUMN 16
AVERAGE MONTHLY: 57.6 TOTAL FOR MONTH: 8.04 1 = FOG OR MIST
DPTR FM NORMAL: 2.0 DPTR FM NORMAL: 4.01 2 = FOG REDUCING VISIBILITY
HIGHEST: 81 ON 23 GRTST 24HR 2.65 ON 13-13 TO 1/4 MILE OR LESS
LOWEST: 32 ON 1 3 = THUNDER
SNOW, ICE PELLETS, HAIL 4 = ICE PELLETS
TOTAL MONTH: 0.0 INCH 5 = HAIL
GRTST 24HR 0.0 6 = FREEZING RAIN OR DRIZZLE
GRTST DEPTH: 0 7 = DUSTSTORM OR SANDSTORM:
VSBY 1/2 MILE OR LESS
8 = SMOKE OR HAZE
[NO. OF DAYS WITH] [WEATHER - DAYS WITH] 9 = BLOWING SNOW
X = TORNADO
MAX 32 OR BELOW: 0 0.01 INCH OR MORE: 10
MAX 90 OR ABOVE: 0 0.10 INCH OR MORE: 7
MIN 32 OR BELOW: 1 0.50 INCH OR MORE: 5
MIN 0 OR BELOW: 0 1.00 INCH OR MORE: 3
[HDD (BASE 65) ]
TOTAL THIS MO. 244 CLEAR (SCALE 0-3) 10
DPTR FM NORMAL -76 PTCLDY (SCALE 4-7) 13
TOTAL FM JUL 1 306 CLOUDY (SCALE 8-10) 8
DPTR FM NORMAL -171
[CDD (BASE 65) ]
TOTAL THIS MO. 23
DPTR FM NORMAL -6 [PRESSURE DATA]
TOTAL FM JAN 1 3937 HIGHEST SLP 30.40 ON 24
DPTR FM NORMAL 793 LOWEST SLP 29.57 ON 31
[REMARKS]
#FINAL-12-20#