000
CXUS55 KSEW 011420
CF6HQM
PRELIMINARY LOCAL CLIMATOLOGICAL DATA (WS FORM: F-6)
STATION: HOQUIAM WA AIRPORT
MONTH: OCTOBER
YEAR: 2022
LATITUDE: 46 58 N
LONGITUDE: 123 56 W
TEMPERATURE IN F: :PCPN: SNOW: WIND :SUNSHINE: SKY :PK WND
================================================================================
1 2 3 4 5 6A 6B 7 8 9 10 11 12 13 14 15 16 17 18
12Z AVG MX 2MIN
DY MAX MIN AVG DEP HDD CDD WTR SNW DPTH SPD SPD DIR MIN PSBL S-S WX SPD DR
================================================================================
1 80 53 67 11 0 2 0.00 M M 5.3 15 110 M M 0 18 120
2 75 55 65 9 0 0 0.00 M M 7.7 17 260 M M 4 18 22 270
3 63 57 60 4 5 0 0.00 M M 5.0 14 240 M M 10 1 17 260
4 62 58 60 4 5 0 0.00 M M 4.6 9 250 M M 10 18 11 250
5 68 57 63 8 2 0 0.00 M M 4.1 14 270 M M 8 128 18 270
6 78 51 65 10 0 0 0.00 M M 3.5 12 70 M M 4 12 17 80
7 62 54 58 3 7 0 0.00 M M 3.6 13 250 M M 10 12 15 250
8 71 53 62 8 3 0 0.00 M M 3.7 13 250 M M 6 128 16 250
9 77 48 63 9 2 0 0.00 M M 4.7 10 230 M M 3 12 17 320
10 65 52 59 5 6 0 0.00 M M 7.5 22 290 M M 8 128 30 290
11 67 49 58 4 7 0 0.00 M M 4.4 12 270 M M 1 14 270
12 75 48 62 9 3 0 0.00 M M 5.1 12 70 M M 0 17 60
13 76 49 63 10 2 0 0.00 M M 6.0 12 260 M M 0 1 16 350
14 71 46 59 6 6 0 0.00 M M 3.2 12 260 M M 1 12 14 260
15 82 52 67 14 0 2 0.00 M M 10.1 17 80 M M 0 8 23 80
16 66 52 59 7 6 0 0.00 M M 6.0 17 220 M M 6 1 21 220
17 68 51 60 8 5 0 0.00 M M 5.2 12 100 M M 6 1 14 90
18 71 48 60 8 5 0 0.00 M M 4.9 12 280 M M 0 1 15 280
19 69 46 58 6 7 0 0.00 M M 4.2 12 260 M M 0 1 14 250
20 62 50 56 4 9 0 T M M 6.7 15 260 M M 5 12 19 260
21 55 48 52 1 13 0 0.50 M M 3.1 12 340 M M 7 1 18 330
22 58 43 51 0 14 0 0.02 M M 6.7 17 300 M M 5 27 310
23 57 38 48 -3 17 0 0.05 M M 7.5 16 170 M M 6 1 20 170
24 60 49 55 5 10 0 0.23 M M 11.8 31 190 M M 6 18 43 190
25 54 47 51 1 14 0 0.84 M M 10.3 24 220 M M 9 1 33 200
26 55 47 51 1 14 0 0.21 M M 8.4 21 190 M M 5 1 28 190
27 58 54 56 6 9 0 0.06 M M 18.2 29 260 M M 10 18 39 190
28 58 49 54 4 11 0 M M M 2.4 12 270 M M 9 18 17 290
29 57 42 50 1 15 0 0.01 M M 3.3 10 290 M M 4 128 14 290
30 58 52 55 6 10 0 1.60 M M 20.0 30 200 M M 10 1 39 200
31 58 45 52 3 13 0 0.16 M M 7.8 29 230 M M 7 18 41 240
================================================================================
SM 2036 1543 220 4 3.68 M 205.0 M 160
================================================================================
AV 65.7 49.8 6.6 FASTST M M 5 MAX(MPH)
MISC ----> 31 190 43 190
================================================================================
NOTES:
# LAST OF SEVERAL OCCURRENCES
COLUMN 17 PEAK WIND IN M.P.H.
PRELIMINARY LOCAL CLIMATOLOGICAL DATA (WS FORM: F-6) , PAGE 2
STATION: HOQUIAM WA AIRPORT
MONTH: OCTOBER
YEAR: 2022
LATITUDE: 46 58 N
LONGITUDE: 123 56 W
[TEMPERATURE DATA] [PRECIPITATION DATA] SYMBOLS USED IN COLUMN 16
AVERAGE MONTHLY: 57.7 TOTAL FOR MONTH: 3.68 1 = FOG OR MIST
DPTR FM NORMAL: 5.2 DPTR FM NORMAL: -3.23 2 = FOG REDUCING VISIBILITY
HIGHEST: 82 ON 15 GRTST 24HR 1.65 ON 30-31 TO 1/4 MILE OR LESS
LOWEST: 38 ON 23 3 = THUNDER
SNOW, ICE PELLETS, HAIL 4 = ICE PELLETS
TOTAL MONTH: M 5 = HAIL
GRTST 24HR M ON M 6 = FREEZING RAIN OR DRIZZLE
GRTST DEPTH: M ON M 7 = DUSTSTORM OR SANDSTORM:
VSBY 1/2 MILE OR LESS
8 = SMOKE OR HAZE
[NO. OF DAYS WITH] [WEATHER - DAYS WITH] 9 = BLOWING SNOW
X = TORNADO
MAX 32 OR BELOW: 0 0.01 INCH OR MORE: 10
MAX 90 OR ABOVE: 0 0.10 INCH OR MORE: 6
MIN 32 OR BELOW: 0 0.50 INCH OR MORE: 3
MIN 0 OR BELOW: 0 1.00 INCH OR MORE: 1
[HDD (BASE 65) ]
TOTAL THIS MO. 220 CLEAR (SCALE 0-3) 9
DPTR FM NORMAL -168 PTCLDY (SCALE 4-7) 14
TOTAL FM JUL 1 384 CLOUDY (SCALE 8-10) 8
DPTR FM NORMAL -471
[CDD (BASE 65) ]
TOTAL THIS MO. 4
DPTR FM NORMAL 4 [PRESSURE DATA]
TOTAL FM JAN 1 105 HIGHEST SLP 30.34 ON 19
DPTR FM NORMAL 80 LOWEST SLP 29.68 ON 21
[REMARKS]
#FINAL-10-22#
CORRECTED FOR MISSING PRECIPITATION ON 28TH