000
CXUS54 KBRO 010800
CF6HRL
PRELIMINARY LOCAL CLIMATOLOGICAL DATA (WS FORM: F-6)
STATION: HARLINGEN
MONTH: SEPTEMBER
YEAR: 2022
LATITUDE: 26 13 N
LONGITUDE: 97 40 W
TEMPERATURE IN F: :PCPN: SNOW: WIND :SUNSHINE: SKY :PK WND
================================================================================
1 2 3 4 5 6A 6B 7 8 9 10 11 12 13 14 15 16 17 18
12Z AVG MX 2MIN
DY MAX MIN AVG DEP HDD CDD WTR SNW DPTH SPD SPD DIR MIN PSBL S-S WX SPD DR
================================================================================
1 93 75 84 -1 0 19 0.14 0.0 0 7.9 17 80 M M 2 23 80
2 93 75 84 0 0 19 0.03 0.0 0 7.3 18 150 M M 3 25 110
3 90 76 83 -1 0 18 0.15 0.0 0 7.2 16 90 M M 2 24 120
4 88 74 81 -3 0 16 0.51 0.0 0 5.8 21 130 M M 2 13 25 130
5 83 75 79 -5 0 14 0.03 0.0 0 7.5 18 80 M M 3 24 80
6 86 75 81 -3 0 16 M 0.0 0 6.6 16 80 M M 2 25 80
7 92 72 82 -2 0 17 T 0.0 0 4.6 18 50 M M 2 23 40
8 94 69 82 -2 0 17 0.00 0.0 0 6.1 14 110 M M 1 1 17 110
9 95 73 84 1 0 19 0.00 0.0 0 5.1 18 210 M M 3 13 24 80
10 95 71 83 0 0 18 0.00 0.0 0 6.3 17 90 M M 1 1 24 80
11 94 71 83 0 0 18 0.00 0.0 0 6.9 18 90 M M 1 18 29 90
12 94 70 82 -1 0 17 0.00 0.0 0 6.5 16 80 M M 1 24 50
13 94 70 82 -1 0 17 0.00 0.0 0 6.4 17 80 M M 1 1 24 60
14 93 70 82 -1 0 17 0.00 0.0 0 8.5 21 70 M M 2 1 29 60
15 92 73 83 1 0 18 0.44 0.0 0 4.5 23 180 M M 2 13 32 170
16 94 72 83 1 0 18 0.00 0.0 0 6.5 18 90 M M 2 13 24 90
17 94 74 84 2 0 19 0.19 0.0 0 7.3 22 160 M M 2 3 28 170
18 94 74 84 2 0 19 T 0.0 0 6.9 21 90 M M 1 27 100
19 96 74 85 3 0 20 T 0.0 0 5.4 20 120 M M 1 138 27 110
20 93 74 84 2 0 19 0.20 0.0 0 7.2 23 150 M M 2 1 29 140
21 95 70 83 1 0 18 0.00 0.0 0 5.6 20 70 M M 1 1 25 70
22 95 69 82 1 0 17 0.00 0.0 0 7.5 18 80 M M 1 1 27 60
23 95 72 84 3 0 19 0.00 0.0 0 7.5 17 70 M M 2 1 25 70
24 89 73 81 0 0 16 0.50 0.0 0 5.6 20 100 M M 4 13 26 70
25 93 72 83 2 0 18 0.00 0.0 0 5.7 18 110 M M 1 24 110
26 91 73 82 1 0 17 T 0.0 0 8.3 22 30 M M 1 3 27 40
27 93 69 81 0 0 16 0.34 0.0 0 8.6 31 30 M M 1 3 41 10
28 90 63 77 -3 0 12 0.00 0.0 0 9.0 22 40 M M 2 28 40
29 90 62 76 -4 0 11 0.00 0.0 0 7.8 17 40 M M 0 26 30
30 91 61 76 -4 0 11 0.00 0.0 0 4.8 13 80 M M 0 1 19 120
================================================================================
SM 2769 2141 0 510 2.53 0.0 200.9 M 49
================================================================================
AV 92.3 71.4 6.7 FASTST M M 2 MAX(MPH)
MISC ----> 31 30 41 10
================================================================================
NOTES:
# LAST OF SEVERAL OCCURRENCES
COLUMN 17 PEAK WIND IN M.P.H.
PRELIMINARY LOCAL CLIMATOLOGICAL DATA (WS FORM: F-6) , PAGE 2
STATION: HARLINGEN
MONTH: SEPTEMBER
YEAR: 2022
LATITUDE: 26 13 N
LONGITUDE: 97 40 W
[TEMPERATURE DATA] [PRECIPITATION DATA] SYMBOLS USED IN COLUMN 16
AVERAGE MONTHLY: 81.8 TOTAL FOR MONTH: 2.53 1 = FOG OR MIST
DPTR FM NORMAL: -0.5 DPTR FM NORMAL: -2.78 2 = FOG REDUCING VISIBILITY
HIGHEST: 96 ON 19 GRTST 24HR 0.51 ON 4- 4 TO 1/4 MILE OR LESS
LOWEST: 61 ON 30 3 = THUNDER
SNOW, ICE PELLETS, HAIL 4 = ICE PELLETS
TOTAL MONTH: 0.0 INCH 5 = HAIL
GRTST 24HR 0.0 6 = FREEZING RAIN OR DRIZZLE
GRTST DEPTH: 0 7 = DUSTSTORM OR SANDSTORM:
VSBY 1/2 MILE OR LESS
8 = SMOKE OR HAZE
[NO. OF DAYS WITH] [WEATHER - DAYS WITH] 9 = BLOWING SNOW
X = TORNADO
MAX 32 OR BELOW: 0 0.01 INCH OR MORE: 10
MAX 90 OR ABOVE: 26 0.10 INCH OR MORE: 8
MIN 32 OR BELOW: 0 0.50 INCH OR MORE: 2
MIN 0 OR BELOW: 0 1.00 INCH OR MORE: 0
[HDD (BASE 65) ]
TOTAL THIS MO. 0 CLEAR (SCALE 0-3) 29
DPTR FM NORMAL 0 PTCLDY (SCALE 4-7) 1
TOTAL FM JUL 1 0 CLOUDY (SCALE 8-10) 0
DPTR FM NORMAL 0
[CDD (BASE 65) ]
TOTAL THIS MO. 510
DPTR FM NORMAL -10 [PRESSURE DATA]
TOTAL FM JAN 1 3686 HIGHEST SLP M ON M
DPTR FM NORMAL 76 LOWEST SLP 29.69 ON 9
[REMARKS]
#FINAL-09-22#