000
CXUS54 KLZK 250940
CF6HRO
PRELIMINARY LOCAL CLIMATOLOGICAL DATA (WS FORM: F-6)
STATION: HARRISON
MONTH: JANUARY
YEAR: 2023
LATITUDE: 36 15 N
LONGITUDE: 93 9 W
TEMPERATURE IN F: :PCPN: SNOW: WIND :SUNSHINE: SKY :PK WND
================================================================================
1 2 3 4 5 6A 6B 7 8 9 10 11 12 13 14 15 16 17 18
12Z AVG MX 2MIN
DY MAX MIN AVG DEP HDD CDD WTR SNW DPTH SPD SPD DIR MIN PSBL S-S WX SPD DR
================================================================================
1 73 42 58 21 7 0 0.00 0.0 0 8.6 17 170 M M 2 12 22 140
2 75 50 63 26 2 0 0.37 0.0 0 8.1 20 150 M M 6 123 26 120
3 65 42 54 17 11 0 0.13 0.0 0 6.2 18 240 M M 1 1 27 230
4 49 33 41 4 24 0 0.00 0.0 0 8.1 16 280 M M 1 24 320
5 49 33 41 4 24 0 0.00 0.0 0 8.0 18 300 M M 0 27 280
6 55 28 42 5 23 0 0.00 0.0 0 6.9 18 150 M M 2 23 150
7 60 39 50 13 15 0 0.00 0.0 0 4.5 10 10 M M 6 14 290
8 47 31 39 2 26 0 0.00 0.0 0 5.3 12 300 M M 4 1 16 320
9 58 26 42 5 23 0 0.00 0.0 0 7.2 20 150 M M 0 23 150
10 64 43 54 17 11 0 0.00 0.0 0 7.7 16 140 M M 0 23 260
11 73 40 57 20 8 0 0.22 0.0 0 7.4 25 280 M M 1 138 37 300
12 50 28 39 2 26 0 0.12 T 0 11.7 23 310 M M 8 1 33 310
13 32 19 26 -11 39 0 0.00 0.0 0 6.8 17 330 M M 8 24 230
14 50 18 34 -3 31 0 0.00 0.0 0 8.4 17 140 M M 0 21 150
15 56 31 44 7 21 0 0.00 0.0 0 15.7 24 170 M M 4 30 160
16 69 52 61 24 4 0 T 0.0 0 11.5 23 220 M M 4 35 210
17 65 39 52 15 13 0 0.00 0.0 0 4.8 10 110 M M 0 13 100
18 54 47 51 14 14 0 0.41 0.0 0 5.2 21 280 M M 6 13 31 260
19 51 33 42 5 23 0 0.00 0.0 0 10.7 24 270 M M 1 37 270
20 50 28 39 2 26 0 0.00 0.0 0 5.1 13 330 M M 0 17 320
21 48 27 38 1 27 0 0.06 0.0 0 6.1 17 120 M M 7 21 100
22 41 33 37 0 28 0 T 0.0 0 6.1 13 320 M M 10 1 17 320
23 48 28 38 1 27 0 0.00 0.0 0 4.5 12 300 M M 3 17 310
24 38 23 31 -6 34 0 1.00 9.0 0 5.3 12 40 M M 6 14 16 40
25 34 30 32 -5 33 0 0.08 1.0 10 9.5 17 300 M M 10 1 25 290
26 36 23 30 -7 35 0 0.00 0.0 6 7.9 16 290 M M 7 23 290
27 52 32 42 4 23 0 0.00 0.0 3 9.8 25 240 M M 0 37 240
28 53 36 45 7 20 0 0.00 0.0 1 10.0 22 170 M M 5 26 160
29 45 26 36 -2 29 0 0.00 0.0 1 6.0 12 330 M M 10 1 18 330
30 26 19 23 -15 42 0 0.20 0.5 1 7.4 12 330 M M 10 146 16 330
31 21 18 20 -18 45 0 0.15 0.5 1 5.3 10 30 M M 10 1 15 10
================================================================================
SM 1587 997 714 0 2.74 11.0 235.8 M 132
================================================================================
AV 51.2 32.2 7.6 FASTST M M 4 MAX(MPH)
MISC ----> # 25 280 # 37 300
================================================================================
NOTES:
# LAST OF SEVERAL OCCURRENCES
COLUMN 17 PEAK WIND IN M.P.H.
PRELIMINARY LOCAL CLIMATOLOGICAL DATA (WS FORM: F-6) , PAGE 2
STATION: HARRISON
MONTH: JANUARY
YEAR: 2023
LATITUDE: 36 15 N
LONGITUDE: 93 9 W
[TEMPERATURE DATA] [PRECIPITATION DATA] SYMBOLS USED IN COLUMN 16
AVERAGE MONTHLY: 41.7 TOTAL FOR MONTH: 2.74 1 = FOG OR MIST
DPTR FM NORMAL: 4.7 DPTR FM NORMAL: 0.07 2 = FOG REDUCING VISIBILITY
HIGHEST: 75 ON 2 GRTST 24HR 4.63 ON 2- 3 TO 1/4 MILE OR LESS
LOWEST: 18 ON 14,31 3 = THUNDER
SNOW, ICE PELLETS, HAIL 4 = ICE PELLETS
TOTAL MONTH: 11.0 INCHES 5 = HAIL
GRTST 24HR 9.0 ON 24-24 6 = FREEZING RAIN OR DRIZZLE
GRTST DEPTH: 10 ON 25 7 = DUSTSTORM OR SANDSTORM:
VSBY 1/2 MILE OR LESS
8 = SMOKE OR HAZE
[NO. OF DAYS WITH] [WEATHER - DAYS WITH] 9 = BLOWING SNOW
X = TORNADO
MAX 32 OR BELOW: 3 0.01 INCH OR MORE: 10
MAX 90 OR ABOVE: 0 0.10 INCH OR MORE: 8
MIN 32 OR BELOW: 17 0.50 INCH OR MORE: 1
MIN 0 OR BELOW: 0 1.00 INCH OR MORE: 1
[HDD (BASE 65) ]
TOTAL THIS MO. 714 CLEAR (SCALE 0-3) 14
DPTR FM NORMAL -153 PTCLDY (SCALE 4-7) 12
TOTAL FM JUL 1 2235 CLOUDY (SCALE 8-10) 5
DPTR FM NORMAL -161
[CDD (BASE 65) ]
TOTAL THIS MO. 0
DPTR FM NORMAL 0 [PRESSURE DATA]
TOTAL FM JAN 1 0 HIGHEST SLP 30.45 ON 31
DPTR FM NORMAL 0 LOWEST SLP 29.56 ON 18
[REMARKS]
#FINAL-01-23#