000
CXUS54 KLZK 180107 AAA
CLSHRO
CLIMATE REPORT...UPDATED TO CORRECT PRECIP DATA
NATIONAL WEATHER SERVICE LITTLE ROCK AR
805 PM CDT SAT SEP 17 2022
...................................
...THE HARRISON CLIMATE SUMMARY FOR THE SEASON, FROM
6/1/2022 TO 8/31/2022...
CLIMATE NORMAL PERIOD 1991 TO 2020
CLIMATE RECORD PERIOD 1891 TO 2022
WEATHER OBSERVED NORMAL DEPART LAST YEAR`S
VALUE DATE(S) VALUE FROM VALUE DATE(S)
NORMAL
................................................................
TEMPERATURE (F)
RECORD
HIGH 112 08/03/2011
07/18/1936
08/09/1934
LOW 40 06/24/1949
06/12/1903
HIGHEST 102 07/26 87 15 96 07/31
07/20
07/24
08/12
LOWEST 51 06/04 67 -16 51 06/22
AVG. MAXIMUM 90.3 87.6 2.7 86.9
AVG. MINIMUM 67.2 66.1 1.1 66.5
MEAN 78.7 76.8 1.9 76.7
DAYS MAX >= 90 51 35.7 15.3 31
DAYS MAX <= 32 0 0.0 0.0 0
DAYS MIN <= 32 0 0.0 0.0 0
DAYS MIN <= 0 0 0.0 0.0 0
PRECIPITATION (INCHES)
RECORD
MAXIMUM 25.55 1915
MINIMUM 2.99 2006
TOTALS 7.65 10.94 -3.29 8.92
DAILY AVG. 0.08 0.12 -0.04 0.10
DAYS >= .01 16 26.6 -9.6 19
DAYS >= .10 15 13
DAYS >= .50 6 5
DAYS >= 1.00 1 3.1 -2.1 4
GREATEST
24 HR. TOTAL 1.36
STORM TOTAL 1.01
(MM/DD(HH))
SNOWFALL (INCHES)
RECORDS
TOTAL MM MM
24 HR TOTAL MM
SNOW DEPTH MM MM
TOTALS 0.0 0.0 0.0 0.0
LIQUID EQUIV 0.00 0.00 0.00 0.00
SINCE 7/1 0.0
LIQUID 7/1 0.00 0.00 0.00 MM
SNOWDEPTH AVG. 0 0
DAYS >= TRACE 0 MM MM 0
DAYS >= 1.0 0 MM MM 0
GREATEST
SNOW DEPTH 0 0 MM
24 HR TOTAL 0.0 MM 0.0
STORM TOTAL 0.0 0.0
(MM/DD(HH)) MM
DEGREE DAYS
HEATING TOTAL 0 5 -5 7
SINCE 7/1 0 0 0 MM
COOLING TOTAL 1290 1096 194 1107
SINCE 1/1 1479 1247 232 MM
FREEZE DATES
RECORD
EARLIEST 09/13/1902
LATEST 05/17/1912
EARLIEST MM
LATEST 04/14
................................................................
WIND (MPH)
AVERAGE WIND SPEED 5.1
HIGHEST WIND SPEED/DIRECTION 30/280 DATE 07/17
HIGHEST GUST SPEED/DIRECTION 42/270 DATE 07/17
SKY COVER
POSSIBLE SUNSHINE (PERCENT) MM
AVERAGE SKY COVER 0.18
NUMBER OF DAYS FAIR 77
NUMBER OF DAYS PC 13
NUMBER OF DAYS CLOUDY 2
WEATHER CONDITIONS. NUMBER OF DAYS WITH
THUNDERSTORM 22 MIXED PRECIP 0
HEAVY RAIN 8 RAIN 12
LIGHT RAIN 18 FREEZING RAIN 0
LT FREEZING RAIN 0 HAIL 0
HEAVY SNOW 0 SLEET 0
FOG 29 FOG W/VIS <= 1/4 MILE 8
HAZE 6
- INDICATES NEGATIVE NUMBERS.
R INDICATES RECORD WAS SET OR TIED.
MM INDICATES DATA IS MISSING.
T INDICATES TRACE AMOUNT.
&&
...ADDITIONAL DATA FOR HARRISON FOR SUMMER 2022...
.SEASONAL TEMPERATURES...
THE AVERAGE HIGH TEMPERATURE WAS THE WARMEST SINCE 2012. THE AVERAGE
LOW TEMPERATURE WAS THE WARMEST SINCE 2016. THE AVERAGE MONTHLY
TEMPERATURE WAS THE WARMEST SINCE 2012.
THERE WERE NINE DAYS WITH HIGH TEMPERATURES AT OR ABOVE 100, WHICH
IS THE MOST SINCE 2012. THERE WERE 51 DAYS WITH HIGH TEMPERATURES
AT OR ABOVE 90, WHICH WAS THE MOST SINCE 2012.
THE HOTTEST TEMPERATURE OF 102 WAS THE HOTTEST SUMMER TEMPERATURE
SINCE 2012.
.SEASONAL RAINFALL...
THIS WAS THE DRIEST SUMMER SINCE 2012. THERE WERE 16 DAYS WITH
MEASURABLE RAINFALL, WHICH WAS THE LEAST SINCE 1980.
$$
62 (IN MEMORY OF 57)