000
CXUS52 KMHX 122018
CF6HSE
PRELIMINARY LOCAL CLIMATOLOGICAL DATA (WS FORM: F-6)
STATION: CAPE HATTERAS NC
MONTH: SEPTEMBER
YEAR: 2021
LATITUDE: 35 13 N
LONGITUDE: 75 37 W
TEMPERATURE IN F: :PCPN: SNOW: WIND :SUNSHINE: SKY :PK WND
================================================================================
1 2 3 4 5 6A 6B 7 8 9 10 11 12 13 14 15 16 17 18
12Z AVG MX 2MIN
DY MAX MIN AVG DEP HDD CDD WTR SNW DPTH SPD SPD DIR MIN PSBL S-S WX SPD DR
================================================================================
1 88 78 83 3 0 18 0.01 0.0 0 13.6 24 240 M M 2 18 36 240
2 81 70 76 -3 0 11 0.36 0.0 0 9.3 16 240 M M 7 18 25 220
3 82 69 76 -3 0 11 0.00 0.0 0 7.4 13 40 M M 0 22 20
4 81 65 73 -6 0 8 0.00 0.0 0 5.6 10 30 M M 0 17 10
5 83 64 74 -5 0 9 0.00 0.0 0 5.8 13 230 M M 0 19 220
6 87 74 81 2 0 16 0.00 0.0 0 5.8 12 230 M M 2 18 270
7 87 75 81 2 0 16 0.00 0.0 0 6.8 14 150 M M 7 19 150
8 87 73 80 1 0 15 0.01 0.0 0 6.2 13 210 M M 1 138 19 230
9 84 73 79 1 0 14 0.33 0.0 0 8.9 18 230 M M 5 1 26 240
10 80 72 76 -2 0 11 0.00 0.0 0 6.9 12 20 M M 2 21 30
11 81 63 72 -6 0 7 0.00 0.0 0 3.5 8 40 M M 1 12 20
12 83 62 73 -5 0 8 0.00 0.0 0 5.9 13 250 M M 0 17 220
13 84 74 79 1 0 14 0.00 0.0 0 8.1 14 210 M M 0 20 210
14 86 74 80 2 0 15 0.00 0.0 0 5.2 12 170 M M 0 15 180
15 89 76 83 6 0 18 0.17 0.0 0 7.4 13 170 M M 3 18 17 190
16 82 73 78 1 0 13 1.44 0.0 0 7.0 20 100 M M 5 12 26 100
17 84 77 81 4 0 16 0.02 0.0 0 7.9 14 20 M M 7 1 23 340
18 82 69 76 -1 0 11 0.01 0.0 0 5.8 12 40 M M 3 19 10
19 86 68 77 1 0 12 0.00 0.0 0 3.9 8 30 M M 0 12 40
20 84 73 79 3 0 14 0.00 0.0 0 7.3 16 120 M M 2 21 120
21 87 78 83 7 0 18 0.04 0.0 0 12.1 17 120 M M 2 8 24 140
22 89 79 84 8 0 19 0.01 0.0 0 17.3 23 160 M M 3 31 170
23 83 71 77 2 0 12 0.65 0.0 0 12.4 26 160 M M 6 13 34 160
24 73 70 72 -3 0 7 0.33 0.0 0 8.9 15 30 M M 10 1 29 20
25 79 67 73 -2 0 8 0.00 0.0 0 5.7 10 310 M M 3 16 20
26 78 58 68 -7 0 3 0.00 0.0 0 5.3 12 320 M M 0 19 320
27 80 55 68 -6 0 3 0.00 0.0 0 4.0 9 230 M M 0 14 230
28 83 71 77 3 0 12 0.00 0.0 0 8.9 16 230 M M 0 23 240
29 81 66 74 0 0 9 0.00 0.0 0 7.3 15 30 M M 1 21 30
30 77 60 69 -4 0 4 T 0.0 0 4.7 9 40 M M 2 14 40
================================================================================
SM 2491 2097 0 352 3.38 0.0 224.9 M 74
================================================================================
AV 83.0 69.9 7.5 FASTST M M 2 MAX(MPH)
MISC ----> 26 160 36 240
================================================================================
NOTES:
# LAST OF SEVERAL OCCURRENCES
COLUMN 17 PEAK WIND IN M.P.H.
PRELIMINARY LOCAL CLIMATOLOGICAL DATA (WS FORM: F-6) , PAGE 2
STATION: CAPE HATTERAS NC
MONTH: SEPTEMBER
YEAR: 2021
LATITUDE: 35 13 N
LONGITUDE: 75 37 W
[TEMPERATURE DATA] [PRECIPITATION DATA] SYMBOLS USED IN COLUMN 16
AVERAGE MONTHLY: 76.5 TOTAL FOR MONTH: 3.38 1 = FOG OR MIST
DPTR FM NORMAL: -0.4 DPTR FM NORMAL: -4.25 2 = FOG REDUCING VISIBILITY
HIGHEST: 89 ON 22,15 GRTST 24HR 1.44 ON 16-16 TO 1/4 MILE OR LESS
LOWEST: 55 ON 27 3 = THUNDER
SNOW, ICE PELLETS, HAIL 4 = ICE PELLETS
TOTAL MONTH: 0.0 INCH 5 = HAIL
GRTST 24HR 0.0 6 = FREEZING RAIN OR DRIZZLE
GRTST DEPTH: 0 7 = DUSTSTORM OR SANDSTORM:
VSBY 1/2 MILE OR LESS
8 = SMOKE OR HAZE
[NO. OF DAYS WITH] [WEATHER - DAYS WITH] 9 = BLOWING SNOW
X = TORNADO
MAX 32 OR BELOW: 0 0.01 INCH OR MORE: 12
MAX 90 OR ABOVE: 0 0.10 INCH OR MORE: 6
MIN 32 OR BELOW: 0 0.50 INCH OR MORE: 2
MIN 0 OR BELOW: 0 1.00 INCH OR MORE: 1
[HDD (BASE 65) ]
TOTAL THIS MO. 0 CLEAR (SCALE 0-3) 23
DPTR FM NORMAL -1 PTCLDY (SCALE 4-7) 6
TOTAL FM JUL 1 0 CLOUDY (SCALE 8-10) 1
DPTR FM NORMAL 0
[CDD (BASE 65) ]
TOTAL THIS MO. 352
DPTR FM NORMAL -6 [PRESSURE DATA]
TOTAL FM JAN 1 1977 HIGHEST SLP 30.30 ON 12
DPTR FM NORMAL 26 LOWEST SLP 29.68 ON 2
[REMARKS]
#FINAL-09-21#